{"id":84,"date":"2013-04-02T11:32:13","date_gmt":"2013-04-02T11:32:13","guid":{"rendered":"http:\/\/localhost\/pruebaweb\/?p=84"},"modified":"2026-04-16T12:30:03","modified_gmt":"2026-04-16T11:30:03","slug":"consultas-urbanisticas","status":"publish","type":"page","link":"https:\/\/www.mijas.es\/portal\/urbanismo\/consultas-urbanisticas\/","title":{"rendered":"Consultas Urban&iacute;sticas"},"content":{"rendered":"<div class=\"itemFullText\">\n<p style=\"text-align: left;\">Regulado en el art. 6.3 de la LOUA, los particulares tienen derecho a consultar a la Administraci\u00f3n sobre los criterios y previsiones de la ordenaci\u00f3n urban\u00edstica, vigente y en tramitaci\u00f3n y de las obras a realizar.<\/p>\n<p style=\"text-align: left;\"><a href=\"https:\/\/mijas.sedelectronica.es\/catalog\/t\/1457249e-b0d3-4869-9cfe-c13f107f9636\" target=\"_blank\" rel=\"noopener\">Ver en Sede Electr\u00f3nica La Consulta Urban\u00edstica<\/a><\/p>\n<\/div>\n","protected":false},"excerpt":{"rendered":"<p>Regulado en el art. 6.3 de la LOUA, los particulares tienen derecho a consultar a la Administraci\u00f3n sobre los criterios y previsiones de la ordenaci\u00f3n urban\u00edstica, vigente y en tramitaci\u00f3n y de las obras a realizar. Ver en Sede Electr\u00f3nica La Consulta Urban\u00edstica<\/p>\n","protected":false},"author":1,"featured_media":0,"parent":12090,"menu_order":0,"comment_status":"closed","ping_status":"open","template":"page-departamental.php","meta":[],"_links":{"self":[{"href":"https:\/\/www.mijas.es\/portal\/wp-json\/wp\/v2\/pages\/84"}],"collection":[{"href":"https:\/\/www.mijas.es\/portal\/wp-json\/wp\/v2\/pages"}],"about":[{"href":"https:\/\/www.mijas.es\/portal\/wp-json\/wp\/v2\/types\/page"}],"author":[{"embeddable":true,"href":"https:\/\/www.mijas.es\/portal\/wp-json\/wp\/v2\/users\/1"}],"replies":[{"embeddable":true,"href":"https:\/\/www.mijas.es\/portal\/wp-json\/wp\/v2\/comments?post=84"}],"version-history":[{"count":12,"href":"https:\/\/www.mijas.es\/portal\/wp-json\/wp\/v2\/pages\/84\/revisions"}],"predecessor-version":[{"id":64226,"href":"https:\/\/www.mijas.es\/portal\/wp-json\/wp\/v2\/pages\/84\/revisions\/64226"}],"up":[{"embeddable":true,"href":"https:\/\/www.mijas.es\/portal\/wp-json\/wp\/v2\/pages\/12090"}],"wp:attachment":[{"href":"https:\/\/www.mijas.es\/portal\/wp-json\/wp\/v2\/media?parent=84"}],"curies":[{"name":"wp","href":"https:\/\/api.w.org\/{rel}","templated":true}]}}