{"id":740,"date":"2013-07-01T23:44:28","date_gmt":"2013-07-01T23:44:28","guid":{"rendered":"http:\/\/localhost\/pruebaweb\/?p=740"},"modified":"2019-05-21T11:53:18","modified_gmt":"2019-05-21T11:53:18","slug":"plan-local-de-incendios-forestales","status":"publish","type":"page","link":"https:\/\/www.mijas.es\/portal\/medio-ambiente\/plan-local-de-incendios-forestales\/","title":{"rendered":"Plan Local de Incendios Forestales"},"content":{"rendered":"<ul>\n<li><strong>Documento I: <\/strong>Evaluaci\u00f3n<br \/>\n<img decoding=\"async\" src=\"https:\/\/www.mijas.es\/files\/imagen\/medio-ambiente\/abtn_pdf.gif\" alt=\"\"><a href=\"https:\/\/www.mijas.es\/files\/adjuntos\/medioambiente\/PlanIncendiosForestales\/a3543_mijasevaluacion.pdf\" target=\"_blank\" rel=\"noopener\">Descargar<\/a><\/li>\n<li><strong>Documento II:<\/strong> Plan Local de Mantenimiento Forestal<br \/>\n<img decoding=\"async\" src=\"https:\/\/www.mijas.es\/files\/imagen\/medio-ambiente\/abtn_pdf.gif\" alt=\"\">&nbsp;<a href=\"https:\/\/www.mijas.es\/files\/adjuntos\/medioambiente\/PlanIncendiosForestales\/a3153_mijasmantenimiento.pdf\" target=\"_blank\" rel=\"noopener\">Descargar<\/a><\/li>\n<li><strong>Documento III: <\/strong>Plan de Informaci\u00f3n, Formaci\u00f3n y Sensibilaci\u00f3n.<br \/>\n<img decoding=\"async\" src=\"https:\/\/www.mijas.es\/files\/imagen\/medio-ambiente\/abtn_pdf.gif\" alt=\"\">&nbsp;<a href=\"https:\/\/www.mijas.es\/files\/adjuntos\/medioambiente\/PlanIncendiosForestales\/a1017_mijasforrmacion.pdf\" target=\"_blank\" rel=\"noopener\">Descargar<\/a><\/li>\n<\/ul>\n<p><strong>Cartograf\u00eda:<\/strong><\/p>\n<ul>\n<li style=\"list-style-type: none;\">\n<ul>\n<li style=\"text-align: justify;\">Plano 1. Usos del Suelo.&nbsp;<img decoding=\"async\" src=\"https:\/\/www.mijas.es\/files\/imagen\/medio-ambiente\/abtn_pdf.gif\" alt=\"\">&nbsp;<a href=\"https:\/\/www.mijas.es\/files\/adjuntos\/medioambiente\/PlanIncendiosForestales\/a2944_uso_mijas_1.pdf\" target=\"_blank\" rel=\"noopener\">Descargar<\/a><\/li>\n<\/ul>\n<\/li>\n<\/ul>\n<ul>\n<li style=\"list-style-type: none;\">\n<ul>\n<li style=\"text-align: justify;\">Plano 2. Modelos de Combustible.&nbsp;<img decoding=\"async\" src=\"https:\/\/www.mijas.es\/files\/imagen\/medio-ambiente\/abtn_pdf.gif\" alt=\"\">&nbsp;<a href=\"https:\/\/www.mijas.es\/files\/adjuntos\/medioambiente\/PlanIncendiosForestales\/a7107_combutible_mijas_1.pdf\" target=\"_blank\" rel=\"noopener\">Descargar<\/a><\/li>\n<\/ul>\n<\/li>\n<\/ul>\n<ul>\n<li style=\"list-style-type: none;\">\n<ul>\n<li style=\"text-align: justify;\">Plano 3. Riesgo de Combustibilidad.&nbsp;<img decoding=\"async\" src=\"https:\/\/www.mijas.es\/files\/imagen\/medio-ambiente\/abtn_pdf.gif\" alt=\"\">&nbsp;<a href=\"https:\/\/www.mijas.es\/files\/adjuntos\/medioambiente\/PlanIncendiosForestales\/a7186_cmbtibilidad_mijas_1.pdf\" target=\"_blank\" rel=\"noopener\">Descargar<\/a><\/li>\n<\/ul>\n<\/li>\n<\/ul>\n<ul>\n<li style=\"list-style-type: none;\">\n<ul>\n<li style=\"text-align: justify;\">Plano 4. Riesgo por Pendiente.&nbsp;<img decoding=\"async\" src=\"https:\/\/www.mijas.es\/files\/imagen\/medio-ambiente\/abtn_pdf.gif\" alt=\"\">&nbsp;<a href=\"https:\/\/www.mijas.es\/files\/adjuntos\/medioambiente\/PlanIncendiosForestales\/a5709_pend_mijas_1.pdf\" target=\"_blank\" rel=\"noopener\">Descargar<\/a><\/li>\n<\/ul>\n<\/li>\n<\/ul>\n<ul>\n<li style=\"text-align: justify;\">Plano 5. Plano General.&nbsp;<img decoding=\"async\" src=\"https:\/\/www.mijas.es\/files\/imagen\/medio-ambiente\/abtn_pdf.gif\" alt=\"\">&nbsp;<a href=\"https:\/\/www.mijas.es\/files\/adjuntos\/medioambiente\/PlanIncendiosForestales\/gral_mijas_22000.pdf\" target=\"_blank\" rel=\"noopener\">Descargar<\/a><\/li>\n<\/ul>\n<p><strong>Plano&nbsp;del \u00e1rea afectada por el incendio de agosto de 2012<\/strong><br \/>\n<img decoding=\"async\" src=\"https:\/\/www.mijas.es\/files\/imagen\/medio-ambiente\/abtn_pdf.gif\" alt=\"\">&nbsp;<a href=\"https:\/\/www.mijas.es\/files\/adjuntos\/medioambiente\/PlanIncendiosForestales\/a2723_incendio.pdf\" target=\"_blank\" rel=\"noopener\">Descargar<\/a><\/p>\n","protected":false},"excerpt":{"rendered":"<p>Documento I: Evaluaci\u00f3n Descargar Documento II: Plan Local de Mantenimiento Forestal &nbsp;Descargar Documento III: Plan de Informaci\u00f3n, Formaci\u00f3n y Sensibilaci\u00f3n. &nbsp;Descargar Cartograf\u00eda: Plano 1. Usos del Suelo.&nbsp;&nbsp;Descargar Plano 2. Modelos de Combustible.&nbsp;&nbsp;Descargar Plano 3. Riesgo de Combustibilidad.&nbsp;&nbsp;Descargar Plano 4. Riesgo por Pendiente.&nbsp;&nbsp;Descargar Plano 5. Plano General.&nbsp;&nbsp;Descargar Plano&nbsp;del \u00e1rea afectada por el incendio de agosto de [&hellip;]<\/p>\n","protected":false},"author":1,"featured_media":0,"parent":12115,"menu_order":0,"comment_status":"closed","ping_status":"open","template":"page-departamental.php","meta":[],"_links":{"self":[{"href":"https:\/\/www.mijas.es\/portal\/wp-json\/wp\/v2\/pages\/740"}],"collection":[{"href":"https:\/\/www.mijas.es\/portal\/wp-json\/wp\/v2\/pages"}],"about":[{"href":"https:\/\/www.mijas.es\/portal\/wp-json\/wp\/v2\/types\/page"}],"author":[{"embeddable":true,"href":"https:\/\/www.mijas.es\/portal\/wp-json\/wp\/v2\/users\/1"}],"replies":[{"embeddable":true,"href":"https:\/\/www.mijas.es\/portal\/wp-json\/wp\/v2\/comments?post=740"}],"version-history":[{"count":12,"href":"https:\/\/www.mijas.es\/portal\/wp-json\/wp\/v2\/pages\/740\/revisions"}],"predecessor-version":[{"id":23022,"href":"https:\/\/www.mijas.es\/portal\/wp-json\/wp\/v2\/pages\/740\/revisions\/23022"}],"up":[{"embeddable":true,"href":"https:\/\/www.mijas.es\/portal\/wp-json\/wp\/v2\/pages\/12115"}],"wp:attachment":[{"href":"https:\/\/www.mijas.es\/portal\/wp-json\/wp\/v2\/media?parent=740"}],"curies":[{"name":"wp","href":"https:\/\/api.w.org\/{rel}","templated":true}]}}