{"id":601,"date":"2013-06-03T11:02:56","date_gmt":"2013-06-03T11:02:56","guid":{"rendered":"http:\/\/localhost\/pruebaweb\/?p=601"},"modified":"2023-04-28T10:14:24","modified_gmt":"2023-04-28T09:14:24","slug":"archivo-historico-2","status":"publish","type":"page","link":"https:\/\/www.mijas.es\/portal\/cultura\/archivo-historico-2\/","title":{"rendered":"Archivo Hist&oacute;rico"},"content":{"rendered":"\n<figure class=\"wp-block-image\"><img decoding=\"async\" src=\"https:\/\/www.mijas.es\/portal\/images\/imagenes_contenidos\/cultura\/a1424_logo5.jpg\" alt=\"\"\/><\/figure>\n\n\n\n<p>La funci\u00f3n del Archivo Hist\u00f3rico Municipal, como servicio p\u00fablico, es reunir, conservar, ordenar, describir y servir los documentos, haci\u00e9ndolos \u00fatiles para su uso, tanto para la administraci\u00f3n como para los ciudadanos en general y los investigadores en particular. Los archivos constituyen la memoria de la sociedad. Son aut\u00e9nticos almacenes de derechos y de informaci\u00f3n, tanto para la propia administraci\u00f3n que los crea como para los ciudadanos, por ello esos documentos son \u00fanicos e irrepetibles.<\/p>\n\n\n\n<p>En el Archivo Hist\u00f3rico Municipal de Mijas se conserva la documentaci\u00f3n producida y recibida por el Ayuntamiento de Mijas en el ejercicio de sus funciones a lo largo de casi 500 a\u00f1os de su historia, desde 1507, fecha del documento conservado m\u00e1s antiguo.<\/p>\n\n\n\n<p>Asimismo, en el Archivo Hist\u00f3rico se custodian otros documentos de titularidad privada, propiedad de vecinos que han decidido depositarlos en nuestro Archivo con el objeto de que los mismos se conserven en condiciones m\u00e1s apropiadas que un domicilio particular (control de temperatura y humedad, control de insectos comedores de papel, sistemas de seguridad, etc.) y para ponerlos a disposici\u00f3n de los investigadores para su estudio.<\/p>\n\n\n\n<p>Tambi\u00e9n se recogen algunos tipos de documentos que, aunque no son propiamente documentaci\u00f3n archiv\u00edstica, son de gran importancia para la memoria hist\u00f3rica del municipio, como antiguos programas de feria, carteles de festejos taurinos, listas de precios de distintos productos, revistas editadas en Mijas, peri\u00f3dicos, etc.<\/p>\n\n\n\n<p>En definitiva, una gran variedad y riqueza de documentos que forman nuestro patrimonio documental, en los cuales se guarda y se conserva la memoria hist\u00f3rica de Mijas y de sus habitantes<\/p>\n\n\n\n<h4 class=\"wp-block-heading\">Horario de apertura:<\/h4>\n\n\n\n<p>Lunes a viernes de 9:00 a 14:00<\/p>\n\n\n\n<h4 class=\"wp-block-heading\">Ubicaci\u00f3n:<\/h4>\n\n\n<p>Avenida de M\u00e9jico, 7<br>Mijas<\/p>\n\n\n<h4 class=\"wp-block-heading\">Tel\u00e9fono y e-mail:<\/h4>\n\n\n<p>952485900 (Ext. 3501 \/ 3502)<br><a href=\"mailto:archivo@mijas.es\">archivo@mijas.es<\/a><\/p>","protected":false},"excerpt":{"rendered":"<p>La funci\u00f3n del Archivo Hist\u00f3rico Municipal, como servicio p\u00fablico, es reunir, conservar, ordenar, describir y servir los documentos, haci\u00e9ndolos \u00fatiles para su uso, tanto para la administraci\u00f3n como para los ciudadanos en general y los investigadores en particular. Los archivos constituyen la memoria de la sociedad. Son aut\u00e9nticos almacenes de derechos y de informaci\u00f3n, tanto [&hellip;]<\/p>\n","protected":false},"author":1,"featured_media":13852,"parent":13352,"menu_order":0,"comment_status":"closed","ping_status":"open","template":"page-departamental.php","meta":[],"_links":{"self":[{"href":"https:\/\/www.mijas.es\/portal\/wp-json\/wp\/v2\/pages\/601"}],"collection":[{"href":"https:\/\/www.mijas.es\/portal\/wp-json\/wp\/v2\/pages"}],"about":[{"href":"https:\/\/www.mijas.es\/portal\/wp-json\/wp\/v2\/types\/page"}],"author":[{"embeddable":true,"href":"https:\/\/www.mijas.es\/portal\/wp-json\/wp\/v2\/users\/1"}],"replies":[{"embeddable":true,"href":"https:\/\/www.mijas.es\/portal\/wp-json\/wp\/v2\/comments?post=601"}],"version-history":[{"count":3,"href":"https:\/\/www.mijas.es\/portal\/wp-json\/wp\/v2\/pages\/601\/revisions"}],"predecessor-version":[{"id":50236,"href":"https:\/\/www.mijas.es\/portal\/wp-json\/wp\/v2\/pages\/601\/revisions\/50236"}],"up":[{"embeddable":true,"href":"https:\/\/www.mijas.es\/portal\/wp-json\/wp\/v2\/pages\/13352"}],"wp:featuredmedia":[{"embeddable":true,"href":"https:\/\/www.mijas.es\/portal\/wp-json\/wp\/v2\/media\/13852"}],"wp:attachment":[{"href":"https:\/\/www.mijas.es\/portal\/wp-json\/wp\/v2\/media?parent=601"}],"curies":[{"name":"wp","href":"https:\/\/api.w.org\/{rel}","templated":true}]}}