{"id":56114,"date":"2024-04-24T14:52:51","date_gmt":"2024-04-24T13:52:51","guid":{"rendered":"https:\/\/www.mijas.es\/portal\/?page_id=56114"},"modified":"2024-06-17T14:12:33","modified_gmt":"2024-06-17T13:12:33","slug":"libro-digital-mijas-con-la-literatura-conoce-a-nuestros-escritores","status":"publish","type":"page","link":"https:\/\/www.mijas.es\/portal\/cultura\/libro-digital-mijas-con-la-literatura-conoce-a-nuestros-escritores\/","title":{"rendered":"Libro Digital \u00abMijas con la Literatura. Conoce a nuestros escritores\u00bb"},"content":{"rendered":"\n<h3 class=\"wp-block-heading has-text-align-center\"><strong>\u201cMijas con la literatura. Conoce a nuestros escritores\u201d<\/strong><\/h3>\n\n\n\n<p class=\"has-text-align-center\">Podemos decir sin \u00e1nimo a equivocarnos que tal vez nunca ha sido tan importante saber leer y comprender lo que se lee como en esta \u00e9poca, en la cual la informaci\u00f3n fluye r\u00e1pidamente y exige una comprensi\u00f3n casi inmediata. Saber leer, saber comprender, premisa de la sociedad del siglo XXI.<\/p>\n\n\n\n<p class=\"has-text-align-center\">La lectura es el verdadero camino hacia el conocimiento y la libertad, ya que nos permite viajar por los caminos del tiempo y el espacio. Leer implica razonar, crear, so\u00f1ar y convertirnos en seres cada vez m\u00e1s tolerantes y respetuosos.<\/p>\n\n\n\n<p class=\"has-text-align-center\">Desarrollar el gusto por la lectura, as\u00ed como incentivar a las personas que nos rodean hacia todo lo que lleva consigo el libro y la lectura siempre ha sido un reto para las bibliotecas de Mijas. Hemos querido hacer de la actividad lectora un h\u00e1bito permanente, convertir el acto de leer en un momento placentero, gratificante y compartido.<\/p>\n\n\n\n<p class=\"has-text-align-center\">Si queremos ser los due\u00f1os de la Tecnolog\u00eda y no solo sus esclavos, solo nos queda un camino: Aprender a leer y a comprender aquello que hemos le\u00eddo. Ese, es el principal desaf\u00edo que desde nuestras bibliotecas tenemos actualmente.<\/p>\n\n\n\n<p class=\"has-text-align-center\">Y como dijo Don Quijote:<\/p>\n\n\n\n<h3 class=\"wp-block-heading has-text-align-center\"><strong>\u201cEl que lee mucho y anda mucho, ve mucho y sabe mucho\u201d.<\/strong><\/h3>\n\n\n\n<p class=\"has-text-align-center\">Con el objeto de visualizar y poner en valor el colectivo de escritores y escritoras locales de Mijas, el departamento de Cultura a trav\u00e9s de sus bibliotecas, han pretendido llevar a cabo una iniciativa en el \u00e1mbito del libro, la lectura y la cultura que dinamice la labor de este colectivo, a trav\u00e9s de actividades que puedan enriquecer a los centros educativos tanto en el \u00e1mbito de la educaci\u00f3n formal como no formal, e instituciones y asociaciones que puedan estar interesadas.<\/p>\n\n\n\n<p class=\"has-text-align-center\">Se trata de un <strong><a href=\"https:\/\/www.mijas.es\/wp-content\/uploads\/2024\/06\/LIBRO-ESCRITORES-LOCALES-17-06-24.pdf\" data-type=\"URL\" data-id=\"https:\/\/www.mijas.es\/wp-content\/uploads\/2024\/06\/LIBRO-ESCRITORES-LOCALES-17-06-24.pdf\" target=\"_blank\" rel=\"noreferrer noopener\">Libro Digital: \u201cMijas con la Literatura. Conoce a nuestros escritores\u201d<\/a><\/strong>, que recoge la informaci\u00f3n plasmada en una ficha que previamente se ha solicitado a cada escritor\/a donde se da un repaso a su biograf\u00eda, obras, premios y reconocimientos, trayectoria profesional, enlaces de inter\u00e9s y actividades en las que estar\u00edan interesados en participar.<\/p>\n\n\n\n<p class=\"has-text-align-center\">De este modo ofrecemos un medio para que se pueda conocer a nuestros escritores y escritoras.<\/p>\n\n\n\n<p class=\"has-text-align-center\"><strong><a href=\"https:\/\/www.mijas.es\/wp-content\/uploads\/2024\/06\/LIBRO-ESCRITORES-LOCALES-17-06-24.pdf\" data-type=\"URL\" data-id=\"https:\/\/www.mijas.es\/wp-content\/uploads\/2024\/06\/LIBRO-ESCRITORES-LOCALES-17-06-24.pdf\" target=\"_blank\" rel=\"noreferrer noopener\">VER LIBRO DIGITAL<\/a><\/strong><\/p>\n","protected":false},"excerpt":{"rendered":"<p>\u201cMijas con la literatura. Conoce a nuestros escritores\u201d Podemos decir sin \u00e1nimo a equivocarnos que tal vez nunca ha sido tan importante saber leer y comprender lo que se lee como en esta \u00e9poca, en la cual la informaci\u00f3n fluye r\u00e1pidamente y exige una comprensi\u00f3n casi inmediata. Saber leer, saber comprender, premisa de la sociedad [&hellip;]<\/p>\n","protected":false},"author":19,"featured_media":0,"parent":13352,"menu_order":0,"comment_status":"closed","ping_status":"closed","template":"","meta":[],"_links":{"self":[{"href":"https:\/\/www.mijas.es\/portal\/wp-json\/wp\/v2\/pages\/56114"}],"collection":[{"href":"https:\/\/www.mijas.es\/portal\/wp-json\/wp\/v2\/pages"}],"about":[{"href":"https:\/\/www.mijas.es\/portal\/wp-json\/wp\/v2\/types\/page"}],"author":[{"embeddable":true,"href":"https:\/\/www.mijas.es\/portal\/wp-json\/wp\/v2\/users\/19"}],"replies":[{"embeddable":true,"href":"https:\/\/www.mijas.es\/portal\/wp-json\/wp\/v2\/comments?post=56114"}],"version-history":[{"count":11,"href":"https:\/\/www.mijas.es\/portal\/wp-json\/wp\/v2\/pages\/56114\/revisions"}],"predecessor-version":[{"id":57049,"href":"https:\/\/www.mijas.es\/portal\/wp-json\/wp\/v2\/pages\/56114\/revisions\/57049"}],"up":[{"embeddable":true,"href":"https:\/\/www.mijas.es\/portal\/wp-json\/wp\/v2\/pages\/13352"}],"wp:attachment":[{"href":"https:\/\/www.mijas.es\/portal\/wp-json\/wp\/v2\/media?parent=56114"}],"curies":[{"name":"wp","href":"https:\/\/api.w.org\/{rel}","templated":true}]}}