{"id":55369,"date":"2024-03-22T14:24:24","date_gmt":"2024-03-22T13:24:24","guid":{"rendered":"https:\/\/www.mijas.es\/portal\/?page_id=55369"},"modified":"2025-04-30T08:21:09","modified_gmt":"2025-04-30T07:21:09","slug":"decretos","status":"publish","type":"page","link":"https:\/\/www.mijas.es\/portal\/secretaria\/decretos\/","title":{"rendered":"Decretos"},"content":{"rendered":"\n<ul>\n<li><a href=\"https:\/\/www.mijas.es\/wp-content\/uploads\/2025\/04\/Decreto_de_ampliacion_de_plazos.pdf\" target=\"_blank\" rel=\"noreferrer noopener\">Decreto de Ampliaci\u00f3n de Plazos<\/a><\/li>\n\n\n\n<li><a rel=\"noreferrer noopener\" href=\"http:\/\/www.mijas.es\/wp-content\/uploads\/2025\/01\/03.%20Decreto%20de%20Alcald%C3%ADa.pdf\" target=\"_blank\">Decreto Modificaci\u00f3n de las Delegaciones de Competencias de la Alcald\u00eda (Enero-2025)<\/a><\/li>\n\n\n\n<li><a rel=\"noreferrer noopener\" href=\"https:\/\/www.mijas.es\/wp-content\/uploads\/2024\/10\/03.1.-Anuncio-Dedicaciones-Hipolito-y-Jose-Carlos-2.pdf\" data-type=\"URL\" data-id=\"https:\/\/www.mijas.es\/wp-content\/uploads\/2024\/10\/03.1.-Anuncio-Dedicaciones-Hipolito-y-Jose-Carlos-2.pdf\" target=\"_blank\">Decreto Modificaci\u00f3n<\/a><a rel=\"noreferrer noopener\" href=\"https:\/\/www.mijas.es\/wp-content\/uploads\/2024\/10\/03.1.-Anuncio-Dedicaciones-Hipolito-y-Jose-Carlos-2.pdf\" data-type=\"URL\" data-id=\"https:\/\/www.mijas.es\/wp-content\/uploads\/2024\/10\/03.1.-Anuncio-Dedicaciones-Hipolito-y-Jose-Carlos-2.pdf\" target=\"_blank\"> <\/a><a rel=\"noreferrer noopener\" href=\"https:\/\/www.mijas.es\/wp-content\/uploads\/2024\/10\/03.1.-Anuncio-Dedicaciones-Hipolito-y-Jose-Carlos-2.pdf\" data-type=\"URL\" data-id=\"https:\/\/www.mijas.es\/wp-content\/uploads\/2024\/10\/03.1.-Anuncio-Dedicaciones-Hipolito-y-Jose-Carlos-2.pdf\" target=\"_blank\">Dedicaciones Parciales Jos\u00e9 Carlos Mart\u00edn Torres y Hip\u00f3lito Zapico Baraga\u00f1o<\/a><\/li>\n\n\n\n<li><a href=\"https:\/\/www.mijas.es\/wp-content\/uploads\/2024\/07\/1.-Decreto-dedicaciones-exclusivas-Daniel-Teruel-y-Francisco-Jerez.pdf\" data-type=\"URL\" data-id=\"https:\/\/www.mijas.es\/wp-content\/uploads\/2024\/07\/1.-Decreto-dedicaciones-exclusivas-Daniel-Teruel-y-Francisco-Jerez.pdf\" target=\"_blank\" rel=\"noreferrer noopener\">Decreto Dedicaciones Exclusivas Daniel Teruel y Francisco Jerez<\/a><\/li>\n\n\n\n<li><a href=\"https:\/\/www.mijas.es\/wp-content\/uploads\/2024\/07\/1.-Decreto-D2024005367-_correccion_de_errores_Tenientes_de_Alcaldes.pdf\" data-type=\"URL\" data-id=\"https:\/\/www.mijas.es\/wp-content\/uploads\/2024\/07\/1.-Decreto-D2024005367-_correccion_de_errores_Tenientes_de_Alcaldes.pdf\" target=\"_blank\" rel=\"noreferrer noopener\">Decreto Correcci\u00f3n de Errores Tenientes de Alcaldes<\/a><\/li>\n\n\n\n<li><a rel=\"noreferrer noopener\" href=\"https:\/\/www.mijas.es\/wp-content\/uploads\/2024\/07\/1.-Decreto-D2024005297-composicion-JGL-y-Tenientes-de-Alcaldes.pdf\" data-type=\"URL\" data-id=\"https:\/\/www.mijas.es\/wp-content\/uploads\/2024\/07\/1.-Decreto-D2024005297-composicion-JGL-y-Tenientes-de-Alcaldes.pdf\" target=\"_blank\">Decreto Modificaci\u00f3n Composici\u00f3n JGL y Tenientes de Alcaldes<\/a><\/li>\n\n\n\n<li><a rel=\"noreferrer noopener\" href=\"https:\/\/www.mijas.es\/wp-content\/uploads\/2024\/05\/1_DECRETO_CAMBIO_DE_DELEGACIONES_ALCALDESA_A_FAVOR_DE_FCO_JEREZ.pdf\" data-type=\"URL\" data-id=\"https:\/\/www.mijas.es\/wp-content\/uploads\/2024\/05\/1_DECRETO_CAMBIO_DE_DELEGACIONES_ALCALDESA_A_FAVOR_DE_FCO_JEREZ.pdf\" target=\"_blank\">Decreto De Cambio De Delegaciones A Favor Del Concejal D. Francisco Jerez G\u00f3mez<\/a><\/li>\n\n\n\n<li><a href=\"https:\/\/www.mijas.es\/wp-content\/uploads\/2024\/05\/3__DECRETO_NOMBRA_DE__EXCLUSIVA_FRANCISCO_JEREZ_R.pdf\" data-type=\"URL\" data-id=\"https:\/\/www.mijas.es\/wp-content\/uploads\/2024\/05\/3__DECRETO_NOMBRA_DE__EXCLUSIVA_FRANCISCO_JEREZ_R.pdf\" target=\"_blank\" rel=\"noreferrer noopener\">Decreto Relativo Al Nombramiento Dedicaci\u00f3n Exclusiva Del Concejal D. Francisco Jerez G\u00f3mez<\/a><\/li>\n\n\n\n<li><a rel=\"noreferrer noopener\" href=\"https:\/\/www.mijas.es\/wp-content\/uploads\/2024\/05\/Decreto_delegacion_fe_publica_2_r.pdf\" data-type=\"URL\" data-id=\"https:\/\/www.mijas.es\/wp-content\/uploads\/2024\/05\/Decreto_delegacion_fe_publica_2_r.pdf\" target=\"_blank\">Decreto Delegaci\u00f3n Fe Publica 02\/05\/2024<\/a><\/li>\n\n\n\n<li><a href=\"https:\/\/www.mijas.es\/wp-content\/uploads\/2024\/03\/DECRETO_FE_PUBLICA_reg-1.pdf\" data-type=\"URL\" data-id=\"https:\/\/www.mijas.es\/wp-content\/uploads\/2024\/03\/DECRETO_FE_PUBLICA_reg-1.pdf\" target=\"_blank\" rel=\"noreferrer noopener\">Decreto Delegaci\u00f3n Fe Publica 14\/03\/2024<\/a><\/li>\n\n\n\n<li><a rel=\"noreferrer noopener\" href=\"https:\/\/www.mijas.es\/wp-content\/uploads\/2023\/11\/1_DECRETO_DELEGACION_BODAS.pdf\" target=\"_blank\">Decreto Delegaci\u00f3n Bodas<\/a><\/li>\n\n\n\n<li><a href=\"https:\/\/www.mijas.es\/wp-content\/uploads\/2023\/11\/1_Decreto_miembros_JGL_y_nombramiento_tenientes_Alcalde_REG.pdf\" target=\"_blank\" rel=\"noreferrer noopener\">Decreto Nombramiento de la Junta de Gobierno Local y Tenientes de Alcalde<\/a><\/li>\n\n\n\n<li><a href=\"https:\/\/www.mijas.es\/wp-content\/uploads\/2023\/11\/1_DECRETO_DELEGACIONES_ALCALDESA_REG.pdf\" target=\"_blank\" rel=\"noreferrer noopener\">Decreto Delegaciones<\/a><\/li>\n\n\n\n<li><a href=\"https:\/\/www.mijas.es\/wp-content\/uploads\/2023\/11\/1_DECRETO_NOMBRA_DE___EXCLUSIVA_REG.pdf\" target=\"_blank\" rel=\"noreferrer noopener\">Decreto Dedicaci\u00f3n Exclusiva<\/a><\/li>\n\n\n\n<li><a href=\"https:\/\/www.mijas.es\/wp-content\/uploads\/2023\/11\/1_DECRETO_firmas_v__b__REG.pdf\" target=\"_blank\" rel=\"noreferrer noopener\">Decreto Delegaci\u00f3n de Firmas<\/a><\/li>\n\n\n\n<li><a rel=\"noreferrer noopener\" href=\"https:\/\/www.mijas.es\/wp-content\/uploads\/2023\/10\/Decreto_D2023008030.pdf\" target=\"_blank\">Decreto cese delegaciones Juan Carlos Maldonado Est\u00e9vez<\/a><\/li>\n\n\n\n<li><a href=\"https:\/\/www.mijas.es\/wp-content\/uploads\/2023\/11\/1%20DECRETO%20CAMBIO%20DE%20DELEGACIONES%20ALCALDESA%20REG.pdf\" target=\"_blank\" rel=\"noreferrer noopener\">Decreto cambio de Delegaciones de la Alcaldesa<\/a><\/li>\n\n\n\n<li><a href=\"https:\/\/www.mijas.es\/wp-content\/uploads\/2023\/11\/2%20Decreto%20miembros%20JGL%20y%20nombramiento%20tenientes%20Alcalde%20bis%20REG.pdf\" target=\"_blank\" rel=\"noreferrer noopener\">Decreto miembros de la Junta de Gobierno Local<\/a><\/li>\n\n\n\n<li><a href=\"https:\/\/www.mijas.es\/wp-content\/uploads\/2023\/11\/3%20DECRETO%20NOMBRA%20DE%20EXCLUSIVA%20JC%20MALDONADO%20REG.pdf\" target=\"_blank\" rel=\"noreferrer noopener\">Decreto nombramiento de exclusividad de Juan Carlos Maldonado Est\u00e9vez<\/a><\/li>\n\n\n\n<li><a rel=\"noreferrer noopener\" href=\"https:\/\/www.mijas.es\/wp-content\/uploads\/2024\/03\/1_DECRETO_firmas_v__b__Maldonado_2_REG.pdf\" data-type=\"URL\" data-id=\"https:\/\/www.mijas.es\/wp-content\/uploads\/2024\/03\/1_DECRETO_firmas_v__b__Maldonado_2_REG.pdf\" target=\"_blank\">Decreto Delegaci<\/a><a href=\"https:\/\/www.mijas.es\/wp-content\/uploads\/2024\/03\/1_DECRETO_firmas_v__b__Maldonado_2_REG.pdf\" data-type=\"URL\" data-id=\"https:\/\/www.mijas.es\/wp-content\/uploads\/2024\/03\/1_DECRETO_firmas_v__b__Maldonado_2_REG.pdf\" target=\"_blank\" rel=\"noreferrer noopener\">\u00f3<\/a><a rel=\"noreferrer noopener\" href=\"https:\/\/www.mijas.es\/wp-content\/uploads\/2024\/03\/1_DECRETO_firmas_v__b__Maldonado_2_REG.pdf\" data-type=\"URL\" data-id=\"https:\/\/www.mijas.es\/wp-content\/uploads\/2024\/03\/1_DECRETO_firmas_v__b__Maldonado_2_REG.pdf\" target=\"_blank\">n de Firma a Juan Carlos Maldonado Est\u00e9vez<\/a><\/li>\n\n\n\n<li><a rel=\"noreferrer noopener\" href=\"https:\/\/www.mijas.es\/wp-content\/uploads\/2023\/11\/4%20DECRETO%20dedicacion%20exclusiva%20y%20parcial%20oposicion%20REG.pdf\" target=\"_blank\">Decreto dedicaci\u00f3n exclusiva y parcial de la oposici\u00f3n<\/a><\/li>\n\n\n\n<li><a rel=\"noreferrer noopener\" href=\"https:\/\/www.mijas.es\/wp-content\/uploads\/2023\/11\/NOTIFICACION%20DECRETO%20NOMBRAMIENTO%20ASESORES.pdf\" target=\"_blank\">Decreto Nombramiento de Personal Eventual<\/a><\/li>\n\n\n\n<li><a rel=\"noreferrer noopener\" href=\"https:\/\/www.mijas.es\/wp-content\/uploads\/2023\/11\/DECRETO_DEDICACION_EXCLUSIVA_ALCALDESA.pdf\" target=\"_blank\">Decreto Dedicaci\u00f3n Exclusiva de la Alcaldesa<\/a><\/li>\n\n\n\n<li><a href=\"https:\/\/www.mijas.es\/wp-content\/uploads\/2023\/12\/1_DECRETO_DELEGACIONES_ALCALDESA_nuevas_areas_REG-1.pdf\" target=\"_blank\" rel=\"noreferrer noopener\">Decreto Delegaciones de la Alcaldesa<\/a><\/li>\n\n\n\n<li><a href=\"https:\/\/www.mijas.es\/wp-content\/uploads\/2023\/12\/3__DECRETO_NOMBRA_DEDICACION_PARCIAL__JUAN_ANTONIO_CARRASCO_TROYANO_reg.pdf\" target=\"_blank\" rel=\"noreferrer noopener\">Decreto nombramiento dedicaci\u00f3n parcial Juan Antonio Carrasco Troyano<\/a><\/li>\n\n\n\n<li><a href=\"https:\/\/www.mijas.es\/wp-content\/uploads\/2023\/12\/DECRETO_DELEGACION_POTESTAD_SANCIONADORA_EN_FAVOR_DE_MARIO_BRAVO-registrado.pdf\" data-type=\"URL\" data-id=\"https:\/\/www.mijas.es\/wp-content\/uploads\/2023\/12\/DECRETO_DELEGACION_POTESTAD_SANCIONADORA_EN_FAVOR_DE_MARIO_BRAVO-registrado.pdf\" target=\"_blank\" rel=\"noreferrer noopener\">Decreto delegaci\u00f3n de potestad sancionadora en favor de Mario Bravo Ramos<\/a><\/li>\n\n\n\n<li><a href=\"https:\/\/www.mijas.es\/wp-content\/uploads\/2023\/12\/1__DECRETO_NOMBRA_DE__EXCLUSIVA_LOURDES_BURGOS_ROSA_REG.pdf\" data-type=\"URL\" data-id=\"https:\/\/www.mijas.es\/wp-content\/uploads\/2023\/12\/1__DECRETO_NOMBRA_DE__EXCLUSIVA_LOURDES_BURGOS_ROSA_REG.pdf\" target=\"_blank\" rel=\"noreferrer noopener\">Decreto de nombramiento de exclusividad de Lourdes Burgos Rosa<\/a><\/li>\n\n\n\n<li><a href=\"https:\/\/www.mijas.es\/wp-content\/uploads\/2023\/12\/1_DECRETO_presidencia_y_suplencia_c_informativareg.pdf\" data-type=\"URL\" data-id=\"https:\/\/www.mijas.es\/wp-content\/uploads\/2023\/12\/1_DECRETO_presidencia_y_suplencia_c_informativareg.pdf\" target=\"_blank\" rel=\"noreferrer noopener\">Decreto asignaci\u00f3n de Presidente y suplente de la Comisi\u00f3n Informativa Permanente<\/a><\/li>\n\n\n\n<li><a rel=\"noreferrer noopener\" href=\"https:\/\/www.mijas.es\/wp-content\/uploads\/2023\/12\/Decreto_delegacion_Responsabilidad_Patrimonial.pdf\" data-type=\"URL\" data-id=\"https:\/\/www.mijas.es\/wp-content\/uploads\/2023\/12\/Decreto_delegacion_Responsabilidad_Patrimonial.pdf\" target=\"_blank\">Decreto de Delegaciones de Responsabilidad Patrimonial<\/a><\/li>\n\n\n\n<li><a rel=\"noreferrer noopener\" href=\"https:\/\/www.mijas.es\/wp-content\/uploads\/2024\/01\/DECRETO_DELEGACION_ESCRITURAS_PUBLICAS.pdf\" target=\"_blank\">Decreto Delegaci\u00f3n de Firma de Escritura P\u00fablica<\/a><\/li>\n<\/ul>\n","protected":false},"excerpt":{"rendered":"","protected":false},"author":19,"featured_media":0,"parent":13960,"menu_order":0,"comment_status":"closed","ping_status":"closed","template":"","meta":[],"_links":{"self":[{"href":"https:\/\/www.mijas.es\/portal\/wp-json\/wp\/v2\/pages\/55369"}],"collection":[{"href":"https:\/\/www.mijas.es\/portal\/wp-json\/wp\/v2\/pages"}],"about":[{"href":"https:\/\/www.mijas.es\/portal\/wp-json\/wp\/v2\/types\/page"}],"author":[{"embeddable":true,"href":"https:\/\/www.mijas.es\/portal\/wp-json\/wp\/v2\/users\/19"}],"replies":[{"embeddable":true,"href":"https:\/\/www.mijas.es\/portal\/wp-json\/wp\/v2\/comments?post=55369"}],"version-history":[{"count":15,"href":"https:\/\/www.mijas.es\/portal\/wp-json\/wp\/v2\/pages\/55369\/revisions"}],"predecessor-version":[{"id":61104,"href":"https:\/\/www.mijas.es\/portal\/wp-json\/wp\/v2\/pages\/55369\/revisions\/61104"}],"up":[{"embeddable":true,"href":"https:\/\/www.mijas.es\/portal\/wp-json\/wp\/v2\/pages\/13960"}],"wp:attachment":[{"href":"https:\/\/www.mijas.es\/portal\/wp-json\/wp\/v2\/media?parent=55369"}],"curies":[{"name":"wp","href":"https:\/\/api.w.org\/{rel}","templated":true}]}}