{"id":4992,"date":"2016-03-30T10:32:02","date_gmt":"2016-03-30T10:32:02","guid":{"rendered":"http:\/\/localhost\/pruebaweb\/?p=4992"},"modified":"2023-05-05T12:48:42","modified_gmt":"2023-05-05T11:48:42","slug":"pgou-1999","status":"publish","type":"page","link":"https:\/\/www.mijas.es\/portal\/urbanismo\/pgou-1999\/","title":{"rendered":"PGOU 1999"},"content":{"rendered":"\n<ul>\n<li><a href=\"https:\/\/www.mijas.es\/wp-content\/uploads\/2011\/06\/Anejo_al_Estudio_de_Impacto_Ambiental.pdf\" target=\"_blank\" rel=\"noreferrer noopener\">Anejo al Estudio de Impacto Ambiental<\/a> (PDF)<\/li>\n\n\n\n<li><a href=\"https:\/\/www.mijas.es\/wp-content\/uploads\/2011\/06\/Declaracin_de_Impacto_Ambiental_12-05-99_RE_8261-99.pdf\" target=\"_blank\" rel=\"noreferrer noopener\">Declaraci\u00f3n de Impacto Ambiental, 12-05-99 (RE 8261-99)<\/a> (PDF)<\/li>\n\n\n\n<li><a href=\"https:\/\/www.mijas.es\/wp-content\/uploads\/2011\/06\/Memoria.pdf\" target=\"_blank\" rel=\"noreferrer noopener\">Memoria<\/a> (PDF)<\/li>\n\n\n\n<li><a href=\"https:\/\/www.mijas.es\/wp-content\/uploads\/2011\/06\/Planos.pdf\" target=\"_blank\" rel=\"noreferrer noopener\">Planos<\/a> (PDF)<\/li>\n\n\n\n<li><a href=\"https:\/\/www.mijas.es\/wp-content\/uploads\/2011\/06\/PGOU99\/NORMATIVA_URB.pdf\" target=\"_blank\" rel=\"noreferrer noopener\">Normativa urban\u00edstica<\/a> (PDF)<\/li>\n\n\n\n<li><a href=\"https:\/\/www.mijas.es\/wp-content\/uploads\/2011\/06\/PGOU99\/MEMORIA_Y_PROGRAMA.pdf\" target=\"_blank\" rel=\"noreferrer noopener\">Memoria y programa de actuaci\u00f3n<\/a> (PDF)<\/li>\n\n\n\n<li><a href=\"https:\/\/www.mijas.es\/wp-content\/uploads\/2011\/06\/PGOU99\/Informe_Alegaciones.pdf\" target=\"_blank\" rel=\"noreferrer noopener\">Informe de alegaciones<\/a> (PDF)<\/li>\n\n\n\n<li><a href=\"https:\/\/www.mijas.es\/wp-content\/uploads\/2011\/06\/PGOU99\/Anexo_Clasifiacion_Suelo.pdf\" target=\"_blank\" rel=\"noreferrer noopener\">Anexo sobre la clasificaciones del suelo<\/a> (PDF)<\/li>\n<\/ul>\n\n\n\n<hr class=\"wp-block-separator has-css-opacity\"\/>\n\n\n\n<p>PLANOS A &#8211; Estructura general y org\u00e1nica <\/p>\n\n\n\n<ul>\n<li><a href=\"https:\/\/www.mijas.es\/wp-content\/uploads\/2011\/06\/PGOU99\/Planos_A_99.zip\">Descargar (ZIP)<\/a><\/li>\n<\/ul>\n\n\n\n<p>PLANOS B &#8211; Suelo no urbanizable y protecciones <\/p>\n\n\n\n<ul>\n<li>Las determinaciones del SNU ser\u00e1n las recogidas en el Expediente de cumplimiento del SNU, que figura en el apartado Anexos. <\/li>\n<\/ul>\n\n\n\n<p>PLANOS C &#8211; Calificaci\u00f3n y gesti\u00f3n <\/p>\n\n\n\n<ul>\n<li><a href=\"https:\/\/www.mijas.es\/wp-content\/uploads\/2011\/06\/PGOU99\/Planos_C_Calificacin_y_Gestin.zip\" target=\"_blank\" rel=\"noreferrer noopener\">Descargar<\/a> (ZIP)<\/li>\n<\/ul>\n\n\n\n<p>PLANOS D &#8211; Alineaciones y rasantes<\/p>\n\n\n\n<ul>\n<li><a href=\"https:\/\/www.mijas.es\/wp-content\/uploads\/2011\/06\/PGOU99\/Planos_D_Alineaciones_y_Rasantes.zip\">Descargar (ZIP)<\/a><\/li>\n<\/ul>\n\n\n\n<p>PLANOS E &#8211; Infraestructuras <\/p>\n\n\n\n<ul>\n<li><a href=\"https:\/\/www.mijas.es\/wp-content\/uploads\/2011\/06\/PGOU99\/Planos_E_Infraestructuras.zip\">Descargar (ZIP)<\/a> <\/li>\n<\/ul>\n\n\n\n<p>PLANOS F &#8211; Anexo Ley de Costas <\/p>\n\n\n\n<ul>\n<li><a href=\"https:\/\/www.mijas.es\/wp-content\/uploads\/2011\/06\/PGOU99\/Planos_F_Anexo_Ley_Costas.zip\">Descargar (ZIP)<\/a> <\/li>\n<\/ul>\n\n\n\n<p>PLANOS G &#8211; Anexo Ley de Carreteras <\/p>\n\n\n\n<ul>\n<li><a href=\"https:\/\/www.mijas.es\/wp-content\/uploads\/2011\/06\/PGOU99\/Planos_G_Anexo_Ley_Carreteras.zip\">Descargar (ZIP)<\/a><\/li>\n<\/ul>\n\n\n\n<hr class=\"wp-block-separator has-css-opacity\"\/>\n\n\n\n<p>ANEXOS <\/p>\n\n\n\n<p>Expediente de cumplimiento SNU&nbsp; <\/p>\n\n\n\n<ul>\n<li><a href=\"https:\/\/www.mijas.es\/wp-content\/uploads\/2011\/06\/PGOU99\/Exp_Cumplimiento_SNU.zip\">Descargar<\/a> (ZIP) <\/li>\n<\/ul>\n\n\n\n<p>Expediente de cumplimiento UE C-1 y UE C-3 <\/p>\n\n\n\n<ul>\n<li><a href=\"https:\/\/www.mijas.es\/wp-content\/uploads\/2011\/06\/PGOU99\/Exp_Cumplimiento_UE_C-1_Y_UE_C-3.zip\">Descargar<\/a> (ZIP) <\/li>\n<\/ul>\n","protected":false},"excerpt":{"rendered":"<p>PLANOS A &#8211; Estructura general y org\u00e1nica PLANOS B &#8211; Suelo no urbanizable y protecciones PLANOS C &#8211; Calificaci\u00f3n y gesti\u00f3n PLANOS D &#8211; Alineaciones y rasantes PLANOS E &#8211; Infraestructuras PLANOS F &#8211; Anexo Ley de Costas PLANOS G &#8211; Anexo Ley de Carreteras ANEXOS Expediente de cumplimiento SNU&nbsp; Expediente de cumplimiento UE C-1 [&hellip;]<\/p>\n","protected":false},"author":1,"featured_media":12675,"parent":12090,"menu_order":0,"comment_status":"closed","ping_status":"open","template":"page-departamental.php","meta":[],"_links":{"self":[{"href":"https:\/\/www.mijas.es\/portal\/wp-json\/wp\/v2\/pages\/4992"}],"collection":[{"href":"https:\/\/www.mijas.es\/portal\/wp-json\/wp\/v2\/pages"}],"about":[{"href":"https:\/\/www.mijas.es\/portal\/wp-json\/wp\/v2\/types\/page"}],"author":[{"embeddable":true,"href":"https:\/\/www.mijas.es\/portal\/wp-json\/wp\/v2\/users\/1"}],"replies":[{"embeddable":true,"href":"https:\/\/www.mijas.es\/portal\/wp-json\/wp\/v2\/comments?post=4992"}],"version-history":[{"count":5,"href":"https:\/\/www.mijas.es\/portal\/wp-json\/wp\/v2\/pages\/4992\/revisions"}],"predecessor-version":[{"id":50308,"href":"https:\/\/www.mijas.es\/portal\/wp-json\/wp\/v2\/pages\/4992\/revisions\/50308"}],"up":[{"embeddable":true,"href":"https:\/\/www.mijas.es\/portal\/wp-json\/wp\/v2\/pages\/12090"}],"wp:featuredmedia":[{"embeddable":true,"href":"https:\/\/www.mijas.es\/portal\/wp-json\/wp\/v2\/media\/12675"}],"wp:attachment":[{"href":"https:\/\/www.mijas.es\/portal\/wp-json\/wp\/v2\/media?parent=4992"}],"curies":[{"name":"wp","href":"https:\/\/api.w.org\/{rel}","templated":true}]}}