{"id":433,"date":"2013-06-02T08:40:09","date_gmt":"2013-06-02T08:40:09","guid":{"rendered":"http:\/\/localhost\/pruebaweb\/?p=433"},"modified":"2023-04-28T08:49:12","modified_gmt":"2023-04-28T07:49:12","slug":"torres-vigia","status":"publish","type":"page","link":"https:\/\/www.mijas.es\/portal\/patrimonio-historico\/torres-vigia\/","title":{"rendered":"Torres Vig\u00eda"},"content":{"rendered":"\n<p>Tras la conquista de Mijas en 1487 por las tropas cristianas de los Reyes Cat\u00f3licos y la venta como esclavos de sus habitantes, los Reyes iniciaron una pol\u00edtica de repoblaci\u00f3n de estos territorios que hab\u00edan quedado despoblados.<\/p>\n\n\n\n<figure class=\"wp-block-image size-large\"><img decoding=\"async\" src=\"https:\/\/www.mijas.es\/wp-content\/uploads\/2012\/05\/PlanoDelFuncionamientoDeUnaTorreVigiaDe1765.jpg\" alt=\"\"\/><figcaption class=\"wp-element-caption\">Plano del funcionamiento de una Torre Vig\u00eda<\/figcaption><\/figure>\n\n\n\n<p>En 1492, se llev\u00f3 a cabo el Repartimiento de las propiedades de los antiguos habitantes a los nuevos colonos cristianos que se hab\u00edan asentado en Mijas tras la conquista, constat\u00e1ndose a\u00fan la presencia de varios vecinos hispano-musulmanes. Sin embargo, a los pocos a\u00f1os son muchos los que abandonaron las tierras concedidas debido a varios factores, como las incursiones de naves de piratas que atacaban las costas de M\u00e1laga desde puertos ubicados en el norte de \u00c1frica, etc., lo que provocar\u00eda que la zona costera quedara deshabitada y no se pudiese llevar a efecto la repoblaci\u00f3n de la zona del castillo de Fuengirola, que pertenec\u00eda en aquellos momentos a Mijas, quedando conformado el territorio municipal que se mantuvo as\u00ed hasta el a\u00f1o 1841, cuando una franja costera se segreg\u00f3 formando el actual municipio de Fuengirola.<\/p>\n\n\n\n<p>En respuesta a esta inseguridad, se levantaron torres vig\u00eda a lo largo de la costa para controlar y prevenir las incursiones de los piratas norteafricanos. Desde el siglo XVI al XVIII, se levantaron en Mijas las torres de Calahonda, Nueva de la Cala del Moral, Vieja de la Cala del Moral (actual sede del Centro de Interpretaci\u00f3n de las Torres Vig\u00eda del Museo Hist\u00f3rico-Etnol\u00f3gico de Mijas), de Calaburras y Torre Blanca (esta \u00faltima desaparecida y en el actual t\u00e9rmino municipal de Fuengirola), todas ellas declaradas en la actualidad Bienes de Inter\u00e9s Cultural con la categor\u00eda de Monumento.<\/p>\n\n\n\n<h4 class=\"wp-block-heading\">Fuentes:<\/h4>\n\n\n\n<ul>\n<li>Archivo Hist\u00f3rico Municipal de Mijas<\/li>\n\n\n\n<li>Gil Albarrac\u00edn, Antonio; \u201cDocumentos sobre la defensa de la costa del Reino de Granada (1497\u20131857)\u201d (2004)<\/li>\n<\/ul>\n","protected":false},"excerpt":{"rendered":"<p>Tras la conquista de Mijas en 1487 por las tropas cristianas de los Reyes Cat\u00f3licos y la venta como esclavos de sus habitantes, los Reyes iniciaron una pol\u00edtica de repoblaci\u00f3n de estos territorios que hab\u00edan quedado despoblados. En 1492, se llev\u00f3 a cabo el Repartimiento de las propiedades de los antiguos habitantes a los nuevos [&hellip;]<\/p>\n","protected":false},"author":1,"featured_media":14654,"parent":172,"menu_order":0,"comment_status":"closed","ping_status":"open","template":"page-departamental.php","meta":[],"_links":{"self":[{"href":"https:\/\/www.mijas.es\/portal\/wp-json\/wp\/v2\/pages\/433"}],"collection":[{"href":"https:\/\/www.mijas.es\/portal\/wp-json\/wp\/v2\/pages"}],"about":[{"href":"https:\/\/www.mijas.es\/portal\/wp-json\/wp\/v2\/types\/page"}],"author":[{"embeddable":true,"href":"https:\/\/www.mijas.es\/portal\/wp-json\/wp\/v2\/users\/1"}],"replies":[{"embeddable":true,"href":"https:\/\/www.mijas.es\/portal\/wp-json\/wp\/v2\/comments?post=433"}],"version-history":[{"count":6,"href":"https:\/\/www.mijas.es\/portal\/wp-json\/wp\/v2\/pages\/433\/revisions"}],"predecessor-version":[{"id":50214,"href":"https:\/\/www.mijas.es\/portal\/wp-json\/wp\/v2\/pages\/433\/revisions\/50214"}],"up":[{"embeddable":true,"href":"https:\/\/www.mijas.es\/portal\/wp-json\/wp\/v2\/pages\/172"}],"wp:featuredmedia":[{"embeddable":true,"href":"https:\/\/www.mijas.es\/portal\/wp-json\/wp\/v2\/media\/14654"}],"wp:attachment":[{"href":"https:\/\/www.mijas.es\/portal\/wp-json\/wp\/v2\/media?parent=433"}],"curies":[{"name":"wp","href":"https:\/\/api.w.org\/{rel}","templated":true}]}}