{"id":42910,"date":"2021-09-02T15:04:54","date_gmt":"2021-09-02T14:04:54","guid":{"rendered":"https:\/\/www.mijas.es\/portal\/?page_id=42910"},"modified":"2026-03-27T08:25:41","modified_gmt":"2026-03-27T07:25:41","slug":"areas-de-influencia-aparcamientos-municipales","status":"publish","type":"page","link":"https:\/\/www.mijas.es\/portal\/eficiencia-energetica\/areas-de-influencia-aparcamientos-municipales\/","title":{"rendered":"Abonos de Aparcamientos Municipales y \u00c1rea de Influencia"},"content":{"rendered":"\n<ul>\n<li>Precios P\u00fablicos Aparcamientos &#8211; <a rel=\"noreferrer noopener\" href=\"https:\/\/www.mijas.es\/wp-content\/uploads\/2021\/09\/20210907%20BOPMA-%20PRECIOS%20P%C3%9ABLICOS%20APARCAMIENTOS.pdf\" target=\"_blank\">Bopma<\/a><\/li>\n\n\n\n<li>Plazas Residentes Aparcamientos &#8211; <a rel=\"noreferrer noopener\" href=\"https:\/\/www.mijas.es\/wp-content\/uploads\/2021\/09\/20210910%20BOPMA-PLAZAS%20RESIDENTES%20APARCAMIENTOS.pdf\" target=\"_blank\">Bopma<\/a><\/li>\n\n\n\n<li>Informaci\u00f3n y Solicitud &#8211; <a rel=\"noreferrer noopener\" href=\"https:\/\/www.mijas.es\/wp-content\/uploads\/2024\/08\/20240805_SOLICITUD_ABONO.pdf\" data-type=\"URL\" data-id=\"https:\/\/www.mijas.es\/wp-content\/uploads\/2024\/08\/20240805_SOLICITUD_ABONO.pdf\" target=\"_blank\">Descargar<\/a><\/li>\n\n\n\n<li>Solicitud &#8211; <a href=\"https:\/\/www.mijas.es\/wp-content\/uploads\/2024\/08\/SOLICITUD_ABONO-PARKING.pdf\" data-type=\"URL\" data-id=\"https:\/\/www.mijas.es\/wp-content\/uploads\/2024\/08\/SOLICITUD_ABONO-PARKING.pdf\" target=\"_blank\" rel=\"noreferrer noopener\">Descargar<\/a><\/li>\n\n\n\n<li>Reglamento De Uso, Explotaci\u00f3n, Y Adjudicaci\u00f3n De Plazas De Los Aparcamientos P\u00fablicos Municipales Del Ayto. De Mijas &#8211; <a rel=\"noreferrer noopener\" href=\"https:\/\/www.mijas.es\/wp-content\/uploads\/2022\/05\/Publicaci%C3%B3n%20BOPMA%20n%C2%BA%2094%20de%2018%2005%202022.pdf\" target=\"_blank\">Descargar<\/a><\/li>\n<\/ul>\n\n\n\n<p><strong>Prorrogas<\/strong><\/p>\n\n\n\n<ul>\n<li>Solicitud &#8211; <a href=\"https:\/\/www.mijas.es\/wp-content\/uploads\/2024\/08\/20240805_SOLICITUD_DE_PRORROGA.pdf\" data-type=\"URL\" data-id=\"https:\/\/www.mijas.es\/wp-content\/uploads\/2024\/08\/20240805_SOLICITUD_DE_PRORROGA.pdf\" target=\"_blank\" rel=\"noreferrer noopener\">Descargar<\/a><\/li>\n<\/ul>\n\n\n\n<p><strong>Aparcamiento Municipal Virgen de la Pe\u00f1a<\/strong><\/p>\n\n\n\n<ul>\n<li>Aparcamiento Municipal Avenida Virgen de la Pe\u00f1a &#8211; <a rel=\"noreferrer noopener\" href=\"https:\/\/www.mijas.es\/wp-content\/uploads\/2021\/09\/01%20V.%20PE%C3%91A.pdf\" target=\"_blank\">Ver<\/a><\/li>\n\n\n\n<li>Informaci\u00f3n P\u00fablica Aparcamiento Virgen de la Pe\u00f1a &#8211; <a rel=\"noreferrer noopener\" href=\"https:\/\/www.mijas.es\/wp-content\/uploads\/2022\/08\/20220812_INFORMACION_PUBLICA_SOLICITUDES_APARCAMIENTO_VPD-Firmado.pdf\" target=\"_blank\">Descargar<\/a><\/li>\n\n\n\n<li>Ampliaci\u00f3n del \u00c1rea de Influencia del Aparcamiento P\u00fablico \u00abVirgen de la Pe\u00f1a\u00bb &#8211; <a rel=\"noreferrer noopener\" href=\"https:\/\/www.mijas.es\/wp-content\/uploads\/2022\/09\/20220905_INFORMACION_PUBLICA_SOLICITUDES_APARCAMIENTO_VDP_-_AMPLIACION_AREA_INFLUENCIA-Firmado.pdf\" target=\"_blank\">Descagar<\/a><\/li>\n\n\n\n<li>Relacion de Admitidos y Excluidos Definitivos del Aparcamiento P\u00fablico \u00abVirgen de la Pe\u00f1a\u00bb &#8211; <a rel=\"noreferrer noopener\" href=\"https:\/\/www.mijas.es\/wp-content\/uploads\/2022\/10\/20221019_INFORMACION_PUBLICA_VDP-Firmada.pdf\" target=\"_blank\">Descargar<\/a><\/li>\n\n\n\n<li>Aumento de Plazas de Abonados en el Aparcamiento P\u00fablico \u00abVirgen de la Pe\u00f1a\u00bb &#8211; <a href=\"https:\/\/www.mijas.es\/wp-content\/uploads\/2024\/08\/20240809_Publicacion_AUMENTO_PLAZAS_ABONADOS_Y_DOC-Firmado.pdf\" data-type=\"URL\" data-id=\"https:\/\/www.mijas.es\/wp-content\/uploads\/2024\/08\/20240809_Publicacion_AUMENTO_PLAZAS_ABONADOS_Y_DOC-Firmado.pdf\" target=\"_blank\" rel=\"noreferrer noopener\">Descargar<\/a><\/li>\n<\/ul>\n\n\n\n<p><strong>Aparcamiento Municipal Tenencia de Las Lagunas<\/strong><\/p>\n\n\n\n<ul>\n<li>Aparcamiento Municipal Tenencia de Las Lagunas &#8211; <a rel=\"noreferrer noopener\" href=\"https:\/\/www.mijas.es\/wp-content\/uploads\/2021\/09\/02%20TENENCIA.pdf\" target=\"_blank\">Ver<\/a><\/li>\n\n\n\n<li>Informaci\u00f3n P\u00fablica y Tr\u00e1mite de Audiencia para las Solicitudes de Abono Residente en el Aparcamiento P\u00fablico Municipal \u00abTenencia de Las Lagunas\u00bb &#8211; <a rel=\"noreferrer noopener\" href=\"https:\/\/www.mijas.es\/wp-content\/uploads\/2022\/11\/20221121_INFORMACION_PUBLICA_SOLICITUDES_APARCAMIENTO_TENENCIA-Firmado.pdf\" target=\"_blank\">Descargar<\/a><\/li>\n\n\n\n<li>Listado De Admitidos Y Excluidos En Relaci\u00f3n A Las Solicitudes De Abono Residente En Primera Convocatoria &#8211; <a rel=\"noreferrer noopener\" href=\"https:\/\/www.mijas.es\/wp-content\/uploads\/2022\/12\/Listado-de-admitidos.pdf\" target=\"_blank\">Descargar<\/a><\/li>\n\n\n\n<li>Anuncio Inicial De Sorteo Por Insaculaci\u00f3n De Plazas De Abono En Aparcamiento P\u00fablico Tenencia Alcald\u00eda Las Lagunas (07\/11\/2024) &#8211; <a rel=\"noreferrer noopener\" href=\"https:\/\/www.mijas.es\/wp-content\/uploads\/2024\/11\/S2024037188.pdf\" data-type=\"URL\" data-id=\"https:\/\/www.mijas.es\/wp-content\/uploads\/2024\/11\/S2024037188.pdf\" target=\"_blank\">Descargar<\/a><\/li>\n<\/ul>\n\n\n\n<p><strong>Aparcamiento Municipal \u00abLa Candelaria\u00bb<\/strong><\/p>\n\n\n\n<ul>\n<li>Aparcamiento Municipal \u00abCandelaria\u00bb &#8211; <a rel=\"noreferrer noopener\" href=\"https:\/\/www.mijas.es\/wp-content\/uploads\/2021\/09\/03%20CANDELARIA.pdf\" target=\"_blank\">Ver<\/a><\/li>\n\n\n\n<li>Informaci\u00f3n P\u00fablica y Tr\u00e1mite de Audiencia Para las Solicitudes del Aparcamiento \u00abLa Candelaria\u00bb &#8211; <a rel=\"noreferrer noopener\" href=\"https:\/\/www.mijas.es\/wp-content\/uploads\/2022\/02\/aparcamiento%20Candelaria%20Firmado..pdf\" target=\"_blank\">Descargar<\/a><\/li>\n\n\n\n<li>Listado de Admitidos y Excluidos en Relaci\u00f3n al Aparcamiento \u00abLa Candelaria\u00bb &#8211; <a rel=\"noreferrer noopener\" href=\"https:\/\/www.mijas.es\/wp-content\/uploads\/2022\/02\/viewDocument.pdf\" target=\"_blank\">Descargar<\/a><\/li>\n\n\n\n<li>Segundo Listado de Admitidos y Excluidos en Relaci\u00f3n al Aparcamiento \u00abLa Candelaria\u00bb &#8211; <a rel=\"noreferrer noopener\" href=\"https:\/\/www.mijas.es\/wp-content\/uploads\/2022\/05\/INFORMACION_PUBLICA_SOLICITUDES_APARCAMIENTO_LA_CANDELARIA-Firmado.pdf\" target=\"_blank\">Descargar<\/a><\/li>\n\n\n\n<li>Lista Definitiva de Plazas de Abonados Aparcamiento \u00abLa Candelaria\u00bb 29-06-2024 &#8211; <a href=\"https:\/\/www.mijas.es\/wp-content\/uploads\/2024\/08\/Publicacion_LISTAS_ABONADOS_CANDELARIA.pdf\" data-type=\"URL\" data-id=\"https:\/\/www.mijas.es\/wp-content\/uploads\/2024\/08\/Publicacion_LISTAS_ABONADOS_CANDELARIA.pdf\" target=\"_blank\" rel=\"noreferrer noopener\">Descargar<\/a><\/li>\n<\/ul>\n\n\n\n<p><strong>Aparcamiento Municipal \u00abEl Juncal\u00bb<\/strong><\/p>\n\n\n\n<ul>\n<li>Aparcamiento Municipal \u00abEl Juncal\u00bb &#8211; <a rel=\"noreferrer noopener\" href=\"https:\/\/www.mijas.es\/wp-content\/uploads\/2021\/09\/04%20EL%20JUNCAL.pdf\" target=\"_blank\">Ver<\/a><\/li>\n\n\n\n<li>Informaci\u00f3n P\u00fablica Solicitudes Aparcamiento \u00abEl Juncal\u00bb &#8211; <a rel=\"noreferrer noopener\" href=\"https:\/\/www.mijas.es\/wp-content\/uploads\/2021\/09\/20210915%20INFORMACI%C3%93N%20P%C3%9ABLICA%20SOLICITUDES%20APARCAMIENTO%20EL%20JUNCAL-Registrado.pdf\" target=\"_blank\">Ver<\/a><\/li>\n\n\n\n<li>Listado de Admitidos y Excluidos en Relaci\u00f3n al Aparcamiento de \u00abEl Juncal\u00bb &#8211; <a rel=\"noreferrer noopener\" href=\"https:\/\/www.mijas.es\/wp-content\/uploads\/2021\/11\/Publicacion_ampliacion_area_de_influencia_y_nuevo_plazo_de_solicitudes-ABONO_RESIDENTE_EL_JUNCAL-Firmado.pdf\" target=\"_blank\">Descargar<\/a><\/li>\n\n\n\n<li>Listado Definitivo de Abonados en Relaci\u00f3n al Aparcamiento de \u00abEl Juncal\u00bb &#8211; <a rel=\"noreferrer noopener\" href=\"https:\/\/www.mijas.es\/wp-content\/uploads\/2022\/01\/Adjudicacion_abonos_defi_El_Juncal.pdf\" target=\"_blank\">Descargar<\/a><\/li>\n\n\n\n<li>Aumento de Plazas de Abonados en el Aparcamiento P\u00fablico \u00abEl Juncal\u00bb &#8211; <a rel=\"noreferrer noopener\" href=\"https:\/\/www.mijas.es\/wp-content\/uploads\/2024\/08\/20240809_Publicacion_AUMENTO_PLAZAS_ABONADOS_Y_DOC-Firmado.pdf\" data-type=\"URL\" data-id=\"https:\/\/www.mijas.es\/wp-content\/uploads\/2024\/08\/20240809_Publicacion_AUMENTO_PLAZAS_ABONADOS_Y_DOC-Firmado.pdf\" target=\"_blank\">Descargar<\/a><\/li>\n<\/ul>\n\n\n\n<p><strong>Aparcamiento Municipal \u00abLos Santos\u00bb<\/strong><\/p>\n\n\n\n<ul>\n<li>Informaci\u00f3n P\u00fablica Solicitudes Aparcamiento \u00abLos Santos\u00bb &#8211; <a rel=\"noreferrer noopener\" href=\"https:\/\/www.mijas.es\/wp-content\/uploads\/2025\/06\/20250521%20OFICIO%20DE%20SOLICITUD%20DE%20PUBLICACI%C3%93N-Registrado.pdf\" target=\"_blank\">Ver<\/a><\/li>\n\n\n\n<li>Anuncio de Listado Provisional de Abonados para el Aparcamiento de Los Santos &#8211; <a rel=\"noreferrer noopener\" href=\"https:\/\/www.mijas.es\/wp-content\/uploads\/2025\/10\/20251022_Informe_20251022%20Publicaci%C3%B3n%20LISTADO%20SOLICITUDES%20PROV-P%20LOS%20SANTOS.pdf\" target=\"_blank\">Descargar<\/a><\/li>\n\n\n\n<li>Anuncio Sorteo de Plazas para Aparcamiento \u00abLos Santos\u00bb &#8211; <a href=\"https:\/\/www.mijas.es\/wp-content\/uploads\/2026\/02\/20260209_Comunicaci%C3%B3n_20260209%20Publicaci%C3%B3n%20SORTEO%20POR%20INSACULACI%C3%93N-P%20LOS%20SANTOS-MESA%20ELECTORAL.pdf\" target=\"_blank\" rel=\"noreferrer noopener\">Descargar<\/a><\/li>\n\n\n\n<li>Anuncio de Plazas Definitivas para Sorteo en Aparcamiento \u00abLos Santos\u00bb &#8211; <a rel=\"noreferrer noopener\" href=\"https:\/\/www.mijas.es\/wp-content\/uploads\/2026\/02\/20260209_Informe_20260209%20Publicaci%C3%B3n%20SORTEO%20POR%20INSACULACI%C3%93N-P%20LOS%20SANTOS-LISTADO%20DEFINITIVO.pdf\" target=\"_blank\">Descargar<\/a><\/li>\n\n\n\n<li>Sorteo P\u00fablico por Insaculaci\u00f3n del Aparcamiento P\u00fablico Los Santos &#8211; <a rel=\"noreferrer noopener\" href=\"https:\/\/www.mijas.es\/wp-content\/uploads\/2026\/03\/20260323_20260323_Comunicaci%C3%B3n_20260323%20Publicaci%C3%B3n%20SEGUNDA%20SESI%C3%93N%20SORTEO%20POR%20INSACULACI%C3%93N-P%20LOS%20SANTOS.pdf\" target=\"_blank\">Descargar<\/a><\/li>\n\n\n\n<li>Acta de Sorteo de Plazas &#8211; <a href=\"https:\/\/www.mijas.es\/wp-content\/uploads\/2026\/03\/20260326_Acta_20260326-ACTA%20DEL%20SORTEO%20PLAZAS%20APARCAMIENTO%20LOS%20SANTOS.pdf\" target=\"_blank\" rel=\"noreferrer noopener\">Descargar<\/a><\/li>\n<\/ul>\n","protected":false},"excerpt":{"rendered":"<p>Prorrogas Aparcamiento Municipal Virgen de la Pe\u00f1a Aparcamiento Municipal Tenencia de Las Lagunas Aparcamiento Municipal \u00abLa Candelaria\u00bb Aparcamiento Municipal \u00abEl Juncal\u00bb Aparcamiento Municipal \u00abLos Santos\u00bb<\/p>\n","protected":false},"author":9,"featured_media":0,"parent":30108,"menu_order":0,"comment_status":"closed","ping_status":"closed","template":"page-departamental.php","meta":[],"_links":{"self":[{"href":"https:\/\/www.mijas.es\/portal\/wp-json\/wp\/v2\/pages\/42910"}],"collection":[{"href":"https:\/\/www.mijas.es\/portal\/wp-json\/wp\/v2\/pages"}],"about":[{"href":"https:\/\/www.mijas.es\/portal\/wp-json\/wp\/v2\/types\/page"}],"author":[{"embeddable":true,"href":"https:\/\/www.mijas.es\/portal\/wp-json\/wp\/v2\/users\/9"}],"replies":[{"embeddable":true,"href":"https:\/\/www.mijas.es\/portal\/wp-json\/wp\/v2\/comments?post=42910"}],"version-history":[{"count":39,"href":"https:\/\/www.mijas.es\/portal\/wp-json\/wp\/v2\/pages\/42910\/revisions"}],"predecessor-version":[{"id":63979,"href":"https:\/\/www.mijas.es\/portal\/wp-json\/wp\/v2\/pages\/42910\/revisions\/63979"}],"up":[{"embeddable":true,"href":"https:\/\/www.mijas.es\/portal\/wp-json\/wp\/v2\/pages\/30108"}],"wp:attachment":[{"href":"https:\/\/www.mijas.es\/portal\/wp-json\/wp\/v2\/media?parent=42910"}],"curies":[{"name":"wp","href":"https:\/\/api.w.org\/{rel}","templated":true}]}}