{"id":42553,"date":"2021-08-25T10:57:06","date_gmt":"2021-08-25T09:57:06","guid":{"rendered":"https:\/\/www.mijas.es\/portal\/?page_id=42553"},"modified":"2024-02-28T18:48:46","modified_gmt":"2024-02-28T17:48:46","slug":"limpieza-viaria","status":"publish","type":"page","link":"https:\/\/www.mijas.es\/portal\/limpieza-viaria\/","title":{"rendered":"Limpieza Viaria"},"content":{"rendered":"\n<p>El Ayuntamiento de Mijas ha renovado al completo la flota de contenedores con la implantaci\u00f3n de 2.000 nuevas unidades. Estos contenedores est\u00e1n distribuidos por los m\u00e1s de 600 puntos de recogida del municipio, mejorando el impacto visual y tambi\u00e9n la eficiencia en la recogida de residuos. Entre esa nueva flota se encuentran dos modelos nuevos para la ciudadan\u00eda: el contenedor marr\u00f3n y el contenedor gris.<br><br>\u00bfPara qu\u00e9 sirve el contenedor marr\u00f3n?<\/p>\n\n\n\n<figure class=\"wp-block-video\"><video controls src=\"https:\/\/www.mijas.es\/wp-content\/uploads\/2023\/03\/PROMO%20Contenedor%20MARRON%202022.mpg\"><\/video><\/figure>\n\n\n<div class=\"wp-block-image\">\n<figure class=\"aligncenter size-full is-resized\"><img decoding=\"async\" src=\"https:\/\/www.mijas.es\/wp-content\/uploads\/2023\/03\/CARTEL-A3-CONTENEDOR-MARRON-ok-impresion.jpg\" alt=\"\" class=\"wp-image-49773\" width=\"755\" height=\"1062\" srcset=\"https:\/\/www.mijas.es\/wp-content\/uploads\/2023\/03\/CARTEL-A3-CONTENEDOR-MARRON-ok-impresion.jpg 682w, https:\/\/www.mijas.es\/wp-content\/uploads\/2023\/03\/CARTEL-A3-CONTENEDOR-MARRON-ok-impresion-213x300.jpg 213w\" sizes=\"(max-width: 755px) 100vw, 755px\" \/><\/figure><\/div>\n\n\n<p><br>\u00bfPara qu\u00e9 sirve el contenedor gris?<\/p>\n\n\n\n<figure class=\"wp-block-video\"><video controls src=\"https:\/\/www.mijas.es\/wp-content\/uploads\/2023\/03\/PROMO%20Contenedor%20GRIS%202022.mpg\"><\/video><\/figure>\n\n\n<div class=\"wp-block-image\">\n<figure class=\"aligncenter size-full is-resized\"><img decoding=\"async\" src=\"https:\/\/www.mijas.es\/wp-content\/uploads\/2023\/03\/CARTEL-A3-CONTENEDOR-GRIS-OK-impresion.jpg\" alt=\"\" class=\"wp-image-49772\" width=\"746\" height=\"1052\" srcset=\"https:\/\/www.mijas.es\/wp-content\/uploads\/2023\/03\/CARTEL-A3-CONTENEDOR-GRIS-OK-impresion.jpg 680w, https:\/\/www.mijas.es\/wp-content\/uploads\/2023\/03\/CARTEL-A3-CONTENEDOR-GRIS-OK-impresion-213x300.jpg 213w\" sizes=\"(max-width: 746px) 100vw, 746px\" \/><\/figure><\/div>\n\n\n<p><br>Este renovado y mejorado servicio de limpieza y recogida de residuos puesto en marcha por el Ayuntamiento de Mijas incluye importantes mejoras tales como la renovaci\u00f3n y aumento del n\u00famero de contenedores a 2.000 unidades; aumento de la frecuencia y zonas de baldeos; el aumento de la plantilla; la incorporaci\u00f3n del servicio de recogida de restos de poda y todo tipo de residuos en la vida p\u00fablica o la incorporaci\u00f3n de nuevas zonas y d\u00edas de actuaci\u00f3n.<br><br>A todo esto se a\u00f1ade una nueva nave de gesti\u00f3n de residuos con 6.000 metros cuadrados y dos naves que dar\u00e1n cobertura tanto al servicio de recogida de residuos como de limpieza viaria de la localidad.<br><br>Pero de nada sirve todo ese esfuerzo si cada uno de las personas que componen Mijas no ponen de su parte. Porque cada peque\u00f1o gesto, cuenta.<br><br>Mijas\u2026 limpia contigo<\/p>\n\n\n\n<hr class=\"wp-block-separator has-alpha-channel-opacity\"\/>\n\n\n\n<p>#MovimientoBanderasVerdes, por un Turismo reciclador y sostenible<\/p>\n\n\n\n<p>Mijas competir\u00e1 este verano por conseguir la Bandera Verde de la sostenibilidad hostelera de Ecovidrio<\/p>\n\n\n\n<p>El Movimiento Banderas Verdes es la campa\u00f1a de ECOVIDRIO en la que ofrece su apoyo a los ayuntamientos de costa ante los elevados \u00edndices de consumo de envases de vidrio durante el verano en el canal de la hosteler\u00eda.<\/p>\n\n\n\n<p>Para ello, la campa\u00f1a se enfoca en un apoyo al hostelero con la dotaci\u00f3n de los medios necesarios para mejorar la recogida selectiva de vidrio en verano, as\u00ed como en un apoyo a los ayuntamientos que creen en la necesidad de trabajar por un desarrollo m\u00e1s sostenible, en este caso a trav\u00e9s del reciclaje de vidrio.<\/p>\n\n\n\n<p>La Bandera Verde es el reconocimiento f\u00edsico y simb\u00f3lico que Ecovidrio otorgar\u00e1 al municipio que mayor implicaci\u00f3n en la campa\u00f1a haya demostrado, convirti\u00e9ndose en referente en el reciclaje de envases de vidrio, la lucha contra el cambio clim\u00e1tico y el cuidado de nuestras costas.<\/p>\n\n\n\n<p>Desde el Ayuntamiento de Mijas nos sumamos as\u00ed a esta campa\u00f1a con el objetivo de lograr una de las 8 Banderas Verdes que se entregan en toda Espa\u00f1a, a la vez que se consigue implicar a la ciudadan\u00eda en el objetivo principal de reciclar este material y posicionar a la localidad como el municipio m\u00e1s sostenible del verano.<\/p>\n\n\n\n<figure class=\"wp-block-video\"><video controls src=\"https:\/\/www.mijas.es\/wp-content\/uploads\/2023\/08\/SPOTbanderaverde.mp4\"><\/video><\/figure>\n\n\n\n<hr class=\"wp-block-separator has-css-opacity\"\/>\n\n\n\n<p><strong>ECOVIDRIO<\/strong><\/p>\n\n\n\n<p>El Ayuntamiento de Mijas junto a 120 restaurantes, bares y chiringuitos de la localidad se han adherido a la campa\u00f1a de Ecovidrio para conseguir la Bandera Verde, galard\u00f3n que premia el esfuerzo de los establecimientos hoteleros de la zona, la hosteler\u00eda local y el activismo de los municipios costeros por la transici\u00f3n verde.<br><br>En 2020, en Mijas se recicl\u00f3 2.028 toneladas de vidrio, m\u00e1s de 23 kilos por habitante, y tenemos m\u00e1s de 680 contenedores repartidos por todo el municipio, lo que supone un ingl\u00fa por cada 125 habitantes. Es por ello que desde el Consistorio mije\u00f1o nos sumamos al movimiento reverde para cuidar nuestra tierra. Y t\u00fa, \u00bferes reverde? Ay\u00fadanos a ser un municipio verde. M\u00e1s informaci\u00f3n en <a href=\"http:\/\/www.banderaverde.es\">www.banderaverde.es<\/a>.<\/p>\n\n\n\n<hr class=\"wp-block-separator has-css-opacity\"\/>\n\n\n\n<p> <strong>CONCURSO YO SOY REVERDE<\/strong> <\/p>\n\n\n\n<p>Entre otras iniciativas, ponemos en marcha el concurso Yo soy reverde por el que dos usuarios podr\u00e1n conseguir dos miniugl\u00fas de la campa\u00f1a.<\/p>\n\n\n\n<figure class=\"wp-block-video\"><video controls src=\"https:\/\/www.mijas.es\/wp-content\/uploads\/2021\/08\/YO%20SOY%20REVERDE%20AGOST21.mp4\"><\/video><\/figure>\n\n\n\n<p>PLAZO DE PARTICIPACI\u00d3N: 16 de agosto al 5 de septiembre.<br><br>C\u00d3MO PARTICIPAR: Env\u00edanos una imagen reciclando vidrio al correo electr\u00f3nico <a href=\"mailto:yoreciclovidrio@mijas.es\">yoreciclovidrio@mijas.es<\/a>. En el asunto deber\u00e1 aparecer YO RECICLO VIDRIO MIJAS y en el texto se deber\u00e1 incluir los siguientes datos:<br>&#8211; Nombre y apellidos<br>&#8211; T\u00edtulo de la foto<br>&#8211; Tel\u00e9fono y correo de contacto<br><br>QUI\u00c9NES PUEDEN PARTICIPAR:&nbsp; Cualquier usuario mayor de edad.<br><br>EN QU\u00c9 CONSISTE EL PREMIO: Un minigl\u00fa de la campa\u00f1a de Ecovidrio.<br><br>C\u00d3MO SE DECIDIR\u00c1N LOS GANADORES:&nbsp; Todas las im\u00e1genes que lleguen al correo <a href=\"mailto:yoreciclovidrio@mijas.es\">yoreciclovidrio@mijas.es<\/a> se subir\u00e1n diariamente a una galer\u00eda alojada en el perfil de facebook del Ayuntamiento de Mijas bajo el nombre Yo soy reverde. Las dos fotos que consigan m\u00e1s me gustas hasta el pr\u00f3ximo 5 de septiembre ganar\u00e1n un minigl\u00fa de la campa\u00f1a. Los ganadores ser\u00e1n anunciados en los distintos medios de comunicaci\u00f3n y redes oficiales del Ayuntamiento de Mijas.<\/p>\n","protected":false},"excerpt":{"rendered":"<p>El Ayuntamiento de Mijas ha renovado al completo la flota de contenedores con la implantaci\u00f3n de 2.000 nuevas unidades. Estos contenedores est\u00e1n distribuidos por los m\u00e1s de 600 puntos de recogida del municipio, mejorando el impacto visual y tambi\u00e9n la eficiencia en la recogida de residuos. Entre esa nueva flota se encuentran dos modelos nuevos [&hellip;]<\/p>\n","protected":false},"author":9,"featured_media":34008,"parent":0,"menu_order":0,"comment_status":"closed","ping_status":"closed","template":"page-departamental.php","meta":[],"_links":{"self":[{"href":"https:\/\/www.mijas.es\/portal\/wp-json\/wp\/v2\/pages\/42553"}],"collection":[{"href":"https:\/\/www.mijas.es\/portal\/wp-json\/wp\/v2\/pages"}],"about":[{"href":"https:\/\/www.mijas.es\/portal\/wp-json\/wp\/v2\/types\/page"}],"author":[{"embeddable":true,"href":"https:\/\/www.mijas.es\/portal\/wp-json\/wp\/v2\/users\/9"}],"replies":[{"embeddable":true,"href":"https:\/\/www.mijas.es\/portal\/wp-json\/wp\/v2\/comments?post=42553"}],"version-history":[{"count":10,"href":"https:\/\/www.mijas.es\/portal\/wp-json\/wp\/v2\/pages\/42553\/revisions"}],"predecessor-version":[{"id":54907,"href":"https:\/\/www.mijas.es\/portal\/wp-json\/wp\/v2\/pages\/42553\/revisions\/54907"}],"wp:featuredmedia":[{"embeddable":true,"href":"https:\/\/www.mijas.es\/portal\/wp-json\/wp\/v2\/media\/34008"}],"wp:attachment":[{"href":"https:\/\/www.mijas.es\/portal\/wp-json\/wp\/v2\/media?parent=42553"}],"curies":[{"name":"wp","href":"https:\/\/api.w.org\/{rel}","templated":true}]}}