{"id":37194,"date":"2021-04-26T16:51:00","date_gmt":"2021-04-26T15:51:00","guid":{"rendered":"https:\/\/www.mijas.es\/portal\/?page_id=37194"},"modified":"2021-12-10T15:09:20","modified_gmt":"2021-12-10T14:09:20","slug":"listado-de-alumnos-mijas-impulsa-fomento-del-empleo","status":"publish","type":"page","link":"https:\/\/www.mijas.es\/portal\/fomento-empleo\/listado-de-alumnos-mijas-impulsa-fomento-del-empleo\/","title":{"rendered":"Selecci\u00f3n de Alumnos Mijas Impulsa POEFE &#8211; Fomento del Empleo"},"content":{"rendered":"\n<div class=\"py-5 text-center text-white h-90 align-items-center d-flex\">\n<img decoding=\"async\" class=\"img-fluid d-block\" src=\"https:\/\/www.mijas.es\/wp-content\/uploads\/2021\/05\/cabecera-mijas-impulsa.png\">\t \t    \n        <\/div>\n\n\n\n<div class=\"py-3 text-center\">\n<div class=\"container\">\n<div class=\"row\">\n<div class=\"mx-auto col-md-10\">\n<i class=\"far fa-star fa-lg fa-3x\" style=\"color: #f7a744;\"><\/i><p><\/p>\n<h1 style=\"font-size: 24px;\">LISTADO SELECCI\u00d3N DE ALUMNOS<\/h1>\n<h1 style=\"font-size: 24px; color: #3e8e96;\">ITINERARIOS MIJAS IMPULSA POEFE<\/h1>\n<div style=\"border-bottom: 1px solid #f7a744; ; text-align: center;\"><\/div><\/div><\/div><\/div><\/div>\n\n\n\n<div style=\"height:53px\" aria-hidden=\"true\" class=\"wp-block-spacer\"><\/div>\n\n\n\n<div class=\"wp-block-image\">\n<figure class=\"aligncenter size-large is-resized\">\n<img decoding=\"async\" src=\"https:\/\/www.mijas.es\/wp-content\/uploads\/2021\/05\/alumnos.png\" alt=\"mijas impulsa\" class=\"d-block img-fluid\" width=\"450\" height=\"429\"><div style=\"border-bottom: 1px solid #f3e8e96 text-align: center;\">\n<\/div>\n<\/figure>\n<\/div>\n\n\n\n\n\n\n\n<div class=\"py-0\">\n<div class=\"container\">\n<div class=\"row\">\n<div class=\"col-md-12 p-3 col-md-6\">\n<div class=\"card\">\n<div class=\"card-body p-6\">\n<h2 style=\"color: #f7a744;\"><b>Selecci\u00f3n de Alumnos<\/b><\/h2>\n<p class=\"mb-3\"><b><span style=\"color: #3e8e96;\">Listado de Alumnos admitidos y excluidos<\/span><\/b><\/p>\n<div class=\"line-yellow-separate\" style=\"border-left: 1px solid #f7a744; padding-left: 30px;\">\n<ul class=\"fa-ul\">\n\n<li><i class=\"fa-li fa fa-check-square\" style=\"color: #008ea9;\"><\/i>Itinerario \u201cLimpieza de Superficies\u201d-&nbsp;<a href=\"https:\/\/www.mijas.es\/wp-content\/uploads\/2021\/12\/ACTA%20SELECCI%C3%93N%20LIMPIEZA%20DE%20SUPERFICIES%202.pdf\" target=\"_blank\" rel=\"noopener noreferrer\">Descargar <i class=\"far fa-file-pdf\" style=\"color: #c00;\"><\/i><\/a><\/li>\n\n<li><i class=\"fa-li fa fa-check-square\" style=\"color: #008ea9;\"><\/i>Itinerario de T\u00e9cnico en Gesti\u00f3n y Log\u00edstica de Almacenes-&nbsp;<a href=\"https:\/\/www.mijas.es\/wp-content\/uploads\/2021\/10\/ACTA%20SELECCI%C3%93N%20GESTI%C3%93N%20DE%20ALMACENES.pdf\" target=\"_blank\" rel=\"noopener noreferrer\">Descargar <i class=\"far fa-file-pdf\" style=\"color: #c00;\"><\/i><\/a><\/li>\n\n<li><i class=\"fa-li fa fa-check-square\" style=\"color: #008ea9;\"><\/i>Itinerario de Atenci\u00f3n socio-sanitaria en instituciones-&nbsp;<a href=\"https:\/\/www.mijas.es\/wp-content\/uploads\/2021\/10\/20211001091518253.pdf\" target=\"_blank\" rel=\"noopener noreferrer\">Descargar <i class=\"far fa-file-pdf\" style=\"color: #c00;\"><\/i><\/a><\/li>\n\n<li><i class=\"fa-li fa fa-check-square\" style=\"color: #008ea9;\"><\/i>Itinerario de Operaciones de grabaci\u00f3n y tratamiento de datos-&nbsp;<a href=\"https:\/\/www.mijas.es\/wp-content\/uploads\/2021\/09\/20210928132649602.pdf\" target=\"_blank\" rel=\"noopener noreferrer\">Descargar <i class=\"far fa-file-pdf\" style=\"color: #c00;\"><\/i><\/a><\/li>\n<li><i class=\"fa-li fa fa-check-square\" style=\"color: #008ea9;\"><\/i>Itinerario de Operaciones de grabaci\u00f3n y tratamiento de datos Listado Definitivo-&nbsp;<a href=\"https:\/\/www.mijas.es\/wp-content\/uploads\/2021\/10\/Listado%20definitvo%20Curso%20Grabaci%C3%B3n%20de%20datos.pdf\" target=\"_blank\" rel=\"noopener noreferrer\">Descargar <i class=\"far fa-file-pdf\" style=\"color: #c00;\"><\/i><\/a><\/li>\n\n<li><i class=\"fa-li fa fa-check-square\" style=\"color: #008ea9;\"><\/i>Itinerario Auxiliar Administrativo 2\u00aa Edici\u00f3n-&nbsp;<a href=\"https:\/\/www.mijas.es\/wp-content\/uploads\/2021\/04\/ACTA-SELECCION-DE-AUX.-ADMINISTRATIVO-II.pdf\" target=\"_blank\" rel=\"noopener noreferrer\">Descargar <i class=\"far fa-file-pdf\" style=\"color: #c00;\"><\/i><\/a><\/li>\n<li><i class=\"fa-li fa fa-check-square\" style=\"color: #008ea9;\"><\/i>Itinerario Restauraci\u00f3n con Ingl\u00e9s-Camarero 2\u00aa Edici\u00f3n-&nbsp;<a href=\"https:\/\/www.mijas.es\/wp-content\/uploads\/2021\/04\/ACTA-SELECCION-AT.-RESTAURACION-2.pdf\" target=\"_blank\" rel=\"noopener noreferrer\">Descargar <i class=\"far fa-file-pdf\" style=\"color: #c00;\"><\/i><\/a><\/li>\n<li><i class=\"fa-li fa fa-check-square\" style=\"color: #008ea9;\"><\/i>Itinerario Limpieza de Establecimientos Tur\u00edsticos 2\u00aa Edici\u00f3n-&nbsp;<a href=\"https:\/\/www.mijas.es\/wp-content\/uploads\/2021\/03\/listado-de-admitidos-limpieza-de-establecimientos-turisticos.pdf\" target=\"_blank\" rel=\"noopener noreferrer\">Descargar <i class=\"far fa-file-pdf\" style=\"color: #c00;\"><\/i><\/a><\/li>\n<li><i class=\"fa-li fa fa-check-square\" style=\"color: #008ea9;\"><\/i>Itinerario Jardinero\/a de en Zonas Tur\u00edsticas 2\u00aa Edici\u00f3n-&nbsp;<a href=\"https:\/\/www.mijas.es\/wp-content\/uploads\/2021\/03\/listado-de-admitidos-Jardinero-a-en-zonas-turisticas.pdf\" target=\"_blank\" rel=\"noopener noreferrer\">Descargar <i class=\"far fa-file-pdf\" style=\"color: #c00;\"><\/i><\/a><\/li>\n<li><i class=\"fa-li fa fa-check-square\" style=\"color: #008ea9;\"><\/i>Itinerario Comunnity Manager 1\u00aa Edici\u00f3n-&nbsp;<a href=\"http:\/\/www.mijas.es\/wp-content\/uploads\/2020\/09\/4.2%20Acta%20de%20selecci%C3%B3n%20publicada.pdf\" target=\"_blank\" rel=\"noopener noreferrer\">Descargar <i class=\"far fa-file-pdf\" style=\"color: #c00;\"><\/i><\/a><\/li>\n<li><i class=\"fa-li fa fa-check-square\" style=\"color: #008ea9;\"><\/i>Itinerario Fontaner\u00eda y Climatizaci\u00f3n 1\u00aa Edici\u00f3n-&nbsp;<a href=\"https:\/\/www.mijas.es\/wp-content\/uploads\/2020\/11\/Listado%20alumnos%20curso%20Fontaneria.pdf\" target=\"_blank\" rel=\"noopener noreferrer\">Descargar <i class=\"far fa-file-pdf\" style=\"color: #c00;\"><\/i><\/a><\/li>\n<li><i class=\"fa-li fa fa-check-square\" style=\"color: #008ea9;\"><\/i>Itinerario Dinamizaci\u00f3n de Tiempo Libre 2\u00aa Edici\u00f3n-&nbsp;<a href=\"https:\/\/www.mijas.es\/files\/adjuntos\/Fomento\/LISTA%20ADMITIDOS%20Y%20EXLUIDOS%20PDF.pdf\" target=\"_blank\" rel=\"noopener noreferrer\">Descargar <i class=\"far fa-file-pdf\" style=\"color: #c00;\"><\/i><\/a><\/li>\n<li><i class=\"fa-li fa fa-check-square\" style=\"color: #008ea9;\"><\/i>Itinerario Auxiliar Administrativo 1\u00aa Edici\u00f3n-&nbsp;<a href=\"https:\/\/www.mijas.es\/files\/adjuntos\/Fomento\/acta-seleccion-admin.pdf\" target=\"_blank\" rel=\"noopener noreferrer\">Descargar <i class=\"far fa-file-pdf\" style=\"color: #c00;\"><\/i><\/a><\/li>\n<li><i class=\"fa-li fa fa-check-square\" style=\"color: #008ea9;\"><\/i>Itinerario Dinamizaci\u00f3n de Tiempo Libre 1\u00aa Edici\u00f3n-&nbsp;<a href=\"https:\/\/www.mijas.es\/files\/adjuntos\/Fomento\/acta-selecci\u00f3n definitiva-tl.pdf\" target=\"_blank\" rel=\"noopener noreferrer\">Descargar <i class=\"far fa-file-pdf\" style=\"color: #c00;\"><\/i><\/a><\/li>\n<li><i class=\"fa-li fa fa-check-square\" style=\"color: #008ea9;\"><\/i>Itinerario Limpieza de Superficies 1\u00aa Edici\u00f3n-&nbsp;<a href=\"https:\/\/www.mijas.es\/files\/adjuntos\/Fomento\/Acta-Selecci\u00f3n-Limpieza-en-Superficies-2.pdf\" target=\"_blank\" rel=\"noopener noreferrer\">Descargar <i class=\"far fa-file-pdf\" style=\"color: #c00;\"><\/i><\/a><\/li>\n<li><i class=\"fa-li fa fa-check-square\" style=\"color: #008ea9;\"><\/i>Itinerario Jardinero\/a de en Zonas Tur\u00edsticas 1\u00aa Edici\u00f3n-&nbsp;<a href=\"https:\/\/www.mijas.es\/wp-content\/uploads\/2021\/04\/Listado-alumnos-Jardineria-1o-Ediccion.pdf\" target=\"_blank\" rel=\"noopener noreferrer\">Descargar <i class=\"far fa-file-pdf\" style=\"color: #c00;\"><\/i><\/a><\/li>\n<li><i class=\"fa-li fa fa-check-square\" style=\"color: #008ea9;\"><\/i>Itinerario Atenci\u00f3n Socio Sanitaria 1\u00aa Edici\u00f3n-&nbsp;<a href=\"https:\/\/www.mijas.es\/wp-content\/uploads\/2021\/04\/4.2-Acta-de-seleccion-publicada-SOCIOSANITARIO.pdf\" target=\"_blank\" rel=\"noopener noreferrer\">Descargar <i class=\"far fa-file-pdf\" style=\"color: #c00;\"><\/i><\/a><\/li>\n<li><i class=\"fa-li fa fa-check-square\" style=\"color: #008ea9;\"><\/i>Itinerario Operaciones B\u00e1sicas de Catering 1\u00aa Edici\u00f3n-&nbsp;<a href=\"http:\/\/www.mijas.es\/files\/adjuntos\/Fomento\/operaciones%20basicas\/Acta%20Selecci%C3%B3n%20Operaciones%20B%C3%A1sicas%20de%20Catering.pdf\" target=\"_blank\" rel=\"noopener noreferrer\">Descargar <i class=\"far fa-file-pdf\" style=\"color: #c00;\"><\/i><\/a><\/li>\n<li><i class=\"fa-li fa fa-check-square\" style=\"color: #008ea9;\"><\/i>Itinerario Limpieza de Establecimientos Tur\u00edsticos 1\u00aa Edici\u00f3n-&nbsp;<a href=\"https:\/\/www.mijas.es\/wp-content\/uploads\/2021\/04\/4.2-Acta-Seleccion-Publicada-LIMPIEZS-ESTABLE..pdf\" target=\"_blank\" rel=\"noopener noreferrer\">Descargar <i class=\"far fa-file-pdf\" style=\"color: #c00;\"><\/i><\/a><\/li>\n<\/ul>\n<\/div>\n<\/div>\n<\/div>\n<\/div>\n<\/div>\n<\/div><\/div>\n\n\n\n<div style=\"height:43px\" aria-hidden=\"true\" class=\"wp-block-spacer\"><\/div>\n\n\n\n<h3 class=\"text-center\" style=\"font-size: 24px;\">MEN\u00da <span style=\"color: #3e8e96;\">MIJAS IMPULSA POEFE<\/span><\/h3>\n<div style=\"border-bottom: 1px solid #f7a744; text-align-center: left; font-size: 18px; padding: 10px 0px;\">&nbsp;<\/div>\n<div class=\"text-center\">\n<div class=\"container\">\n<div class=\"row justify-content-center\">\n<div class=\"col-md-4 col-4 p-4\">\n<img decoding=\"async\" class=\"img-fluid mx-auto d-block\" src=\"https:\/\/www.mijas.es\/wp-content\/uploads\/2021\/05\/icono-raton-e1620224070955.png\" width=\"70px\" height=\"70px\"><p><\/p>\n<p><strong><span style=\"color: #f7a744;\">DOCENTES<\/span><\/strong><\/p>\n<p>Selecci\u00f3n de Docentes<\/p>\n<p><a class=\"btn btn-info\" href=\"https:\/\/www.mijas.es\/portal\/fomento\/listado-de-docentes-mijas-impulsa-fomento-del-empleo\/\">Ir a la p\u00e1gina<\/a><\/p>\n<\/div>\n<div class=\"col-md-4 col-4 p-4\">\n<img decoding=\"async\" class=\"img-fluid mx-auto d-block\" src=\"https:\/\/www.mijas.es\/wp-content\/uploads\/2021\/05\/bombilla3-e1620224045130.png\" width=\"70px\" height=\"70px\"><p><\/p>\n<p><strong><span style=\"color: #f7a744;\">INFORMACI\u00d3N<\/span><\/strong><\/p>\n<p>Itinerarios<\/p>\n<p><a class=\"btn btn-info\" href=\" https:\/\/www.mijas.es\/portal\/fomento\/itinerarios-mijas-impulsa-fomento-de-empleo\/\">Ir a la p\u00e1gina<\/a><\/p>\n<\/div>\n<div class=\"col-md-4 col-4 p-4\">\n<img decoding=\"async\" class=\"img-fluid mx-auto d-block\" src=\"https:\/\/www.mijas.es\/wp-content\/uploads\/2021\/05\/icono-usu-e1620224233756.png\" width=\"70px\" height=\"70px\"><p><\/p>\n<p><strong><span style=\"color:  #f7a744;\">INSCRIPCI\u00d3N<\/span><\/strong><\/p>\n<p>Itinerarios<\/p>\n<p><a class=\"btn btn-info\" href=\"https:\/\/www.mijas.es\/portal\/fomento\/mijas-impulsa-fomento-de-empleo\/\">Ir a la p\u00e1gina<\/a><\/p>\n<\/div>\n<\/div>\n<\/div>\n<\/div>\n<\/div>\n\n\n\n<div style=\"height:27px\" aria-hidden=\"true\" class=\"wp-block-spacer\"><\/div>\n\n\n\n<p style=\"font-size:17px\">                                                                                              <\/p>\n\n\n\n\n\n<div class=\"py-5\">\n    <div class=\"container\">\n      <div class=\"row\">\n        <div class=\"col-lg-8\">\n<h3><strong>\u00c1REA DE FOMENTO DEL EMPLEO AYUNTAMIENTO DE MIJAS<\/strong><\/h3>\n<p>Avd. Andaluc\u00eda n\u00ba 3 \u2013 Las Lagunas -Mijas 29651 (M\u00e1laga)<br>\n<i class=\"fas fa-phone-volume\"><\/i> <strong>Tel\u00e9fono: <\/strong>951 26 02 83\n<br><i class=\"fas fa-envelope\"><\/i> <strong>E-mail: <\/strong><a href=\"mailto:promo.desa@mijas.es\">promo.desa@mijas.es<\/a>\n<br>\n<a href=\"https:\/\/www.facebook.com\/ImpulsaMijas\/\" target=\"_blank\" rel=\"noopener noreferrer\">\n<img decoding=\"async\" class=\"ico\" style=\"width: 27px;\" src=\"https:\/\/www.mijas.es\/wp-content\/themes\/mijas-theme\/assets\/images\/facebook-icon2.png\" alt=\"Facebook:\"> Mijas Impulsa <\/a>\n<\/p>\n<p><\/p><\/div>\n<div class=\"col-lg-8\">\n<img decoding=\"async\" class=\"img-fluid d-block\" src=\"https:\/\/www.mijas.es\/wp-content\/uploads\/2021\/05\/logo-ministerio-1.png\" widht=\"500px\" height=\"\" alt=\"\"><\/div>\n<div class=\"col-lg-7\">\n<p class=\"has-text-align-justify  has-normal-font-size\" style=\"font-size:14px;\">\nEl proyecto MIJAS IMPULSA est\u00e1 cofinanciado con el Fondo Social Europeo, dentro de las                                              ayudas previstas en el Programa Operativo de Empleo, Formaci\u00f3n y Educaci\u00f3n (Ayudas AP                                     POEFE), destinadas a Entidades Locales para la inserci\u00f3n de las personas m\u00e1s vulnerables,                                           recogida en la Orden PRA \/37\/2018 de 16 de Enero de 2018 BOE n\u00ba 21 de 24 Enero 2018<\/p>\n<\/div><\/div><\/div><\/div><\/div>\n","protected":false},"excerpt":{"rendered":"<p>LISTADO SELECCI\u00d3N DE ALUMNOS ITINERARIOS MIJAS IMPULSA POEFE Selecci\u00f3n de Alumnos Listado de Alumnos admitidos y excluidos Itinerario \u201cLimpieza de Superficies\u201d-&nbsp;Descargar Itinerario de T\u00e9cnico en Gesti\u00f3n y Log\u00edstica de Almacenes-&nbsp;Descargar Itinerario de Atenci\u00f3n socio-sanitaria en instituciones-&nbsp;Descargar Itinerario de Operaciones de grabaci\u00f3n y tratamiento de datos-&nbsp;Descargar Itinerario de Operaciones de grabaci\u00f3n y tratamiento de datos Listado [&hellip;]<\/p>\n","protected":false},"author":17,"featured_media":0,"parent":40132,"menu_order":0,"comment_status":"closed","ping_status":"closed","template":"page-departamental.php","meta":[],"_links":{"self":[{"href":"https:\/\/www.mijas.es\/portal\/wp-json\/wp\/v2\/pages\/37194"}],"collection":[{"href":"https:\/\/www.mijas.es\/portal\/wp-json\/wp\/v2\/pages"}],"about":[{"href":"https:\/\/www.mijas.es\/portal\/wp-json\/wp\/v2\/types\/page"}],"author":[{"embeddable":true,"href":"https:\/\/www.mijas.es\/portal\/wp-json\/wp\/v2\/users\/17"}],"replies":[{"embeddable":true,"href":"https:\/\/www.mijas.es\/portal\/wp-json\/wp\/v2\/comments?post=37194"}],"version-history":[{"count":93,"href":"https:\/\/www.mijas.es\/portal\/wp-json\/wp\/v2\/pages\/37194\/revisions"}],"predecessor-version":[{"id":44615,"href":"https:\/\/www.mijas.es\/portal\/wp-json\/wp\/v2\/pages\/37194\/revisions\/44615"}],"up":[{"embeddable":true,"href":"https:\/\/www.mijas.es\/portal\/wp-json\/wp\/v2\/pages\/40132"}],"wp:attachment":[{"href":"https:\/\/www.mijas.es\/portal\/wp-json\/wp\/v2\/media?parent=37194"}],"curies":[{"name":"wp","href":"https:\/\/api.w.org\/{rel}","templated":true}]}}