{"id":34866,"date":"2021-03-17T15:53:04","date_gmt":"2021-03-17T14:53:04","guid":{"rendered":"https:\/\/www.mijas.es\/portal\/?page_id=34866"},"modified":"2021-09-21T10:19:33","modified_gmt":"2021-09-21T09:19:33","slug":"informacion-mijas-impulsa","status":"publish","type":"page","link":"https:\/\/www.mijas.es\/portal\/fomento-empleo\/informacion-mijas-impulsa\/","title":{"rendered":"Informaci\u00f3n Mijas Impulsa POEFE &#8211; Fomento del Empleo"},"content":{"rendered":"\n<div id=\"arriba\"><\/div>\n\n\n\n<div class=\"py-5 text-center text-white h-90 align-items-center d-flex\">\n<img decoding=\"async\" class=\"img-fluid d-block\" src=\" https:\/\/www.mijas.es\/wp-content\/uploads\/2021\/05\/cabecera-mijas-impulsa.png\">\n <\/div>\n\n\n\n<div class=\"py-3 text-center\">\n<div class=\"container\">\n<div class=\"row\">\n<div class=\"mx-auto col-md-12\"><i class=\"far fa-star fa-lg fa-3x\" style=\"color: #f7a744;\"><\/i>\n<p><\/p>\n<h3 style=\"font-size: 24px;\">INFORMACI\u00d3N<br><span style=\"color: #3e8e96;\">MIJAS IMPULSA POEFE<\/span><\/h3>\n<\/div>\n<\/div>\n<\/div>\n<\/div>\n\n\n\n<div class=\"wp-block-image is-style-rounded\"><figure class=\"aligncenter size-large is-resized\"><img decoding=\"async\" src=\"https:\/\/www.mijas.es\/wp-content\/uploads\/2021\/05\/CABECERA3-1024x576.png\" alt=\"\" class=\"img-fluid\" width=\"759\" height=\"426\"\/><\/figure><\/div>\n\n\n\n<div style=\"height:35px\" aria-hidden=\"true\" class=\"wp-block-spacer\"><\/div>\n\n\n\n\n\n<div class=\"container\">\n<div class=\" row justify-content-center\">\n<div class=\"col-md-12 align-self-start\">\n<h2 class=\"mb-3 text-center\" style=\"color: #3e8e96;\">QU\u00c9 ES MIJAS IMPULSA<\/h2>\n<div style=\"border-bottom: 1px solid #f7a744;\"><\/div>\n<div class=\"row  justify-content-center text-center\">\n<div class=\"col-md-6 justify-content-center align-items-center\" style=\"padding-bottom: 5px; padding-top: 5px;\">\n<img decoding=\"async\" class=\"img-fluid mx auto d-block\" src=\"https:\/\/www.mijas.es\/wp-content\/uploads\/2021\/05\/que-es-mijas-impulsa-poefe.png\" widht=\"400px\" height=\"500px\">\n<\/div>\n<h3 class=\"text-info\"><\/h3><\/div>\n<div class=\"row\">\n<div class=\"col-md-12\">\n<p class=\"text-justify\">Desde el \u00c1rea de Fomento del Empleo del Ayuntamiento de Mijas gestiona el Proyecto Mijas IMPULSA en el marco de la convocatoria 2018 de Ayudas del Fondo Social Europeo previstas en el Programa Operativo de Empleo, Formaci\u00f3n y Educaci\u00f3n (Ayudas AP-POEFE) destinadas a entidades locales. El objetivo de estos proyectos es mejorar la inserci\u00f3n socio-laboral de las personas en situaci\u00f3n de vulnerabilidad, a trav\u00e9s de medidas de activaci\u00f3n y de itinerarios integrados y personalizados de inserci\u00f3n.<br><br>\n\nEl programa Mijas Impulsa es un proyecto gestionado por el \u00c1rea de Fomento del Empleo del Ayuntamiento de Mijas, cofinanciado por el Fondo Social Europeo en el marco del Programa Operativo de Empleo, Formaci\u00f3n y Educaci\u00f3n destinadas a las entidades locales para la inserci\u00f3n de las personas m\u00e1s vulnerables (AP-POEFE).<br><br>\nSe trata de un proyecto que contempla una formaci\u00f3n te\u00f3rica y pr\u00e1ctica profesional en entornos reales de trabajo. Para ello, el Programa se basa en la realizaci\u00f3n de un total de 19 itinerarios de formaci\u00f3n e inserci\u00f3n laboral para el periodo 2019-2021. El 75% de los itinerarios se fundamentan en los Certificados de Profesionalidad, regulados por el Real Decreto 34\/2008 de 18 de Enero que son el instrumento de acreditaci\u00f3n oficial del cat\u00e1logo nacional de Calificaciones Profesionales.<br><br>\n\nAdem\u00e1s se imparte complementariamente m\u00f3dulos de formaci\u00f3n transversal como: ingl\u00e9s, igualdad de oportunidades, igualdad de trato, no discriminaci\u00f3n y lucha contra la exclusi\u00f3n social, desarrollo sostenible, cuidado y respeto al medio ambiente, entre ellos. A su vez se celebrar\u00e1n talleres de b\u00fasqueda de empleo e inserci\u00f3n laboral y cada participante recibir\u00e1 tutor\u00edas individualizadas con el objetivo de establecer unas actuaciones dirigidas a su inserci\u00f3n laboral tras finalizar el itinerario formativo.<br><br>\n\nLas 285 personas beneficiarias del programa podr\u00e1n recibir una beca por d\u00eda de asistencia una vez finalizado con aprovechamiento el itinerario.<\/p>\n<\/div><\/div>\n<\/div>\n<div class=\"col-md-12\">\n<p>Bases de participaci\u00f3n POEFE <a href=\"https:\/\/www.mijas.es\/files\/adjuntos\/Fomento\/Bases_de_Participacion_POEFE.pdf\" target=\"_blank\" rel=\"noreferrer noopener\"><i class=\"fas fa-download\" style=\"color:#009EA9;\"><\/i><\/a><\/p>\n<div class=\"row text-align-center justify-content-center\">\n<a class=\"btn btn-secondary\"  href=\"#arriba\">Ir arriba<\/a><\/div>\n<\/div>\n<\/div>\n\n\n\n<div style=\"height:73px\" aria-hidden=\"true\" class=\"wp-block-spacer\"><\/div>\n\n\n\n<div class=\"container\">\n<div class=\" row justify-content-center\">\n<div class=\"col-md-12\">\n<h2 class=\"mb-3 text-center\" style=\"color: #3e8e96;\">DESTINATARIOS<\/h2>\n<div style=\"border-bottom: 1px solid #f7a744;\"><\/div>\n<div class=\"row\">\n<div class=\"col-md-6\" style=\"padding-bottom: 20px; padding-top: 20px;\">\n<p><img decoding=\"async\" class=\"img-fluid d-block d-block\" src=\"https:\/\/www.mijas.es\/wp-content\/uploads\/2021\/05\/destinatariosok.png\" height=\"250px\" widht=\"200px\" ><\/p>\n<\/div>\n<div class=\"col-md-6\">\n<h3 class=\"text-info\">&nbsp;<\/h3>\n<div id=\"destinatarios\">&nbsp;<\/div>\n<p class=\"text-justify\">Los destinatarios de los itinerarios formativos del proyecto ser\u00e1n personas desempleadas inscritas como demandantes de empleo en el Servicio Andaluz de Empleo, con la tarjeta de demanda en vigor, al inicio del itinerario formativo y con el nivel educativo requerido para cada itinerario y deber\u00e1n pertenecer a alguno de los colectivos vulnerables.<\/p>\n<p>&nbsp;<\/p>\n<a class=\"btn btn-secondary\" href=\"#arriba\">Ir arriba<\/a>\n<\/div>\n<\/div>\n<\/div>\n<\/div>\n\n\n\n<div style=\"height:63px\" aria-hidden=\"true\" class=\"wp-block-spacer\"><\/div>\n\n\n\n<div class=\"container\">\n<div class=\"row\">\n<div class=\"col-md-6 d-flex flex-column justify-content-center\">\n<h2 class=\"mb-3 text-center\" style=\"color: #3e8e96;\">COLECTIVOS VULNERABLES<\/h2>\n<div style=\"border-bottom: 1px solid #f7a744;\"><\/div>\n<p class=\"mb-4\">La oferta del \u00c1rea de Fomento del Empleo en este sentido va dirigida a la poblaci\u00f3n desempleada y prioritariamente a los siguientes <span style=\"color: #3e8e96;\"> COLECTIVOS: <\/span><\/p>\n<\/div>\n<div class=\"col-md-6 d-flex flex-column justify-content-center order-3 order-lg-3\">\n\n<img decoding=\"async\" class=\"d-block img-fluid\" src=\"https:\/\/www.mijas.es\/wp-content\/uploads\/2021\/05\/col-vulnerable.png\" widht=\"190px\" height=\"165px\">\n<\/div>\n<\/div>\n<div class=\"row\">\n<div class=\"col-md-6\">\n<h4 class=\"my-3 \" style=\"color: #3e8e96;\"><b>\n<i class=\"fas fa-user-friends fa-1x\" style=\"color: #f7a744;\"><\/i>\n&nbsp;&nbsp;&nbsp;&nbsp;&nbsp;Colectivos<\/b><\/h4>\n<div style=\"border-bottom: 1px solid #f7a744;\"><\/div>\n<ul>\n<li>Personas desempleadas de larga duraci\u00f3n menor de 25 a\u00f1os (inscritos SAE m\u00e1s 6 meses consecutivos).<\/li>\n<li>Personas desempleadas de larga dura-ci\u00f3n igual o mayor de 25 a\u00f1os (inscritos SAE m\u00e1s de 12 meses consecutivos).<\/li>\n<li>J\u00f3venes menores de 30 a\u00f1os no aten-didos por el Programa Operativo de Empleo Juvenil (POEJ).<\/li>\n<li>Personas mayores de 55 a\u00f1os.<\/li>\n<li>Personas con discapacidad.<\/li>\n<li>Inmigrantes.<\/li>\n<li>Personas solicitantes de asilo.<\/li>\n<li>Minor\u00edas \u00e9tnicas y otras comunidades marginadas.<\/li>\n<\/ul>\n<\/div>\n<div class=\"col-md-6\">\n<h4 class=\"my-3\" style=\"color: #3e8e96;\"><b>\n<i class=\"fas fa-user-tie\" style=\"color: #f7a744;\"><\/i>\n&nbsp;&nbsp;&nbsp;&nbsp;&nbsp;Otros Colectivos Desfavorecidos<\/b><\/h4>\n<div style=\"border-bottom: 1px solid #f7a744;\"><\/div>\n<ul>\n<li>Personas en situaci\u00f3n de vulnerabilidad.<\/li>\n<li>Personas sin hogar.<\/li>\n<li>Personas sola con hijos a cargo.<\/li>\n<li>V\u00edctimas de violencia de g\u00e9nero.<\/li>\n<li>V\u00edctimas de discriminaci\u00f3n racial, \u00e9tnico, por orientaci\u00f3n sexual o identidad de g\u00e9nero.<\/li>\n<li>Personas con problemas de adicci\u00f3n.<\/li>\n<li>Personas reclusas y ex-reclusas.<\/li>\n<li>Personas perceptoras de rentas m\u00ednimas o salarios sociales.<\/li>\n<li>J\u00f3venes con fracaso o abandono escolar.<\/li>\n<li>Otras personas en situaci\u00f3n de vulnerabilidad acreditadas por un informe de los Servicios Sociales.<\/li>\n<\/ul>\n<a class=\"btn btn-secondary\" href=\"#arriba\">Ir arriba<\/a>\n<\/div>\n<\/div>\n<\/div>\n\n\n\n<div style=\"height:66px\" aria-hidden=\"true\" class=\"wp-block-spacer\"><\/div>\n\n\n\n<div class=\"container\">\n<div class=\" row justify-content-center\">\n<div class=\"col-md-12\">\n<h2 class=\"mb-3 text-center\" style=\"color: #3e8e96;\">DOCUMENTACI\u00d3N A PRESENTAR <br>JUNTO A LA SOLICITUD<\/h2><div style=\"border-bottom: 1px solid #f7a744; fa-2x\"><\/div>\n<p><\/p>\n<div class=\"row p-0\" style=\"display:flex;align-items-center;justify-content-center;\">\n<div class=\"col-md-4 p-0\">\n<p><\/p>\n<br><br>\n<img decoding=\"async\" class=\"mx-auto d-block\" src=\"https:\/\/www.mijas.es\/wp-content\/uploads\/2021\/05\/documentos.png\" height=\"270px\"><\/div>\n<div class=\"col-md-8 p-2\">\n<div class=\"container-fluid\">\n<div class=\"row\">\n<div class=\"col-md-12\">\n<div class=\"feature-item\">\n<ul>\n<li>Fotocopia del DNI\/NIE.<\/li>\n<li>Fotocopia del DNI\/NIE del representante legal, en caso de menores de edad.<\/li>\n<li>Demanda de empleo actualizada (Documento Renovaci\u00f3n Demanda).<\/li>\n<li>Informe Completo de Inscripci\u00f3n SAE, actualizado (Documento Curriculum Demanda).<\/li>\n<li>Informe de Periodos de Inscripci\u00f3n como demandante de Empleo, actualizado.<\/li>\n<li>Fotocopia de Vida Laboral actualizada (antig\u00fcedad no superior a 15 d\u00edas).<\/li>\n<li>Curriculum Vitae actualizado con foto de carn\u00e9 reciente.\n<li>Copia de la titulaci\u00f3n reglada exigida en el Itinerario (Estudios realizados).<\/li>\n<li>Certificado de discapacidad (m\u00ednimo 33%).<\/li>\n<li>Documentaci\u00f3n acreditativa de pertenencia a alguno de los colectivos detallados en la solicitud.<\/li>\n<\/ul>\n<p class=\"has-text-align-center\"><a class=\"btn btn-secondary\" href=\"#arriba\">Ir arriba<\/a><\/p>\n<\/div>\n<\/div>\n<\/div>\n<\/div>\n<\/div>\n<\/div>\n<\/div>\n<\/div>\n<\/div>\n<\/div>\n<\/div>\n\n\n\n<div style=\"height:58px\" aria-hidden=\"true\" class=\"wp-block-spacer\"><\/div>\n\n\n\n<div class=\"container\">\n<div class=\" row justify-content-center\">\n<div class=\"col-md-12\">\n<h2 class=\"mb-3 text-center\" style=\"color: #3e8e96;\">SOLICITUD Y LUGAR DE ENTREGA <br>DE LA DOCUMENTACI\u00d3N<\/h2>\n<div style=\"border-bottom: 1px solid #f7a744;\"><\/div>\n<\/div>\n<\/div>\n<\/div>\n\n\n\n<section id=\"events\" class=\"events\">       \n<div class=\"py-5 >\n<div class=\"container\">\n<div class=\"row\">\n    <img decoding=\"async\" class=\"img-fluid  d-block mx-auto\" src=\"https:\/\/www.mijas.es\/wp-content\/uploads\/2021\/05\/menu4.png\" widht=\"250px\" height=\"250px\">\t\n<div class=\"card\">\n<div class=\"card-body\">\n<h4 style=\"color: #f7a744;\"><strong>SOLICITUD:<\/strong><\/h4>\n<div style=\"border-bottom: 1px solid #3e8e96;\"><\/div>\n<ul class=\"list-unstyled\">\n<li>Solicitud dentro del itinerario <\/li>\n<li>abierto en plazo\n<a rel=\"noreferrer noopener\" href=\"https:\/\/www.mijas.es\/portal\/fomento\/mijas-impulsa-fomento-de-empleo\/\" target=\"_blank\">Informaci\u00f3n <i class=\"fas fa-external-link-alt\"><\/i><\/a><\/li>\n<br>\n<li> <a class=\"btn btn-outline-info\" href=\"#arriba\">Ir arriba<\/a><\/li>\n<\/ul>\n\n\n<\/div>\n<\/div>\n\n\n<div class=\"card\">\n<div class=\"card-body\">\n<h4 style=\"color: #f7a744;\"><strong>LUGAR DE ENTREGA DOCUMENTACI\u00d3N:<\/strong><\/h4>\n<div style=\"border-bottom: 1px solid #3e8e96;\"><\/div>\n<ul class=\"list-unstyled\">\n<li>De manera presencial (cita previa)  <a rel=\"noreferrer noopener\" href=\"https:\/\/ssweb.seap.minhap.es\/icpplus\/citar?org=MIJAS\" target=\"_blank\">Aqu\u00ed <i class=\"fas fa-external-link-alt\"><\/i><\/a><\/li>\n<li>Por la Sede Electr\u00f3nica <a rel=\"noreferrer noopener\" href=\"https:\/\/sede.mijas.es\/portal\/sede\/se_principal1.jsp?codResi=1&#038;language=es\" target=\"_blank\">Aqu\u00ed <i class=\"fas fa-external-link-alt\"><\/i><\/a><\/li>\n<br>\n<\/li><a class=\"btn btn-outline-info\" href=\"#arriba\">Ir arriba<\/a><\/li>\n<\/ul>\n<\/div>\n<\/div>\n<\/div>\n<\/div>\n\n<\/section>\n\n\n\n<section id=\"request-quote\" class=\"py-5 request-quote bg-info\">\n<div class=\"container-fluid container-fluid-max\">\n<div class=\"row justify-content-center\">\n<div class=\"col-12 col-md-auto py-3 text-center\">\n<h3 class=\"mb-0 text-white\"><strong>ITINEARIOS EN PLAZO DE SOLICITUD<\/strong><\/h3>\n<p class=\"mb-0 text-white font-weight-normal\">Consulte los itinerarios en plazo de Solicitud <br>Mijas Impulsa POEFE<\/p>\n<p>&nbsp;<\/p>\n<\/div>\n<div class=\"col-12 col-md-auto d-flex justify-content-center align-items-center\">\n<p><a class=\"btn bg-secondary text-white font-weight-bold\" href=\"https:\/\/www.mijas.es\/portal\/fomento\/mijas-impulsa-fomento-de-empleo\/\">PULSE PARA ENTRAR <i class=\"ml-1 fas fa-hand-point-right\"><\/i><\/a><\/p>\n<\/div>\n<\/div>\n<\/div>\n<\/section><\/div>\n\n\n\n<style>\n  .events .card {\n  border: 0;\n  padding: 0 30px;\n  margin-bottom: 60px;\n  position: relative;\n}\n\n.events .card-img {\n  width: calc(100% + 60px);\n  margin-left: -30px;\n  overflow: hidden;\n  z-index: 9;\n  border-radius: 0;\n}\n\n.events .card-img img {\n  max-width: 100%;\n  transition: all 0.3s ease-in-out;\n}\n\n.events .card-body {\n  z-index: 10;\n  background: #fff;\n  border-top: 4px solid #fff;\n  padding: 30px;\n  box-shadow: 0px 2px 15px rgba(0, 0, 0, 0.1);\n  margin-top: -60px;\n  transition: 0.3s;\n}\n\n.events .card-title {\n  font-weight: 700;\n  text-align: center;\n  margin-bottom: 20px;\n}\n\n.events .card-title a {\n  color: #37423b;\n  transition: 0.3s;\n}\n\n.events .card-text {\n  color: #5e5e5e;\n}\n\n.events .read-more a {\n  color: #777777;\n  text-transform: uppercase;\n  font-weight: 600;\n  font-size: 12px;\n  transition: 0.3s;\n}\n\n.events .read-more a:hover {\n  color: #5fcf80;\n}\n\n.events .card:hover img {\n  transform: scale(1.1);\n}\n\n.events .card:hover .card-body {\n  border-color: #f7a744;\n}\n\n.events .card:hover .card-body .card-title a {\n  color: #f7a744;\n}\n<\/style>\n\n\n\n<div class=\"py-5\">\n    <div class=\"container\">\n      <div class=\"row\">\n        <div class=\"col-md-12 text-center\"> \n\t\t<i class=\"far fa-star fa-lg fa-3x\" style=\"color: #f7a744;\"><\/i><p><\/p>\n\t\t          <h3 style=\"font-size:24px;\">MEN\u00da \n<span style=\"color:#3e8e96\">MIJAS IMPULSA POEFE<\/span><\/3h> <p><\/p>\n<div style=\" border-bottom:1px solid #f7a744;; text-align:left\">    <\/div><br>\n <\/div> <\/div>\n\n\n\n<div class=\"row text-center\">\n<div class=\"col-lg-3 col-3\">\n<img decoding=\"async\" class=\"img-fluid mx-auto d-block\" src=\"https:\/\/www.mijas.es\/wp-content\/uploads\/2021\/05\/icono-raton-e1620224070955.png\" width=\"70px\" height=\"70px\">\n<p style=\"font-size:14px;\"><strong><span style=\"color: #f7a744;\">ALUMNOS<\/span><\/strong><\/p>\n<p>Selecci\u00f3n de Alumnos<\/p>\n<a class=\"btn btn-outline-info\" href=\"https:\/\/www.mijas.es\/portal\/fomento\/listado-de-alumnos-mijas-impulsa-fomento-del-empleo\/\">Ir a la p\u00e1gina<\/a>\n<\/div>\n<div class=\"col-lg-3 col-3\">\n<img decoding=\"async\" class=\"img-fluid mx-auto d-block\" src=\"https:\/\/www.mijas.es\/wp-content\/uploads\/2021\/05\/bombilla3-e1620224045130.png\" width=\"70px\" height=\"70px\">\n<p style=\"font-size:14px;\"><strong><span style=\"color: #f7a744;\">DOCENTES<\/span><\/strong><\/p>\n<p>Selecci\u00f3n de Docentes<\/p>\n<a class=\"btn btn-outline-info\" href=\"https:\/\/www.mijas.es\/portal\/fomento\/listado-de-docentes-mijas-impulsa-fomento-del-empleo\/\">Ir a la p\u00e1gina<\/a>\n<\/div>\n<div class=\"col-lg-3 col-3\">\n<img decoding=\"async\" class=\"img-fluid mx-auto d-block\" src=\"https:\/\/www.mijas.es\/wp-content\/uploads\/2021\/05\/iconoc.png\" width=\"70px\" height=\"70px\">\n<p style=\"font-size:14px;\"><strong><span style=\"color:  #f7a744;\">INSCRIPCI\u00d3N<\/span><\/strong><\/p>\n<p>Itinerarios<\/p>\n<a class=\"btn btn-outline-info\" href=\"https:\/\/www.mijas.es\/portal\/fomento\/mijas-impulsa-fomento-de-empleo\/\">Ir a la p\u00e1gina<\/a>\n<\/div>\n<div class=\"col-lg-3 col-3\">\n<img decoding=\"async\" class=\"mx-auto d-block\" src=\"https:\/\/www.mijas.es\/wp-content\/uploads\/2021\/05\/icono-libreta-1-e1620224092233.png\" width=\"70px\" height=\"70px\">\n<p style=\"font-size:14px;\"><strong><span style=\"color:  #f7a744;\">ITINERARIOS<\/span><\/strong><\/p>\n<p>Finalizados\/En ejecuci\u00f3n<\/p>\n<a class=\"btn btn-outline-info\" href=\"https:\/\/www.mijas.es\/portal\/fomento\/itinerarios-desglose-fomento-de-empleo\/\">Ir a la p\u00e1gina<\/a>\n<\/div>\n<\/div>\n\n\n\n<div style=\"height:43px\" aria-hidden=\"true\" class=\"wp-block-spacer\"><\/div>\n\n\n\n<div class=\"py-5\">\n    <div class=\"container\">\n      <div class=\"row\">\n        <div class=\"col-lg-8\">\n<h3><strong>\u00c1REA DE FOMENTO DEL EMPLEO AYUNTAMIENTO DE MIJAS<\/strong><\/h3>\n<p>Avd. Andaluc\u00eda n\u00ba 3 \u2013 Las Lagunas -Mijas 29651 (M\u00e1laga)<br>\n<i class=\"fas fa-phone-volume\"><\/i> <strong>Tel\u00e9fono: <\/strong>951 26 02 83\n<br><i class=\"fas fa-envelope\"><\/i> <strong>E-mail: <\/strong><a href=\"mailto:promo.desa@mijas.es\">promo.desa@mijas.es<\/a>\n<br>\n<a href=\"https:\/\/www.facebook.com\/ImpulsaMijas\/\" target=\"_blank\" rel=\"noopener noreferrer\">\n<img decoding=\"async\" class=\"ico\" style=\"width: 27px;\" src=\"https:\/\/www.mijas.es\/wp-content\/themes\/mijas-theme\/assets\/images\/facebook-icon2.png\" alt=\"Facebook:\"> Mijas Impulsa <\/a>\n<\/p>\n<p><\/p><\/div>\n<div class=\"col-lg-8\">\n<img decoding=\"async\" class=\"img-fluid d-block\" src=\"https:\/\/www.mijas.es\/wp-content\/uploads\/2021\/05\/logo-ministerio-1.png\" widht=\"500px\" height=\"\" alt=\"\"><\/div>\n<div class=\"col-lg-7\">\n<p class=\"has-text-align-justify  has-normal-font-size\" style=\"font-size:14px;\">\nEl proyecto MIJAS IMPULSA est\u00e1 cofinanciado con el Fondo Social Europeo, dentro de las                                              ayudas previstas en el Programa Operativo de Empleo, Formaci\u00f3n y Educaci\u00f3n (Ayudas AP                                     POEFE), destinadas a Entidades Locales para la inserci\u00f3n de las personas m\u00e1s vulnerables,                                           recogida en la Orden PRA \/37\/2018 de 16 de Enero de 2018 BOE n\u00ba 21 de 24 Enero 2018<\/p>\n<\/div><\/div><\/div><\/div><\/div>\n\n\n\n<p><\/p>\n","protected":false},"excerpt":{"rendered":"<p>INFORMACI\u00d3NMIJAS IMPULSA POEFE QU\u00c9 ES MIJAS IMPULSA Desde el \u00c1rea de Fomento del Empleo del Ayuntamiento de Mijas gestiona el Proyecto Mijas IMPULSA en el marco de la convocatoria 2018 de Ayudas del Fondo Social Europeo previstas en el Programa Operativo de Empleo, Formaci\u00f3n y Educaci\u00f3n (Ayudas AP-POEFE) destinadas a entidades locales. El objetivo de [&hellip;]<\/p>\n","protected":false},"author":1,"featured_media":0,"parent":40132,"menu_order":0,"comment_status":"closed","ping_status":"closed","template":"page-departamental.php","meta":[],"_links":{"self":[{"href":"https:\/\/www.mijas.es\/portal\/wp-json\/wp\/v2\/pages\/34866"}],"collection":[{"href":"https:\/\/www.mijas.es\/portal\/wp-json\/wp\/v2\/pages"}],"about":[{"href":"https:\/\/www.mijas.es\/portal\/wp-json\/wp\/v2\/types\/page"}],"author":[{"embeddable":true,"href":"https:\/\/www.mijas.es\/portal\/wp-json\/wp\/v2\/users\/1"}],"replies":[{"embeddable":true,"href":"https:\/\/www.mijas.es\/portal\/wp-json\/wp\/v2\/comments?post=34866"}],"version-history":[{"count":118,"href":"https:\/\/www.mijas.es\/portal\/wp-json\/wp\/v2\/pages\/34866\/revisions"}],"predecessor-version":[{"id":43582,"href":"https:\/\/www.mijas.es\/portal\/wp-json\/wp\/v2\/pages\/34866\/revisions\/43582"}],"up":[{"embeddable":true,"href":"https:\/\/www.mijas.es\/portal\/wp-json\/wp\/v2\/pages\/40132"}],"wp:attachment":[{"href":"https:\/\/www.mijas.es\/portal\/wp-json\/wp\/v2\/media?parent=34866"}],"curies":[{"name":"wp","href":"https:\/\/api.w.org\/{rel}","templated":true}]}}