{"id":34642,"date":"2021-03-05T11:54:29","date_gmt":"2021-03-05T10:54:29","guid":{"rendered":"https:\/\/www.mijas.es\/portal\/?page_id=34642"},"modified":"2021-08-12T14:53:56","modified_gmt":"2021-08-12T13:53:56","slug":"plan-aire-fomento-del-empleo","status":"publish","type":"page","link":"https:\/\/www.mijas.es\/portal\/fomento-empleo\/plan-aire-fomento-del-empleo\/","title":{"rendered":"Plan Aire &#8211; Fomento del Empleo"},"content":{"rendered":"\n<div id=\"arriba\"><\/div>\n\n\n\n<div class=\"py-5 text-center text-white h-90 align-items-center d-flex\">\n<img decoding=\"async\" class=\"img-fluid d-block\" src=\"https:\/\/www.mijas.es\/wp-content\/uploads\/2021\/06\/cabecera-planes-1.png\">\n<\/div>\n\n\n\n<div style=\"height:37px\" aria-hidden=\"true\" class=\"wp-block-spacer\"><\/div>\n<div class=\"container\">\n        <div class=\"section-title\">\n          <span>Programa \u00abPlan Aire\u00bb<\/span>\n          <h2>Programa \u00abPlan Aire\u00bb<\/h2>\n          <h3 style=\"color: #f3be90;\">Junta de Andaluc\u00eda<\/h3>\n        <\/div>\n\n\n\n<style>\n    .section-title {\n    text-align: center;\n    padding: 30px 0;\n    position: relative;\n}\n\n.section-title span {\n  position: absolute;\n  top: 30px;\n  color: #f0f1f3;\n  left: 0;\n  right: 0;\n  z-index: 1;\n  font-weight: 700;\n  font-size: 23px;\n  text-transform: uppercase;\n  line-height: 0;\n}\n.section-title h2 {\n  font-size: 32px;\n  font-weight: 700;\n  text-transform: uppercase;\n  margin-bottom: 20px;\n  padding-bottom: 0;\n  color: #e28767;\n  position: relative;\n  z-index: 2;\n}\n<\/style>\n\n\n\n<section id=\"about\" class=\"about\">\n      <div class=\"container aos-init aos-animate\" data-aos=\"fade-up\">\n           <div class=\"row content\">\n          <div class=\"col-lg-6\">\n       \n            <ul>\n                         <li><img decoding=\"async\" src=\"https:\/\/www.mijas.es\/wp-content\/uploads\/2021\/05\/check-double-amarillo.png\">  <strong>Fomentar: <\/strong>La inserci\u00f3n laboral de personas desempleadas por parte de los ayuntamientos.<\/li>\n              <li><img decoding=\"async\" src=\"https:\/\/www.mijas.es\/wp-content\/uploads\/2021\/05\/check-double-amarillo.png\">\n<strong>Realizaci\u00f3n: <\/strong><\/strong>de proyectos que permitan mejorar su empleabilidad con la adquisici\u00f3n de una experiencia laboral vinculada a una ocupaci\u00f3n.<\/li>\n            <\/ul>\n          <\/div>\n          <div class=\"col-lg-6 pt-4 pt-lg-0\">\n            <p><strong>\n             La Iniciativa para la Activaci\u00f3n, Impulso y Recuperaci\u00f3n del Empleo, Iniciativa AIRE.<\/strong><br><br>\nNace con el objetivo de ayudar a los ayuntamientos andaluces a paliar los efectos de la crisis sanitaria por COVID-19 tras las medidas restrictivas de movilidad y actividad econ\u00f3mica adoptadas desde que se aprob\u00f3 la Declaraci\u00f3n del Estado de Alarma.\n            <\/p>\n            <a href=\"https:\/\/www.juntadeandalucia.es\/organismos\/empleoformacionytrabajoautonomo\/sae\/areas\/medidas-saecovid19\/personas-demandantes\/paginas\/iniciativa-aire.html\" class=\"btn-learn-more\">P\u00e1gina Junta de Andaluc\u00eda<\/a>\n          <\/div>\n        <\/div>\n\n      <\/div>\n\n\n\n<style>\n .about .content h3 {\n  font-weight: 600;\n  font-size: 26px;\ncolor:#efdbca;\n}\n\n.about .content ul {\n  list-style: none;\n  padding: 0;\n}\n\n.about .content ul li {\n  padding-left: 28px;\n  position: relative;\n}\n\n.about .content ul li + li {\n  margin-top: 10px;\n}\n\n.about .content ul i {\n  position: absolute;\n  left: 0;\n  top: 2px;\n  font-size: 20px;\n  color: #efdbca;\n  line-height: 1;\n}\n\n.about .content p:last-child {\n  margin-bottom: 0;\n}\n\n.about .content .btn-learn-more {\n  font-family: \"Poppins\", sans-serif;\n  font-weight: 500;\n  font-size: 16px;\n  letter-spacing: 1px;\n  display: inline-block;\n  padding: 12px 32px;\n  border-radius: 4px;\n  transition: 0.3s;\n  line-height: 1;\n  color: #e28767;\n  -webkit-animation-delay: 0.8s;\n  animation-delay: 0.8s;\n  margin-top: 6px;\n  border: 2px solid #efdbca;\n}\n\n.about .content .btn-learn-more:hover {\n  background: #efdbca;\n  color: #fff;\n  text-decoration: none;\n}\n\n\t<\/style>\n <\/section>\n\n\n\n<div style=\"height:69px\" aria-hidden=\"true\" class=\"wp-block-spacer\"><\/div>\n\n\n\n<section id=\"why-us\" class=\"why-us\">\n      <div class=\"container\">\n             <div class=\"row flex align-items-center justify-content-center\">\n          <div class=\"col-lg-6\">\n            <div class=\"box\">\n         <div class=\"wp-block-image mx-auto\">\n<figure class=\"aligncenter size-large\"><img decoding=\"async\" src=\"https:\/\/www.mijas.es\/wp-content\/uploads\/2021\/05\/cabecera-plan.png\" alt=\"plan aire mijas\" width=\"250\" height=\"200\" class=\"mx-auto \"\/><\/figure>\n\n\n\n<style>\n.why-us .box {\n  padding: 20px 20px;\n  box-shadow: 0px 2px 15px rgba(0, 0, 0, 0.1);\n  transition: all ease-in-out 0.3s;\n}\n\n.why-us .box span {\n  display: block;\n  font-size: 28px;\n  font-weight: 700;\n  color: white;\n}\n\n.why-us .box h4 {\n  font-size: 24px;\n  font-weight: 600;\n  padding: 0;\n  margin: 20px 0;\n  color: #6c665c;\n}\n\n.why-us .box p {\n  color: #aaaaaa;\n  font-size: 15px;\n  margin: 0;\n  padding: 0;\n}\n\n.why-us .box:hover {\n  background: white;\n  padding: 30px 30px 70px 30px;\n  box-shadow: 10px 15px 30px rgba(0, 0, 0, 0.18);\n}\n\n.why-us .box:hover span, .why-us .box:hover h4, .why-us .box:hover p {\n  color: #fff;\n}\n<\/style>\n    <\/section>\n\n\n\n<div class=\"container\">\n        <div class=\"section-title\">\n          <span>Guia Paso a Paso<\/span>\n          <h2>Guia Paso a Paso<\/h2>\n             <\/div>\n\n<div class=\"container\">\n    <h2 class=\"text-center page-heading bottom-indent\" style=\"color:#efdbca;\"><\/h2><br>\n    <ul class=\"timeline\" style=\" list-style: none;padding: 20px 0 20px;position: relative;\">\n        <li>\n            <div class=\"timeline-badge\">1<\/div>\n            <div class=\"timeline-panel\">\n                <div class=\"timeline-heading\">\n                    <h4 class=\"timeline-title\" >\n<img decoding=\"async\" class=\"img-fluid mx-auto d-block\" src=\"https:\/\/www.mijas.es\/wp-content\/uploads\/2021\/07\/paso1.png\" widht=\"150px\" height=\"150px\"><\/h4>\n                <\/div>\n                <div class=\"timeline-body\">\n                    <p><img decoding=\"async\" src=\"https:\/\/www.mijas.es\/wp-content\/uploads\/2021\/05\/check-double-amarillo.png\"> Puede darse de <strong>alta en el SAE<\/strong> como demandante de empleo a trav\u00e9s de este <a href=\"https:\/\/ws054.juntadeandalucia.es\/gestion-usuarios\/infoPersonas.do\">enlace.<\/a><br>\n\n<img decoding=\"async\" src=\"https:\/\/www.mijas.es\/wp-content\/uploads\/2021\/05\/check-double-amarillo.png\"> Despu\u00e9s inserte su DNI, seleccione la opci\u00f3n <strong>\u2018NO SOY UN ROBOT\u2019<\/strong>, pulse <strong>\u2018ENVIAR\u2019<\/strong> y rellene los datos que le solicitan a  continuaci\u00f3n.<br>\n<br>\n<img decoding=\"async\" class=\"img-fluid\" src=\"https:\/\/www.mijas.es\/wp-content\/uploads\/2021\/05\/plan-aire-1.png\">\n<strong><span style=\"color:#e28767;\">NOTA: <span><\/strong> En caso de que usted est\u00e9 ya registrado en el SAE se puede reactivar la demanda en este enlace <a href=\"https:\/\/ws054.juntadeandalucia.es\/gestion-usuarios\/infoPersonas.do\">(pulse aqu\u00ed).<\/a><br>\n\nTambi\u00e9n puede hacerlo a trav\u00e9s de Cita Previa en el <strong>955 625 695.<\/strong><br>\n<img decoding=\"async\" class=\"img-fluid\" src=\"https:\/\/www.mijas.es\/wp-content\/uploads\/2021\/05\/pie-plan.png\">\n<\/p>\n\n                <\/div>\n            <\/div>\n        <\/li>\n        <li class=\"timeline-inverted\">\n            <div class=\"timeline-badge warning\">2<\/div>\n            <div class=\"timeline-panel\">\n                <div class=\"timeline-heading\">\n                    <h4 class=\"timeline-title\" >\n<img decoding=\"async\" class=\"img-fluid mx-auto d-block\" src=\"https:\/\/www.mijas.es\/wp-content\/uploads\/2021\/05\/paso2-e1621954321527.png\" widht=\"150px\" height=\"150px\"><\/h4>\n                <\/div>\n                <div class=\"timeline-body\">\n\t\t\t\t<p><img decoding=\"async\" src=\"https:\/\/www.mijas.es\/wp-content\/uploads\/2021\/05\/check-double-amarillo.png\"> Acceda directamente a trav\u00e9s de este enlace  <a href=\"https:\/\/ws054.juntadeandalucia.es\/autenticacion\/login?service=https%3A%2F%2Fws054.juntadeandalucia.es%2Fapdweb%2Fweb%2Fguest%2Fhome\">(pulse aqu\u00ed)<\/a><br>\n<img decoding=\"async\" src=\"https:\/\/www.mijas.es\/wp-content\/uploads\/2021\/05\/check-double-amarillo.png\"> Introduzca su <strong>USUARIO y CONTRASE\u00d1A<\/strong> y rellene una de las <strong>OPCIONES DE CONTROL<\/strong>  de acceso, insertando caracteres o bien, respondiendo a una sencilla pregunta.<br>\n\n<img decoding=\"async\" src=\"https:\/\/www.mijas.es\/wp-content\/uploads\/2021\/05\/check-double-amarillo.png\"> Por \u00faltimo, haga clic en <strong>\u2018IMPRESI\u00d3N DE INFORMES\u2019<\/strong> y luego en <strong>\u2018CURR\u00cdCULUM DEMANDA\u2019<\/strong>. Al final del documento aparecen las OCUPACIONES que est\u00e1 demandando en la actualidad.<br>\n<br><img decoding=\"async\" class=\"img-fluid\" src=\"https:\/\/www.mijas.es\/wp-content\/uploads\/2021\/05\/plan-1.png\">\n<strong><span style=\"color:#e28767;\">IMPORTANTE: <span><\/strong>Estas ocupaciones deben coincidir con los puestos ofertados por el Ayuntamiento de Mijas a los que desee optar.<br>\n\nPara aparecer como candidato en las b\u00fasquedas del SAE, las ocupaciones registradas como demandadas en su perfil del SAE deben coincidir con las ofertadas por el Ayuntamiento.\n<img decoding=\"async\" class=\"img-fluid\" src=\"https:\/\/www.mijas.es\/wp-content\/uploads\/2021\/05\/pie-plan.png\"><\/p><\/div>\n            <\/div>\n        <\/li>\n        <li>\n            <div class=\"timeline-badge\">3<\/div>\n            <div class=\"timeline-panel\">\n                <div class=\"timeline-heading\">\n                    <h4 class=\"timeline-title\">\n<img decoding=\"async\" class=\"img-fluid\" src=\"https:\/\/www.mijas.es\/wp-content\/uploads\/2021\/07\/paso3.png\" widht=\"150px\" height=\"150px\"><\/h4>\n                <\/div>\n                <div class=\"timeline-body\">\n                    <p><img decoding=\"async\" src=\"https:\/\/www.mijas.es\/wp-content\/uploads\/2021\/05\/check-double-amarillo.png\"><strong> Si las ocupaciones que aparecen en su CURR\u00cdCULUM DEMANDA del SAE no coinciden con los puestos ofertados por el Ayuntamiento<\/strong> a los que quiere acceder y quiere modificarlas, la desconoce o no cuenta con ninguna al ser la primera vez que se registra, debe solicitar<\/p>\n<br><p class=\"text-center\" style=\"color:#e28767;\"><strong>Cita previa en el Servicio de Andaluc\u00eda Orienta Mijas<br><\/strong><\/p>\n <img decoding=\"async\" class=\"mx-auto d-block\" src=\"https:\/\/www.mijas.es\/wp-content\/uploads\/2021\/05\/telefonista.png\" widht=\"140px\" height=\"140px\">\n<p class=\"text-center\" style=\"color:#e28767;\"><strong>Tel\u00e9fono: 952 66 75 46<\/strong><\/span><br><\/p>\n<p><img decoding=\"async\" src=\"https:\/\/www.mijas.es\/wp-content\/uploads\/2021\/05\/check-double-amarillo.png\"> Le ayudar\u00e1n a revisar las ocupaciones de su demanda y modificar o a\u00f1adir las ocupaciones que le interesen si fuese necesario.\n<img decoding=\"async\" class=\"img-fluid\" src=\"https:\/\/www.mijas.es\/wp-content\/uploads\/2021\/05\/pie-plan.png\">\n<\/p>\n                <\/div>\n            <\/div>\n        <\/li>\n       \n            <\/div>\n        <\/li>\n    <\/ul>\n\n\n\n<style>\n    .timeline:before {\n        top: 0;\n        bottom: 0;\n        position: absolute;\n        content: \" \";\n        width: 3px;\n        background-color: #eeeeee;\n        left: 50%;\n        margin-left: -1.5px;\n    }\n\n    .timeline > li {\n        margin-bottom: 20px;\n        position: relative;\n    }\n\n        .timeline > li:before,\n        .timeline > li:after {\n            content: \" \";\n            display: table;\n        }\n\n        .timeline > li:after {\n            clear: both;\n        }\n\n        .timeline > li:before,\n        .timeline > li:after {\n            content: \" \";\n            display: table;\n        }\n\n        .timeline > li:after {\n            clear: both;\n        }\n\n        .timeline > li > .timeline-panel {\n            width: 46%;\n            float: left;\n            border: 1px solid #d4d4d4;\n            border-radius: 2px;\n            padding: 20px;\n            position: relative;\n            -webkit-box-shadow: 0 1px 6px rgba(0, 0, 0, 0.175);\n            box-shadow: 0 1px 6px rgba(0, 0, 0, 0.175);\n        }\n\n            .timeline > li > .timeline-panel:before {\n                position: absolute;\n                top: 26px;\n                right: -15px;\n                display: inline-block;\n                border-top: 15px solid transparent;\n                border-left: 15px solid #ccc;\n                border-right: 0 solid #ccc;\n                border-bottom: 15px solid transparent;\n                content: \" \";\n            }\n\n            .timeline > li > .timeline-panel:after {\n                position: absolute;\n                top: 27px;\n                right: -14px;\n                display: inline-block;\n                border-top: 14px solid transparent;\n                border-left: 14px solid #fff;\n                border-right: 0 solid #fff;\n                border-bottom: 14px solid transparent;\n                content: \" \";\n            }\n\n        .timeline > li > .timeline-badge {\n            color: #fff;\n            width: 50px;\n            height: 50px;\n            line-height: 50px;\n            font-size: 1.4em;\n            text-align: center;\n            position: absolute;\n            top: 16px;\n            left: 50%;\n            margin-left: -25px;\n            background-color: #e28767;\n            z-index: 100;\n            border-top-right-radius: 50%;\n            border-top-left-radius: 50%;\n            border-bottom-right-radius: 50%;\n            border-bottom-left-radius: 50%;\n        }\n\n        .timeline > li.timeline-inverted > .timeline-panel {\n            float: right;\n        }\n\n            .timeline > li.timeline-inverted > .timeline-panel:before {\n                border-left-width: 0;\n                border-right-width: 15px;\n                left: -15px;\n                right: auto;\n            }\n\n            .timeline > li.timeline-inverted > .timeline-panel:after {\n                border-left-width: 0;\n                border-right-width: 14px;\n                left: -14px;\n                right: auto;\n            }\n\n\n.timeline-badge.success {\n    background-color: #3f903f \n}\n\n.timeline-badge.warning {\n    background-color: #e28767 \n}\n\n\n.timeline-title {\n    margin-top: 0;\n    color: inherit;\n}\n\n.timeline-body > p,\n.timeline-body > ul {\n    margin-bottom: 0;\n}\n\n    .timeline-body > p + p {\n        margin-top: 5px;\n    }\n\n@media (max-width: 767px) {\n    ul.timeline:before {\n        left: 40px;\n    }\n\n    ul.timeline > li > .timeline-panel {\n        width: calc(100% - 90px);\n        width: -moz-calc(100% - 90px);\n        width: -webkit-calc(100% - 90px);\n    }\n\n    ul.timeline > li > .timeline-badge {\n        left: 15px;\n        margin-left: 0;\n        top: 16px;\n    }\n\n    ul.timeline > li > .timeline-panel {\n        float: right;\n    }\n\n        ul.timeline > li > .timeline-panel:before {\n            border-left-width: 0;\n            border-right-width: 15px;\n            left: -15px;\n            right: auto;\n        }\n\n        ul.timeline > li > .timeline-panel:after {\n            border-left-width: 0;\n            border-right-width: 14px;\n            left: -14px;\n            right: auto;\n        }\n<\/style>\n\n\n\n<div class=\"wp-block-image\"><figure class=\"aligncenter size-large is-resized\"><img decoding=\"async\" src=\"https:\/\/www.mijas.es\/wp-content\/uploads\/2021\/05\/cabecera-aire.png\" alt=\"plan aire ayuntamiento de mijas\" class=\"wp-image-39380\" width=\"227\" height=\"131\" srcset=\"https:\/\/www.mijas.es\/wp-content\/uploads\/2021\/05\/cabecera-aire.png 584w, https:\/\/www.mijas.es\/wp-content\/uploads\/2021\/05\/cabecera-aire-300x172.png 300w\" sizes=\"(max-width: 227px) 100vw, 227px\" \/><\/figure><\/div>\n     <section id=\"portfolio\" class=\"portfolio\">\n      <div class=\"container\">\n        <div class=\"section-title\">\n          <span>Noticias<\/span>\n          <h2>Noticias<\/h2>\n             <\/div> \n          <\/div>\n<div class=\"blog-home5 py-5\">\n  <div class=\"container\">\n    <div class=\"row justify-content-center\">\n         <div class=\"col-md-8 text-center\">\n    <\/div>\n    <div class=\"row mt-4\">\n   <div class=\"col-md-4\">\n        <div class=\"card b-h-box position-relative font-14 border-0 mb-4\">\n          <img decoding=\"async\" class=\"card-img\" src=\"https:\/\/www.mijas.es\/wp-content\/uploads\/2021\/03\/foto.png\" alt=\"Plan Aire Mijas\" widht=\"235px\" height=\"132px\">\n          <div class=\"card-img-overlay overflow-hidden\">\n\t\t\t\t\t\t<div class=\"d-flex align-items-center\">\n\t\t\t\t\t\t\t\t<span class=\"bg-danger-gradiant badge overflow-hidden text-white px-3 py-1 font-weight-normal\">Plan Aire<\/span>\n\t\t\t\t\t\t\t\t<div class=\"ml-2\">\n\t\t\t\t\t\t\t\t\t<span class=\"ml 2\">Septiembre,2020<\/span>\n\t\t\t\t\t\t\t\t<\/div>\n\t\t\t\t\t\t<\/div>\n            <h5 class=\"card-title my-1 font-weight-normal\">\n<a href=\"http:\/\/www.mijas.es\/wp-content\/uploads\/2020\/09\/PLAN%20AIRE%20MS.pdf\" target=\"_blank\" rel=\"noopener noreferrer\">Noticia<\/a><\/h5>\n            <p class=\"card-text\" >\n<\/p>\n          <\/div>\n        <\/div>\n      <\/div>\n         <div class=\"col-md-4\">\n        <div class=\"card b-h-box position-relative font-14 border-0 mb-4\">\n          <img decoding=\"async\" class=\"card-img\" src=\"https:\/\/www.mijas.es\/wp-content\/uploads\/2020\/09\/20200914-PLAN-AIRE.-JOSELE-GONZALEZ-Y-LAURA-MORENO.jpeg\" alt=\"Plan Aire Mijas\">\n          <div class=\"card-img-overlay overflow-hidden\">\n            <div class=\"d-flex align-items-center\">\n\t\t\t\t\t\t\t\t<span class=\"bg-danger-gradiant badge overflow-hidden text-white px-3 py-1 font-weight-normal\">Plan Aire<\/span>\n<div class=\"ml-2\">\n<span class=\"ml-2\">Septiembre,2020<\/span>\n<\/div>\n<\/div>\n            <h5 class=\"card-title my-1 font-weight-normal\" >\n<a href=\"https:\/\/www.mijas.es\/portal\/mijas-da-a-conocer-los-codigos-de-ocupacion-del-plan-aire-que-permitira-la-contratacion-de-132-mijenos-as\/\" target=\"_blank\" rel=\"noopener noreferrer\">Noticia<\/a><\/h5>\n            <p class=\"card-text\" >\n<\/p>\n          <\/div>\n        <\/div>\n      <\/div>\n    \n      <div class=\"col-md-4\">\n        <div class=\"card b-h-box position-relative font-14 border-0 mb-4\">\n          <img decoding=\"async\" class=\"card-img\" src=\"https:\/\/www.mijas.es\/wp-content\/uploads\/2021\/05\/plan-aire.png\" alt=\"Plan Aire Mijas\">\n          <div class=\"card-img-overlay overflow-hidden\">\n            <div class=\"d-flex align-items-center\">\n\t\t\t\t\t\t\t\t<span class=\"bg-danger-gradiant badge overflow-hidden text-white px-3 py-1 font-weight-normal\">Plan Aire<\/span>\n\t\t\t\t\t\t\t\t<div class=\"ml-2\">\n\t\t\t\t\t\t\t\t\t<span class=\"ml-2\">Noviembre,2020<\/span>\n\t\t\t\t\t\t\t\t<\/div>\n\t\t\t\t\t\t<\/div>\n          <h5 class=\"card-title my-1 font-weight-normal\" ><a href=\"https:\/\/www.mijas.es\/wp-content\/uploads\/2021\/07\/PLAN-AIRE.pdf\" target=\"_blank\" rel=\"noopener noreferrer\">Noticia<\/a><\/h5>\n            <p class=\"card-text\" >\n<\/p>\n          <\/div>\n        <\/div>\n      <\/div>\n\n    <\/div>\n  <\/div>\n<\/div>\n<style>\n.blog-home5 h1, .blog-home5 h2, .blog-home5 h3, .blog-home5 h4, .blog-home5 h5, .blog-home5 h6 {\n  color: #ffcf88;\n}\n\n.blog-home5 .card-title {\n\tfont-size: 16px;\n}\n\n.blog-home5 .subtitle {\n    color: #8d97ad;\n    line-height: 24px;\n}\n\n.blog-home5 .card.card-shadow {\n    -webkit-box-shadow: 0px 0px 30px rgba(115, 128, 157, 0.1);\n    box-shadow: 0px 0px 30px rgba(115, 128, 157, 0.1);\n}\n\n.blog-home5 .b-h-box .card-img-overlay {\n  bottom: 0px;\n  top: auto;\n  -webkit-transition: 0.2s ease-in;\n  -o-transition: 0.2s ease-in;\n  transition: 0.2s ease-in;\n  height: 55%;\n}\n\n.blog-home5 .b-h-box .card-title {\n    color: #ffffff;\n}\n\n.blog-home5 .b-h-box {\n\tcolor: #ffffff;\n}\n\n.blog-home5 .b-h-box .card-text {\n  display: none;\n}\n\n.blog-home5 .b-h-box:hover {\n  color: #    }                                                                                                 \n  \n.blog-home5 .b-h-box:hover .card-img-overlay {\n  height: 100%;\n  background: #ffffff;\n  border: 3px solid rgba(120, 130, 140, 0.13);\n}\n\n.blog-home5 .b-h-box:hover .card-title {\n  color: #263238;\n  margin: 15px 0;\n}\n\n.blog-home5 .b-h-box:hover .card-text {\n  display: block;\n}\n\n.blog-home5 .bg-danger-gradiant {\n    background: #17a2b8;\n    background: -webkit-linear-gradient(legacy-direction(to right), #17a2b8 0%, #17a2b8 100%);\n    background: -webkit-gradient(linear, left top, right top, from(#17a2b8), to(#17a2b8));\n    background: -webkit-linear-gradient(left, #17a2b8 0%,#17a2b8 100%);\n    background: -o-linear-gradient(left, #17a2b8 0%, #17a2b8 100%);\n    background: linear-gradient(to right, #17a2b8 0%, #17a2b8 100%);\n}\n\n.blog-home5 .font-14 {\n\tfont-size: 14px;\n}\n\n@media (max-width:768px) {\n\t.blog-home5 .b-h-box .card-img-overlay {\n\t\theight: 40%;\n\t}\n}\n<\/style><\/section>\n\n\n\n<div class=\"container\">\n        <div class=\"section-title\">\n          <span>Listado C\u00f3digos<\/span>\n          <h2>Listado C\u00f3digos<\/h2>\n             <\/div> \n          <\/div>\n\n<section id=\"our-values\" class=\"our-values\">\n      <div class=\"container\">\n\n        <div class=\"row d-flex justify-content-center align-items-center\" style=\"margin-right:0px;\">\n          <div class=\"col-md-6 d-flex justify-content-center align-items-center\">\n            <div class=\"card\" style=\"background-image: url('https:\/\/www.mijas.es\/wp-content\/uploads\/2020\/09\/image.png');\">\n              <div class=\"card-body\"><br>\n                <h2 class=\"card-title\"><a href=\"https:\/\/www.mijas.es\/wp-content\/uploads\/2021\/06\/PLAN-AIRE-INTERACTIVO.pdf\">C\u00d3DIGOS<br> PLAN AIRE<\/a><\/h2>\n                <p class=\"card-text text-center\"><a href=\"https:\/\/www.mijas.es\/wp-content\/uploads\/2021\/06\/PLAN-AIRE-INTERACTIVO.pdf\">\n<i class=\"fas fa-laptop-code\" style=\"color:#e28767\"> Pincha aqu\u00ed<\/i><\/a><\/div><\/p>\n                <div class=\"read-more\">\n              <\/div>\n            <\/div>\n          <\/div>\n                           <\/div>\n      <\/div>\n\n\n\n<style>\n.section-bg {\n  background-color: #efdbca;\n}\n\n.section-title {\n  text-align: center;\n  padding-bottom: 30px;\n}\n\n.section-title h2 {\n  font-size: 32px;\n  font-weight: 700;\n  margin-bottom: 20px;\n  padding-bottom: 20px;\n  position: relative;\n}\n\n\n.section-title h2::after {\n  content: '';\n  position: absolute;\n  display: block;\n  width: 50px;\n  height: 3px;\n  background: #ffffff;\n  bottom: 0;\n  left: calc(50% - 25px);\n}\n\n.section-title p {\n  margin-bottom: 0;\n  color: #919191;\n  font-size: 14px;\n}\n.our-values .card {\n  border: 0;\n  padding: 257px 30px 30px 30px;\n  position: relative;\n  width: 100%;\n  background-size: cover;\n  background-repeat: no-repeat;\n  background-position: center center;\n}\n\n.our-values .card-body {\n  z-index: 10;\n  background: rgba(255, 255, 255, 0.9);\n  box-shadow: 0px 2px 15px rgba(0, 0, 0, 0.1);\n  transition: 0.3s;\n  transition: ease-in-out 0.4s;\n  border-radius: 5px;\n}\n\n.our-values .card-title {\n  font-weight: 700;\n  text-align: center;\n  margin-bottom: 15px;\n}\n\n.our-values .card-title a {\n  color: #e28767;\n}\n\n.our-values .card-text {\n  color: #5e5e5e;\n}\n\n.our-values .read-more a {\n  color: #777777;\n  text-transform: uppercase;\n  font-weight: 600;\n  font-size: 12px;\n  transition: 0.4s;\n}\n\n.our-values .read-more a:hover {\n  text-decoration: underline;\n}\n\n.our-values .card:hover .card-body {\n  background: #efdbca;\n}\n\n.our-values .card:hover .read-more a, .our-values .card:hover .card-title, .our-values .card:hover .card-title a, .our-values .card:hover .card-text {\n  color: #fff;\n}\n<\/style>\n <\/section>\n\n\n\n<div style=\"height:20px\" aria-hidden=\"true\" class=\"wp-block-spacer\"><\/div>\n\n\n\n<div class=\"container-fluid\">\n<div class=\"row\">\n\n<div class=\"col-md-2\">\n<div style=\"float: left; margin-left: 0px;\">\n<img decoding=\"async\" class=\"wp-image-12544\" src=\" https:\/\/www.mijas.es\/wp-content\/uploads\/2021\/03\/escudo.png\" alt=\"\" class=\"img-fluid\" width=\"83\" height=\"119\"\/><\/a>\n<\/div>\n<\/div>\n\n<div class=\"col-md-10\">\n<div style=\"float: left; margin-right: 10px;\">\n<h3><strong>\u00c1REA DE FOMENTO DEL EMPLEO AYUNTAMIENTO DE MIJAS<\/h3><\/strong>\n<p>Avd. Andaluc\u00eda n\u00ba 3 &#8211; Las Lagunas -Mijas 29651 (M\u00e1laga)  \n<br><i class=\"fas fa-phone-volume\"><\/i> <strong>Tel\u00e9fono: <\/strong>951 26 02 83<br><i class=\"fas fa-envelope\"><\/i> <strong>E-mail: <\/strong><a href=\"mailto:promo.desa@mijas.es\">promo.desa@mijas.es<br> <\/a>\n<\/div>\n<\/div>\n\n<\/div>\n<\/div>\n","protected":false},"excerpt":{"rendered":"<p>Programa \u00abPlan Aire\u00bb Programa \u00abPlan Aire\u00bb Junta de Andaluc\u00eda Fomentar: La inserci\u00f3n laboral de personas desempleadas por parte de los ayuntamientos. Realizaci\u00f3n: de proyectos que permitan mejorar su empleabilidad con la adquisici\u00f3n de una experiencia laboral vinculada a una ocupaci\u00f3n. La Iniciativa para la Activaci\u00f3n, Impulso y Recuperaci\u00f3n del Empleo, Iniciativa AIRE. Nace con el [&hellip;]<\/p>\n","protected":false},"author":1,"featured_media":0,"parent":40132,"menu_order":0,"comment_status":"closed","ping_status":"closed","template":"page-departamental.php","meta":[],"_links":{"self":[{"href":"https:\/\/www.mijas.es\/portal\/wp-json\/wp\/v2\/pages\/34642"}],"collection":[{"href":"https:\/\/www.mijas.es\/portal\/wp-json\/wp\/v2\/pages"}],"about":[{"href":"https:\/\/www.mijas.es\/portal\/wp-json\/wp\/v2\/types\/page"}],"author":[{"embeddable":true,"href":"https:\/\/www.mijas.es\/portal\/wp-json\/wp\/v2\/users\/1"}],"replies":[{"embeddable":true,"href":"https:\/\/www.mijas.es\/portal\/wp-json\/wp\/v2\/comments?post=34642"}],"version-history":[{"count":29,"href":"https:\/\/www.mijas.es\/portal\/wp-json\/wp\/v2\/pages\/34642\/revisions"}],"predecessor-version":[{"id":42030,"href":"https:\/\/www.mijas.es\/portal\/wp-json\/wp\/v2\/pages\/34642\/revisions\/42030"}],"up":[{"embeddable":true,"href":"https:\/\/www.mijas.es\/portal\/wp-json\/wp\/v2\/pages\/40132"}],"wp:attachment":[{"href":"https:\/\/www.mijas.es\/portal\/wp-json\/wp\/v2\/media?parent=34642"}],"curies":[{"name":"wp","href":"https:\/\/api.w.org\/{rel}","templated":true}]}}