{"id":34037,"date":"2021-01-15T12:13:23","date_gmt":"2021-01-15T11:13:23","guid":{"rendered":"https:\/\/www.mijas.es\/portal\/?page_id=34037"},"modified":"2024-03-08T17:12:52","modified_gmt":"2024-03-08T16:12:52","slug":"certificado-de-inscripcion-en-el-registro-de-parejas-de-hecho","status":"publish","type":"page","link":"https:\/\/www.mijas.es\/portal\/parejas-de-hecho\/certificado-de-inscripcion-en-el-registro-de-parejas-de-hecho\/","title":{"rendered":"Certificado de Inscripci\u00f3n en el Registro de Parejas de Hecho"},"content":{"rendered":"\n<p>Para la obtenci\u00f3n de Certificado de la inscripci\u00f3n en el Registro de Parejas de Hecho, deber\u00e1 dirigirse a la Delegaci\u00f3n de Salud y Familias<\/p>\n\n\n\n<p>Delegaci\u00f3n Territorial en M\u00e1laga: C\/ C\u00f3rdoba, 4. CP 29001.<\/p>\n\n\n\n<p>Tlf.: 951 03 64 00 &#8211; 955 01 20 12<\/p>\n","protected":false},"excerpt":{"rendered":"<p>Para la obtenci\u00f3n de Certificado de la inscripci\u00f3n en el Registro de Parejas de Hecho, deber\u00e1 dirigirse a la Delegaci\u00f3n de Salud y Familias Delegaci\u00f3n Territorial en M\u00e1laga: C\/ C\u00f3rdoba, 4. CP 29001. Tlf.: 951 03 64 00 &#8211; 955 01 20 12<\/p>\n","protected":false},"author":9,"featured_media":0,"parent":34023,"menu_order":0,"comment_status":"closed","ping_status":"closed","template":"page-departamental.php","meta":[],"_links":{"self":[{"href":"https:\/\/www.mijas.es\/portal\/wp-json\/wp\/v2\/pages\/34037"}],"collection":[{"href":"https:\/\/www.mijas.es\/portal\/wp-json\/wp\/v2\/pages"}],"about":[{"href":"https:\/\/www.mijas.es\/portal\/wp-json\/wp\/v2\/types\/page"}],"author":[{"embeddable":true,"href":"https:\/\/www.mijas.es\/portal\/wp-json\/wp\/v2\/users\/9"}],"replies":[{"embeddable":true,"href":"https:\/\/www.mijas.es\/portal\/wp-json\/wp\/v2\/comments?post=34037"}],"version-history":[{"count":2,"href":"https:\/\/www.mijas.es\/portal\/wp-json\/wp\/v2\/pages\/34037\/revisions"}],"predecessor-version":[{"id":49032,"href":"https:\/\/www.mijas.es\/portal\/wp-json\/wp\/v2\/pages\/34037\/revisions\/49032"}],"up":[{"embeddable":true,"href":"https:\/\/www.mijas.es\/portal\/wp-json\/wp\/v2\/pages\/34023"}],"wp:attachment":[{"href":"https:\/\/www.mijas.es\/portal\/wp-json\/wp\/v2\/media?parent=34037"}],"curies":[{"name":"wp","href":"https:\/\/api.w.org\/{rel}","templated":true}]}}