{"id":34034,"date":"2021-01-15T12:09:08","date_gmt":"2021-01-15T11:09:08","guid":{"rendered":"https:\/\/www.mijas.es\/portal\/?page_id=34034"},"modified":"2024-03-08T17:10:12","modified_gmt":"2024-03-08T16:10:12","slug":"inscripcion-complementaria-en-el-registro-de-parejas-de-hecho","status":"publish","type":"page","link":"https:\/\/www.mijas.es\/portal\/parejas-de-hecho\/inscripcion-complementaria-en-el-registro-de-parejas-de-hecho\/","title":{"rendered":"Inscripci\u00f3n Complementaria en el Registro de Parejas de Hecho"},"content":{"rendered":"\n<p>Para la realizaci\u00f3n de los tr\u00e1mites concernientes a la inscripci\u00f3n marginal en el Registro de Parejas de Hecho de la Comunidad Aut\u00f3noma de Andaluc\u00eda, del traslado de residencia habitual de la pareja, o de la variaci\u00f3n de los datos personales de alguno de sus integrantes, podr\u00e1 dirigirse al Ayuntamiento de Mijas \u00fanicamente en el caso de que hubiese realizado la inscripci\u00f3n en el ayuntamiento. Debe dirigirse al organismo donde realiz\u00f3 los tr\u00e1mites de inscripci\u00f3n b\u00e1sica o de alta en el mismo. Se deber\u00e1 cumplimentar la solicitud<\/p>\n\n\n\n<p>Haga click <a rel=\"noreferrer noopener\" href=\"http:\/\/www.mijas.es\/wp-content\/uploads\/2021\/01\/MODELO%202.pdf\" target=\"_blank\">aqu\u00ed<\/a> para obtener el modelo de solicitud de la inscripci\u00f3n marginal.<\/p>\n\n\n\n<p>y acompa\u00f1arla de los siguientes documentos seg\u00fan la variaci\u00f3n de datos que corresponda:<\/p>\n\n\n\n<p>a) Por variaci\u00f3n de los datos personales: documento acreditativo de tal variaci\u00f3n DNI, pasaporte, NIE o equivalente.<\/p>\n\n\n\n<p>b) Por traslado de la residencia habitual de la pareja: Certificado de empadronamiento con una fecha de expedici\u00f3n no superior a tres meses anteriores a la fecha de presentaci\u00f3n de la solicitud de inscripci\u00f3n marginal en el Registro de Parejas de Hecho.<\/p>\n","protected":false},"excerpt":{"rendered":"<p>Para la realizaci\u00f3n de los tr\u00e1mites concernientes a la inscripci\u00f3n marginal en el Registro de Parejas de Hecho de la Comunidad Aut\u00f3noma de Andaluc\u00eda, del traslado de residencia habitual de la pareja, o de la variaci\u00f3n de los datos personales de alguno de sus integrantes, podr\u00e1 dirigirse al Ayuntamiento de Mijas \u00fanicamente en el caso [&hellip;]<\/p>\n","protected":false},"author":9,"featured_media":0,"parent":34023,"menu_order":0,"comment_status":"closed","ping_status":"closed","template":"page-departamental.php","meta":[],"_links":{"self":[{"href":"https:\/\/www.mijas.es\/portal\/wp-json\/wp\/v2\/pages\/34034"}],"collection":[{"href":"https:\/\/www.mijas.es\/portal\/wp-json\/wp\/v2\/pages"}],"about":[{"href":"https:\/\/www.mijas.es\/portal\/wp-json\/wp\/v2\/types\/page"}],"author":[{"embeddable":true,"href":"https:\/\/www.mijas.es\/portal\/wp-json\/wp\/v2\/users\/9"}],"replies":[{"embeddable":true,"href":"https:\/\/www.mijas.es\/portal\/wp-json\/wp\/v2\/comments?post=34034"}],"version-history":[{"count":2,"href":"https:\/\/www.mijas.es\/portal\/wp-json\/wp\/v2\/pages\/34034\/revisions"}],"predecessor-version":[{"id":34044,"href":"https:\/\/www.mijas.es\/portal\/wp-json\/wp\/v2\/pages\/34034\/revisions\/34044"}],"up":[{"embeddable":true,"href":"https:\/\/www.mijas.es\/portal\/wp-json\/wp\/v2\/pages\/34023"}],"wp:attachment":[{"href":"https:\/\/www.mijas.es\/portal\/wp-json\/wp\/v2\/media?parent=34034"}],"curies":[{"name":"wp","href":"https:\/\/api.w.org\/{rel}","templated":true}]}}