{"id":34028,"date":"2021-01-15T11:59:16","date_gmt":"2021-01-15T10:59:16","guid":{"rendered":"https:\/\/www.mijas.es\/portal\/?page_id=34028"},"modified":"2025-06-17T11:05:24","modified_gmt":"2025-06-17T10:05:24","slug":"inscripcion-en-registro-de-parejas-de-hecho","status":"publish","type":"page","link":"https:\/\/www.mijas.es\/portal\/parejas-de-hecho\/inscripcion-en-registro-de-parejas-de-hecho\/","title":{"rendered":"Inscripci\u00f3n en Registro de Parejas de Hecho"},"content":{"rendered":"\n<p>La inscripci\u00f3n en el Registro de Parejas de Hecho de la Comunidad Aut\u00f3noma de Andaluc\u00eda es una competencia de la&nbsp;Junta de Andaluc\u00eda,&nbsp;por lo tanto se puede realizar en las Delegaciones Territoriales de la Consejer\u00eda de Salud y Familias. No obstante, al objeto de proporcionar un recurso m\u00e1s cercano a la poblaci\u00f3n, tambi\u00e9n puede realizarse la inscripci\u00f3n en el Ayuntamiento de la localidad correspondiente a la residencia habitual en Andaluc\u00eda, es decir, donde alguno de los miembros de la pareja est\u00e9 empadronado.<\/p>\n\n\n\n<p>Como consecuencia, si vd. reside en Mijas, podr\u00e1 realizar el tr\u00e1mite en:<\/p>\n\n\n\n<p>Delegaci\u00f3n Territorial en M\u00e1laga: C\/ C\u00f3rdoba, 4. CP 29001.<\/p>\n\n\n\n<p>Tlf.: 951039800<\/p>\n\n\n\n<p>Ayuntamiento de Mijas. Departamento de Participaci\u00f3n Ciudadana: Tenencia de Alcald\u00eda de Las Lagunas de Mijas C\/ Rio Adra&nbsp;&nbsp; Tlf: 952485900 Ext. 3201\/3202<\/p>\n\n\n\n<p>La inscripci\u00f3n en el Registro de Parejas de Hecho proporciona los derechos regulados en la Ley 5\/2002 y tambi\u00e9n la obligaci\u00f3n de comunicar cualquier cambio que afecte a los requisitos exigidos para el registro.<\/p>\n\n\n\n<p><strong>Normativa de aplicaci\u00f3n.<\/strong><\/p>\n\n\n\n<p>\u00b7 Ley 5\/2002, de 16 de diciembre, de Parejas de Hecho<\/p>\n\n\n\n<p>\u00b7 Decreto 35\/2005, de 15 de febrero, por el que se constituye y regula el Registro de Parejas de Hecho de Andaluc\u00eda.<\/p>\n\n\n\n<p><strong>\u00bfQu\u00e9 requisitos debemos cumplir para realizar la inscripci\u00f3n en el Registro de Parejas de Hecho?<\/strong><\/p>\n\n\n\n<p>&nbsp;En el art. 5 de la ley 5\/2002 &nbsp;se recogen expresamente los requisitos de inscripci\u00f3n, siendo necesario por parte de las parejas acreditar documentalmente las siguientes circunstancias:<\/p>\n\n\n\n<p>Identificaci\u00f3n personal.<\/p>\n\n\n\n<p>Estado civil.<\/p>\n\n\n\n<p>Ser mayores de edad o menores emancipados.<\/p>\n\n\n\n<p>No estar incapacitados judicialmente.<\/p>\n\n\n\n<p>No estar ligados con v\u00ednculo matrimonial, ni formar pareja estable no casada con otra persona, ni ser pareja de hecho anteriormente inscrita en el Registro o en cualquiera de los Registros de uniones o parejas de hecho creados por los municipios de la Comunidad Aut\u00f3noma de Andaluc\u00eda, sin que conste inscripci\u00f3n de baja por disoluci\u00f3n de la parejas de hecho.<\/p>\n\n\n\n<p>No ser parientes en l\u00ednea recta por consanguinidad o adopci\u00f3n ni colaterales por consanguinidad en segundo grado.<\/p>\n\n\n\n<p>Tener <u><strong>residencia habitual<\/strong><\/u>, en un municipio de la Comunidad Aut\u00f3noma de Andaluc\u00eda.<\/p>\n\n\n\n<p>Declaraci\u00f3n de voluntad de constituir una pareja de hecho.<\/p>\n\n\n\n<p>La&nbsp;<a href=\"http:\/\/www.juntadeandalucia.es\/boja\/boletines\/2005\/77\/d\/3.html\">Orden de 4 de abril de 2005<\/a>&nbsp;de la Consejer\u00eda de Igualdad y Bienestar Social, aprueba los modelos de solicitud de inscripci\u00f3n en el Registro de Parejas de Hecho de Andaluc\u00eda.<\/p>\n\n\n\n<p>Haga click <a href=\"https:\/\/www.mijas.es\/wp-content\/uploads\/2025\/06\/SOLICITUD%20ALTA%20BASICA%20PAREJA%20DE%20HECHO.pdf\" target=\"_blank\" rel=\"noreferrer noopener\">aqu\u00ed<\/a> para obtener el modelo de solicitud de inscripci\u00f3n<\/p>\n\n\n\n<p>Documentaci\u00f3n a presentar<\/p>\n\n\n\n<ul>\n<li>Ambas personas espa\u00f1olas (<a href=\"https:\/\/www.mijas.es\/wp-content\/uploads\/2023\/04\/info%20PH%201.%20PDF.pdf\" target=\"_blank\" rel=\"noreferrer noopener\">Ver<\/a>)<\/li>\n\n\n\n<li>Ambas personas extranjeras (<a href=\"https:\/\/www.mijas.es\/wp-content\/uploads\/2023\/04\/info%20PH%202.%20PDF.pdf\" target=\"_blank\" rel=\"noreferrer noopener\">Ver<\/a>)<\/li>\n\n\n\n<li>Persona espa\u00f1ola + persona extranjera (<a href=\"https:\/\/www.mijas.es\/wp-content\/uploads\/2023\/04\/info%20PH%203.%20PDF.pdf\" target=\"_blank\" rel=\"noreferrer noopener\">Ver<\/a>)<\/li>\n<\/ul>\n\n\n\n<p><strong>\u00bfEs necesario que asistamos los dos para realizar los tramites de inscripci\u00f3n en el Registro, o se puede hacer v\u00eda telem\u00e1tica?<\/strong><\/p>\n\n\n\n<p>La Ley 5\/2002, de 16 de diciembre, de Parejas de Hecho, establece en su art. 5.2 que \u00abCon car\u00e1cter general, la declaraci\u00f3n de la voluntad de constituir una pareja de hecho podr\u00e1 realizarse mediante comparecencia personal de los interesados ante el titular del \u00f3rgano encargado del Registro correspondiente, o ante el Alcalde, Concejal o funcionario en quien delegue&#8230;\u00bb. As\u00ed mismo, de acuerdo a lo estipulado en el art. 5.3, \u00abla declaraci\u00f3n de la voluntad de constituir una pareja de hecho, podr\u00e1 efectuarse mediante otorgamiento de escritura p\u00fablica o por cualquier otro medio de prueba admisible en Derecho\u00bb.<\/p>\n\n\n\n<p>Por tanto, en ambos casos es necesaria la personaci\u00f3n de las personas interesadas para efectuar dicho tr\u00e1mite, con lo cual, la v\u00eda telem\u00e1tica no est\u00e1 contemplada.<\/p>\n\n\n\n<p><strong>Procedimiento:<\/strong><\/p>\n\n\n\n<p>\u2022 El procedimiento se iniciar\u00e1 a instancia de las personas interesadas mediante la presentaci\u00f3n de <strong><u>toda<\/u><\/strong> la documentaci\u00f3n necesaria (originales y fotocopias) en el Registro de Entrada de documentos del ayuntamiento de Mijas, dirigido a Parejas de Hecho.<\/p>\n\n\n\n<p>\u2022 Examinada la documentaci\u00f3n y comprobado que re\u00fanen los requisitos para inscribirse como Pareja de Hecho, se proceder\u00e1 a facilitar una cita, v\u00eda telef\u00f3nica, &nbsp;para realizar la comparecencia de la pareja.<\/p>\n\n\n\n<p>\u2022 El plazo para resolver y notificar el expediente a la persona interesada ser\u00e1 de un mes, a contar desde la fecha de la comparecencia, por parte del Ayuntamiento de Mijas.<\/p>\n\n\n\n<p><strong>IMPORTANTE<\/strong>: Una vez finalizado el tr\u00e1mite por parte del Ayuntamiento de Mijas, la documentaci\u00f3n del expediente se enviar\u00e1 a la Delegaci\u00f3n Territorial de la Consejer\u00eda de Salud y Familias en M\u00e1laga para la&nbsp;inscripci\u00f3n de la pareja en el&nbsp;Registro de Parejas de Hecho&nbsp;y esta delegaci\u00f3n expedir\u00e1 el Certificado de inscripci\u00f3n correspondiente, en el plazo que estipula la normativa vigente.<\/p>\n","protected":false},"excerpt":{"rendered":"<p>La inscripci\u00f3n en el Registro de Parejas de Hecho de la Comunidad Aut\u00f3noma de Andaluc\u00eda es una competencia de la&nbsp;Junta de Andaluc\u00eda,&nbsp;por lo tanto se puede realizar en las Delegaciones Territoriales de la Consejer\u00eda de Salud y Familias. No obstante, al objeto de proporcionar un recurso m\u00e1s cercano a la poblaci\u00f3n, tambi\u00e9n puede realizarse la [&hellip;]<\/p>\n","protected":false},"author":9,"featured_media":0,"parent":34023,"menu_order":0,"comment_status":"closed","ping_status":"closed","template":"page-departamental.php","meta":[],"_links":{"self":[{"href":"https:\/\/www.mijas.es\/portal\/wp-json\/wp\/v2\/pages\/34028"}],"collection":[{"href":"https:\/\/www.mijas.es\/portal\/wp-json\/wp\/v2\/pages"}],"about":[{"href":"https:\/\/www.mijas.es\/portal\/wp-json\/wp\/v2\/types\/page"}],"author":[{"embeddable":true,"href":"https:\/\/www.mijas.es\/portal\/wp-json\/wp\/v2\/users\/9"}],"replies":[{"embeddable":true,"href":"https:\/\/www.mijas.es\/portal\/wp-json\/wp\/v2\/comments?post=34028"}],"version-history":[{"count":11,"href":"https:\/\/www.mijas.es\/portal\/wp-json\/wp\/v2\/pages\/34028\/revisions"}],"predecessor-version":[{"id":61659,"href":"https:\/\/www.mijas.es\/portal\/wp-json\/wp\/v2\/pages\/34028\/revisions\/61659"}],"up":[{"embeddable":true,"href":"https:\/\/www.mijas.es\/portal\/wp-json\/wp\/v2\/pages\/34023"}],"wp:attachment":[{"href":"https:\/\/www.mijas.es\/portal\/wp-json\/wp\/v2\/media?parent=34028"}],"curies":[{"name":"wp","href":"https:\/\/api.w.org\/{rel}","templated":true}]}}