{"id":33671,"date":"2020-11-24T16:14:37","date_gmt":"2020-11-24T16:14:37","guid":{"rendered":"https:\/\/www.mijas.es\/portal\/?page_id=33671"},"modified":"2020-11-24T16:19:36","modified_gmt":"2020-11-24T16:19:36","slug":"es-tu-historia-y-te-la-regalamos","status":"publish","type":"page","link":"https:\/\/www.mijas.es\/portal\/cultura\/es-tu-historia-y-te-la-regalamos\/","title":{"rendered":"Es tu Historia\u2026 y te la regalamos"},"content":{"rendered":"\n<p>Las Jornadas de Historia y Etnograf\u00eda Villa de Mijas y la&nbsp; convocatoria de los Premios de Investigaci\u00f3n Hist\u00f3rica y Etnogr\u00e1fica que&nbsp; se celebran desde el a\u00f1o 2003 con car\u00e1cter bianual as\u00ed como otras gestiones&nbsp; de esta Delegaci\u00f3n de Cultura para la edici\u00f3n y publicaciones de trabajos&nbsp; relacionados con nuestro municipio han dado como resultado una colecci\u00f3n&nbsp; muy completa de libros que nos sit\u00faan entre los municipios andaluces con&nbsp; m\u00e1s publicaciones de car\u00e1cter local, sumando un total de 26 publicaciones&nbsp; que tratan sobre la historia, la etnograf\u00eda, la naturaleza y otros aspectos del&nbsp; rico patrimonio de nuestro pueblo, estas publicaciones suponen miles de&nbsp; p\u00e1ginas y una bibliograf\u00eda que abre caminos a nuevas investigaciones.&nbsp;<\/p>\n\n\n\n<p>El objetivo siempre ha sido la difusi\u00f3n de nuestro patrimonio y&nbsp; ponerlo en valor en forma de libro, estos han supuesto un aporte esencial al&nbsp; conocimiento de la historia de Mijas y queremos compartirlos con todos los&nbsp; Mije\u00f1os.&nbsp;<\/p>\n\n\n\n<p>Actualmente tenemos un fondo bibliogr\u00e1fico importante y con el&nbsp; proyecto \u201cEs tu Historia\u2026 y te la regalamos\u201d queremos que estas publicaciones est\u00e9n presentes en las estanter\u00edas de nuestras casas y para ello&nbsp; vamos a organizar esta campa\u00f1a en la que los Mije\u00f1os van a poder solicitar&nbsp; la relaci\u00f3n de t\u00edtulos disponibles para que desde esta Delegaci\u00f3n se la&nbsp; hagamos llegar a trav\u00e9s de los distintos Centros Culturales.&nbsp;<\/p>\n\n\n\n<p><strong><em>El procedimiento va a consistir en solicitar v\u00eda email a cultura@mijas.es los libros que se desean, que en unas bolsas dise\u00f1adas para este proyecto le haremos llegar a uno de los siguientes Centros Culturales:&nbsp;<\/em><\/strong><\/p>\n\n\n\n<p>&#8211; Mijas Pueblo: Casa Museo&nbsp;<\/p>\n\n\n\n<p>&#8211; Las Lagunas: Casa de la Cultura&nbsp;<\/p>\n\n\n\n<p>&#8211; La Cala: Centro Cultural&nbsp;<\/p>\n\n\n\n<p><strong><u>Datos a incluir en email: <\/u><\/strong>&nbsp;<\/p>\n\n\n\n<p>-Relaci\u00f3n de libros solicitados&nbsp;<\/p>\n\n\n\n<p>-Nombre y apellidos&nbsp;<\/p>\n\n\n\n<p>-Direcci\u00f3n Postal&nbsp;<\/p>\n\n\n\n<p>-Tel\u00e9fono&nbsp;<\/p>\n\n\n\n<p>-Centro Cultural donde quiere recoger los libros&nbsp;<\/p>\n\n\n\n<p>El periodo de solicitudes estar\u00e1 comprendido entre el 1 y el 11 de&nbsp; diciembre.<\/p>\n\n\n\n<p><strong><u>T\u00edtulos disponibles:&nbsp;<\/u><\/strong><\/p>\n\n\n\n<p>&#8211; I Jornadas de Historia y Etnograf\u00eda Villa de Mijas.&nbsp; Conferencias. 2005.&nbsp;<\/p>\n\n\n\n<p>&#8211; II Jornadas de Historia y Etnograf\u00eda Villa de Mijas.&nbsp; Conferencias. 2007.<\/p>\n\n\n\n<p>&#8211; III Jornadas de Historia y Etnograf\u00eda Villa de Mijas.&nbsp;&nbsp; Conferencias. 2008.&nbsp;<\/p>\n\n\n\n<p>&#8211; IV Jornadas de Historia y Etnograf\u00eda Villa de Mijas.&nbsp;&nbsp; Conferencias. 2013.<\/p>\n\n\n\n<p>&#8211; V Jornadas de Historia y Etnograf\u00eda Villa de Mijas.&nbsp;&nbsp; Conferencias. 2015.&nbsp;<\/p>\n\n\n\n<p>&#8211; VI Jornadas de Historia y Etnograf\u00eda Villa de Mijas.&nbsp;&nbsp; Conferencias. 2016.<\/p>\n\n\n\n<p>&#8211; VII Jornadas de Historia y Etnograf\u00eda Villa de Mijas. Conferencias.&nbsp; 2019.&nbsp;<\/p>\n\n\n\n<p>&#8211; Conjunto hidr\u00e1ulico de las minas, acequias, aljibes, molinos y bat\u00e1n del Barrio Santana (Mijas) y su entorno. Premio Investigaci\u00f3n Etnogr\u00e1fica&nbsp; 2015.<\/p>\n\n\n\n<p>&#8211; Ocultamiento de monedas del siglo III d.c. procedente del Cortijo de&nbsp; Acevedo (Mijas, M\u00e1laga). Juan Ram\u00f3n Garc\u00eda carretero, Juan &nbsp;Antonio Mart\u00edn Ruiz y Marcelino Carcedo Rozada. 2007.&nbsp;<\/p>\n\n\n\n<p>&nbsp;&#8211; El Clero en la Mijas del S. XVIII.&nbsp;<\/p>\n\n\n\n<p>&#8211; Poblamiento y Territorio de Mijas en la Edad Media. Carlos&nbsp; Gozalbes Cravioto. Premio de Investigaci\u00f3n Hist\u00f3rica 2003.&nbsp;<\/p>\n\n\n\n<p>&#8211; La Cofrad\u00eda de la Vera Cruz de Mijas. Francisco Manuel Pastor&nbsp; Mar\u00edn. Premio<\/p>\n\n\n\n<p>Investigaci\u00f3n Etnogr\u00e1fica 2003.&nbsp;<\/p>\n\n\n\n<p>&#8211; Historia de Mijas. Miguel Cort\u00e9s S\u00e1nchez y Juan Jos\u00e9 de la Rubia&nbsp; Gracia. 200<\/p>\n\n\n\n<p>&#8211; Evoluci\u00f3n demogr\u00e1fica y urbana de Mijas, 1847-2003. Gonz\u00e1lez Mar\u00edn, Candelaria. 2007&nbsp;<\/p>\n\n\n\n<p>&#8211; Tesorillo monetario bajoimperial del Cerro de la casa de la Condesa&nbsp; (Mijas, M\u00e1laga). Juan Ram\u00f3n Garc\u00eda carretero, Juan Antonio Mart\u00edn&nbsp; Ruiz y Marcelino Carcedo Rozada. 2010. &#8211; Yacimiento Medieval de Campanales. Juan Ram\u00f3n Garc\u00eda Carretero&nbsp; y Juan Antonio Mart\u00edn Ruiz Premio de Investigaci\u00f3n Hist\u00f3rica 2012.&nbsp;<\/p>\n\n\n\n<p>&#8211; La poblaci\u00f3n en el tri\u00e1ngulo Mijas &#8211; Fuengirola &#8211; Benalm\u00e1dena&nbsp; en la Edad Moderna. Mar\u00eda del Carmen Peinado Calzado. Premio de&nbsp; Investigaci\u00f3n Hist\u00f3rica 2017.&nbsp;<\/p>\n\n\n\n<p>&#8211; Marat\u00f3n Fotogr\u00e1fico \u201cEnfoca en Mijas\u201d&nbsp;<\/p>\n\n\n\n<p>&#8211; Certamen Literario de Cartas de Amor \u201cVilla de Mijas\u201d<\/p>\n","protected":false},"excerpt":{"rendered":"<p>Las Jornadas de Historia y Etnograf\u00eda Villa de Mijas y la&nbsp; convocatoria de los Premios de Investigaci\u00f3n Hist\u00f3rica y Etnogr\u00e1fica que&nbsp; se celebran desde el a\u00f1o 2003 con car\u00e1cter bianual as\u00ed como otras gestiones&nbsp; de esta Delegaci\u00f3n de Cultura para la edici\u00f3n y publicaciones de trabajos&nbsp; relacionados con nuestro municipio han dado como resultado una [&hellip;]<\/p>\n","protected":false},"author":9,"featured_media":0,"parent":13352,"menu_order":0,"comment_status":"closed","ping_status":"closed","template":"page-departamental.php","meta":[],"_links":{"self":[{"href":"https:\/\/www.mijas.es\/portal\/wp-json\/wp\/v2\/pages\/33671"}],"collection":[{"href":"https:\/\/www.mijas.es\/portal\/wp-json\/wp\/v2\/pages"}],"about":[{"href":"https:\/\/www.mijas.es\/portal\/wp-json\/wp\/v2\/types\/page"}],"author":[{"embeddable":true,"href":"https:\/\/www.mijas.es\/portal\/wp-json\/wp\/v2\/users\/9"}],"replies":[{"embeddable":true,"href":"https:\/\/www.mijas.es\/portal\/wp-json\/wp\/v2\/comments?post=33671"}],"version-history":[{"count":2,"href":"https:\/\/www.mijas.es\/portal\/wp-json\/wp\/v2\/pages\/33671\/revisions"}],"predecessor-version":[{"id":33675,"href":"https:\/\/www.mijas.es\/portal\/wp-json\/wp\/v2\/pages\/33671\/revisions\/33675"}],"up":[{"embeddable":true,"href":"https:\/\/www.mijas.es\/portal\/wp-json\/wp\/v2\/pages\/13352"}],"wp:attachment":[{"href":"https:\/\/www.mijas.es\/portal\/wp-json\/wp\/v2\/media?parent=33671"}],"curies":[{"name":"wp","href":"https:\/\/api.w.org\/{rel}","templated":true}]}}