{"id":32990,"date":"2020-10-02T15:39:59","date_gmt":"2020-10-02T15:39:59","guid":{"rendered":"https:\/\/www.mijas.es\/portal\/?page_id=32990"},"modified":"2024-02-04T17:19:03","modified_gmt":"2024-02-04T16:19:03","slug":"espacios-naturales-protegidos-de-mijas","status":"publish","type":"page","link":"https:\/\/www.mijas.es\/portal\/medio-ambiente\/espacios-naturales-protegidos-de-mijas\/","title":{"rendered":"Espacios Naturales Protegidos de Mijas"},"content":{"rendered":"\n<figure class=\"wp-block-image is-resized\"><img decoding=\"async\" src=\"https:\/\/www.mijas.es\/wp-content\/uploads\/2020\/10\/Portada-1024x576.jpeg\" alt=\"\" class=\"wp-image-32991\" width=\"798\" height=\"448\" srcset=\"https:\/\/www.mijas.es\/wp-content\/uploads\/2020\/10\/Portada-1024x576.jpeg 1024w, https:\/\/www.mijas.es\/wp-content\/uploads\/2020\/10\/Portada-300x169.jpeg 300w, https:\/\/www.mijas.es\/wp-content\/uploads\/2020\/10\/Portada-768x432.jpeg 768w, https:\/\/www.mijas.es\/wp-content\/uploads\/2020\/10\/Portada.jpeg 2048w\" sizes=\"(max-width: 798px) 100vw, 798px\" \/><\/figure>\n\n\n\n<p>Te invitamos a conocer algo m\u00e1s\nsobre los Espacios Naturales Protegidos de Mijas. Para ello, puedes consultar\nen los siguientes enlaces para obtener la informaci\u00f3n disponible sobre cada uno\nde ellos.<\/p>\n\n\n\n<p>El Ayuntamiento de Mijas, dentro del\nmarco de sus competencias, lleva a cabo en estos espacios protegidos las\nsiguientes actuaciones de mejora y sensibilizaci\u00f3n ambiental:<\/p>\n\n\n\n<p>&#8211; Desarrollo y mantenimiento de la\nRed de Senderos Autoguiados de Mijas.<\/p>\n\n\n\n<p>&#8211; Instalaci\u00f3n de carteler\u00eda con\ninformaci\u00f3n ambiental del espacio protegido.<\/p>\n\n\n\n<p>&#8211; Repoblaciones forestales, as\u00ed como\nde especies de flora en el litoral.<\/p>\n\n\n\n<p>&#8211; Realizaci\u00f3n de itinerarios\nambientales.<\/p>\n\n\n\n<p>&#8211; Campa\u00f1as de concienciaci\u00f3n y\nsensibilizaci\u00f3n sobre la avifauna.<\/p>\n\n\n\n<p>&#8211; Campa\u00f1a de protecci\u00f3n y\nconservaci\u00f3n del Chorlitejo patinegro.<\/p>\n\n\n\n<p>&#8211; Realizaci\u00f3n de Campa\u00f1as peri\u00f3dicas\nde limpieza de pl\u00e1sticos junto a diversos colectivos, incluyendo limpieza de\nfondos marinos.<\/p>\n\n\n\n<p>&#8211; Eliminaci\u00f3n constante de especies\nvegetales ex\u00f3ticas e invasoras.<\/p>\n\n\n\n<p>&#8211; Colaboraci\u00f3n con la Universidad de\nM\u00e1laga para la catalogaci\u00f3n del alga <em>Rugulopterix Okamurae<\/em>, como especie ex\u00f3tica e invasora. Retirada\nde los restos que aparecen en nuestro litoral.<\/p>\n\n\n\n<p>Por favor, si decides adentrarte en\nalguno de nuestros espacios naturales, hazlo siempre con responsabilidad y\nrespeto. El cuidado del medio ambiente es tarea de tod@s!<\/p>\n\n\n\n<p>&#8211; Complejos Serranos de Inter\u00e9s Ambiental Sierras Blancas-Canucha-Alpujata (CS-2) y Sierra de Mijas (CS-3) &#8211; <a href=\"http:\/\/www.mijas.es\/wp-content\/uploads\/2020\/10\/1.%20PEPMF_malaga.pdf\">Ver<\/a><\/p>\n\n\n\n<p>&#8211; Zona Especial de Conservaci\u00f3n R\u00edo Fuengirola (ZEC ES6170022) &#8211; <a href=\"http:\/\/www.mijas.es\/wp-content\/uploads\/2020\/10\/2.%20Valores%20Ambientales%20ZEC%20R%C3%ADo%20Fuengirola.pdf\">Ver<\/a><\/p>\n\n\n\n<p>&#8211; Zona Especial de Conservaci\u00f3n Calahonda (ZEC ES6170030) &#8211;<a href=\"http:\/\/www.mijas.es\/wp-content\/uploads\/2020\/10\/3.%20Valores%20Ambientales%20ZEC%20Calahonda.pdf\">Ver<\/a><\/p>\n","protected":false},"excerpt":{"rendered":"<p>Te invitamos a conocer algo m\u00e1s sobre los Espacios Naturales Protegidos de Mijas. Para ello, puedes consultar en los siguientes enlaces para obtener la informaci\u00f3n disponible sobre cada uno de ellos. El Ayuntamiento de Mijas, dentro del marco de sus competencias, lleva a cabo en estos espacios protegidos las siguientes actuaciones de mejora y sensibilizaci\u00f3n [&hellip;]<\/p>\n","protected":false},"author":9,"featured_media":0,"parent":12115,"menu_order":0,"comment_status":"closed","ping_status":"closed","template":"page-departamental.php","meta":[],"_links":{"self":[{"href":"https:\/\/www.mijas.es\/portal\/wp-json\/wp\/v2\/pages\/32990"}],"collection":[{"href":"https:\/\/www.mijas.es\/portal\/wp-json\/wp\/v2\/pages"}],"about":[{"href":"https:\/\/www.mijas.es\/portal\/wp-json\/wp\/v2\/types\/page"}],"author":[{"embeddable":true,"href":"https:\/\/www.mijas.es\/portal\/wp-json\/wp\/v2\/users\/9"}],"replies":[{"embeddable":true,"href":"https:\/\/www.mijas.es\/portal\/wp-json\/wp\/v2\/comments?post=32990"}],"version-history":[{"count":4,"href":"https:\/\/www.mijas.es\/portal\/wp-json\/wp\/v2\/pages\/32990\/revisions"}],"predecessor-version":[{"id":53857,"href":"https:\/\/www.mijas.es\/portal\/wp-json\/wp\/v2\/pages\/32990\/revisions\/53857"}],"up":[{"embeddable":true,"href":"https:\/\/www.mijas.es\/portal\/wp-json\/wp\/v2\/pages\/12115"}],"wp:attachment":[{"href":"https:\/\/www.mijas.es\/portal\/wp-json\/wp\/v2\/media?parent=32990"}],"curies":[{"name":"wp","href":"https:\/\/api.w.org\/{rel}","templated":true}]}}