{"id":30974,"date":"2020-05-04T12:59:36","date_gmt":"2020-05-04T12:59:36","guid":{"rendered":"https:\/\/www.mijas.es\/portal\/?page_id=30974"},"modified":"2021-09-24T12:21:03","modified_gmt":"2021-09-24T11:21:03","slug":"ayuda-a-empresa-y-autonomos-covid-19","status":"publish","type":"page","link":"https:\/\/www.mijas.es\/portal\/ayuda-a-empresa-y-autonomos-covid-19\/","title":{"rendered":"Ayuda a Empresa y Aut\u00f3nomos COVID-19"},"content":{"rendered":"\n<h2 class=\"wp-block-heading\">Plan Cometha<\/h2>\n\n\n\n<p>Abierto plazo de solicitud de las ayudas del Plan COMETHA para la reactivaci\u00f3n econ\u00f3mica y empresarial de Mijas.<br><br>Del 17 de septiembre al 15 de octubre los interesados podr\u00e1n solicitar las ayudas recogidas en las&nbsp; l\u00edneas COMETHA Empleo y COMETHA Turismo aprobadas por el pleno del 31 de agosto de 2021, a trav\u00e9s de la SEDE ELECTR\u00d3NICA<br><br>M\u00e1s informaci\u00f3n: <a href=\"https:\/\/www.mijas.es\/portal\/plan-cometha\/\">https:\/\/www.mijas.es\/portal\/plan-cometha\/<\/a><\/p>\n\n\n\n<h2 class=\"wp-block-heading\">Plan Orea<\/h2>\n\n\n\n<p>COVID-19. El PLAN OREA incluye una inversi\u00f3n de 12 millones de euros para la puesta en marcha de estas ayudas directas, que oscilar\u00e1n entre los 3.000 y 6.000 euros, para potenciar la conservaci\u00f3n del empleo en la ciudad. A continuaci\u00f3n podr\u00e1n acceder a un breve resumen de esta l\u00ednea de ayudas y descargar las solicitudes que incluyen los anexos y documentaci\u00f3n a aportar para optar a esta ayuda.&nbsp;Resumen PLAN OREA, Oficina de Rescate a Empresas y Aut\u00f3nomos. (<a href=\"https:\/\/www.mijas.es\/wp-content\/uploads\/2020\/04\/RESUMEN-PLAN-OREA.pdf\">descargar PDF Resumen Plan OREA<\/a>)<\/p>\n\n\n\n<p><strong>La atenci\u00f3n telef\u00f3nica de lunes a viernes de 9:00 a 14:00 horas<\/strong>.<\/p>\n\n\n\n<p>Env\u00edo de documentaci\u00f3n: <strong>ayudapymes@mijas.es<\/strong><br>M\u00e1s informaci\u00f3n \u2013<a rel=\"noreferrer noopener\" aria-label=\" (abre en una nueva pesta\u00f1a)\" href=\"https:\/\/www.mijas.es\/portal\/mijas-amplia-el-numero-de-empresas-que-podran-beneficiarse-de-la-linea-a-pymes-y-autonomos\/\" target=\"_blank\">&nbsp;Ver Noticia<\/a><\/p>\n\n\n\n<p><strong>Tr\u00e1mite y solicitud&nbsp;PLAN OREA:<\/strong><\/p>\n\n\n\n<ul><li>Descargar solicitud l\u00ednea Ayudas a Pymes y Aut\u00f3nomos \u2013<a rel=\"noreferrer noopener\" href=\"https:\/\/www.mijas.es\/wp-content\/uploads\/2020\/04\/SOLICITUD-PLAN-OREA.pdf\" target=\"_blank\">Descargar<\/a><\/li><li>Resumen Plan OREA \u2013&nbsp;<a rel=\"noreferrer noopener\" href=\"https:\/\/www.mijas.es\/wp-content\/uploads\/2020\/04\/RESUMEN-PLAN-OREA.pdf\" target=\"_blank\">Descargar<\/a><\/li><li>Descargar Adobe Reader DC \u2013&nbsp;<a rel=\"noreferrer noopener\" href=\"https:\/\/get.adobe.com\/es\/reader\/download\/?installer=Reader_DC_2020.006.20042_Spanish_for_Windows&amp;os=Windows%2010&amp;browser_type=KHTML&amp;browser_dist=Chrome&amp;dualoffer=false&amp;mdualoffer=true&amp;cr=false&amp;stype=7539&amp;d=McAfee_Security_Scan_Plus&amp;d=McAfee_Safe_Connect\" target=\"_blank\">Descargar<\/a><\/li><li><strong>Listado de Solicitudes Incompletas y Excluidas:<\/strong><ul><li><a href=\"http:\/\/www.mijas.es\/wp-content\/uploads\/2020\/11\/LISTADO%20INCOMPLETAS%20PDF.pdf\">Incompletas<\/a><\/li><li><a rel=\"noreferrer noopener\" href=\"https:\/\/www.mijas.es\/wp-content\/uploads\/2020\/12\/List_Firm_Solic_Excluidas_OREA_11_12_2020-2.pdf\" target=\"_blank\">Nuevo Listado Excluidas<\/a> &#8211; Fecha 11\/12\/2020<\/li><li><a href=\"http:\/\/www.mijas.es\/wp-content\/uploads\/2020\/11\/LISTADO%20EXCLUIDAS.PDF\">Excluidas<\/a> &#8211; Fecha 6\/11\/2020<\/li><\/ul><\/li><li><strong>C\u00f3digo BDNS: 520296<\/strong><\/li><li><strong>Listado de beneficiarios Plan Orea:<\/strong><ul><li>1\u00ba Listado, notificados individualmente &#8211; <a href=\"http:\/\/www.mijas.es\/wp-content\/uploads\/2020\/09\/LISTADO%20WEBMASTER%20PRIMER%20INFORME%20OREA%20(100).pdf\">Descargar<\/a><\/li><li>2\u00ba Listado, notificados de forma grupal &#8211; <a href=\"http:\/\/www.mijas.es\/wp-content\/uploads\/2020\/09\/LISTADO%20WEBMASTER%20652.%20EDICTO.PDF\">Descargar<\/a><\/li><li>3\u00ba Listado, notificados mediante edicto en Tabl\u00f3n de Anuncios &#8211; <a href=\"http:\/\/www.mijas.es\/wp-content\/uploads\/2020\/10\/LISTADO%20WEBMASTER%20576.%20EDICTO.pdf\">Descargar<\/a><\/li><li>4\u00ba Listado, notificados mediante edicto en Tabl\u00f3n de Anuncios &#8211; <a rel=\"noreferrer noopener\" href=\"http:\/\/www.mijas.es\/wp-content\/uploads\/2021\/02\/4%C2%BA%20Edicto%20Beneficiarios%20PLAN%20OREA%20MIJAS.pdf\" target=\"_blank\">Descargar<\/a><\/li><li>5\u00ba Listado, notificados mediante edicto en Tabl\u00f3n de Anuncios &#8211; <a rel=\"noreferrer noopener\" href=\"http:\/\/www.mijas.es\/wp-content\/uploads\/2021\/02\/5%C2%BA%20Edicto%20Beneficiarios%20PLAN%20OREA%20MIJAS.pdf\" target=\"_blank\">Descargar<\/a><\/li><li>6\u00ba Listado, notificados mediante edicto en Tabl\u00f3n de Anuncios &#8211; <a rel=\"noreferrer noopener\" href=\"http:\/\/www.mijas.es\/wp-content\/uploads\/2021\/02\/6%C2%BA%20Edicto%20Beneficiarios%20PLAN%20OREA%20MIJAS.pdf\" target=\"_blank\">Descargar<\/a><\/li><li>7\u00ba Listado, notificados mediante edicto en Tabl\u00f3n de Anuncios &#8211; <a rel=\"noreferrer noopener\" href=\"https:\/\/www.mijas.es\/wp-content\/uploads\/2021\/08\/7o-Edicto-Beneficiarios-PLAN-OREA-MIJAS.pdf\" target=\"_blank\">Descargar<\/a><\/li><li>8\u00ba Listado, notificados mediante edicto en Tabl\u00f3n de Anuncios &#8211; <a rel=\"noreferrer noopener\" href=\"http:\/\/www.mijas.es\/wp-content\/uploads\/2021\/02\/8%C2%BA%20Edicto%20Beneficiarios%20PLAN%20OREA%20MIJAS.pdf\" target=\"_blank\">Descargar<\/a><\/li><li>9\u00ba Listado, notificados mediante edicto en Tabl\u00f3n de Anuncios &#8211; <a rel=\"noreferrer noopener\" href=\"http:\/\/www.mijas.es\/wp-content\/uploads\/2021\/02\/9%C2%BA%20Edicto%20Beneficiarios%20PLAN%20OREA%20MIJAS.pdf\" target=\"_blank\">Descargar<\/a><\/li><\/ul><\/li><\/ul>\n\n\n\n<p><strong>Solicitud de Ampliaci\u00f3n de Terrazas para Establecimientos Hosteleros<\/strong><\/p>\n\n\n\n<ul><li>Procedimiento de Declaraci\u00f3n Responsable de Ampliaci\u00f3n de Terrazas en la V\u00eda P\u00fablica para Establecimientos de Hosteleros &#8211; <a href=\"https:\/\/www.mijas.es\/wp-content\/uploads\/2020\/05\/PROTOCOLO-DECLARACI\u00d3N-RESPONSABLE-TERRAZAS-Y-VELADORES.pdf\" target=\"_blank\" rel=\"noreferrer noopener\">Descargar<\/a><\/li><li>Solicitud para la Ampliaci\u00f3n Temporal de Terrazas en la V\u00eda P\u00fablica&nbsp; &#8211; <a href=\"https:\/\/www.mijas.es\/wp-content\/uploads\/2020\/05\/Modelo-de-solicitud-covid19.pdf\" target=\"_blank\" rel=\"noreferrer noopener\">Descargar<\/a><\/li><li>Declaraci\u00f3n Responsable de Ampliaci\u00f3n &#8211; <a href=\"https:\/\/www.mijas.es\/wp-content\/uploads\/2020\/05\/Declaracion-Responsable-covid19.pdf\" target=\"_blank\" rel=\"noreferrer noopener\">Descargar<\/a><\/li><\/ul>\n","protected":false},"excerpt":{"rendered":"<p>Plan Cometha Abierto plazo de solicitud de las ayudas del Plan COMETHA para la reactivaci\u00f3n econ\u00f3mica y empresarial de Mijas. Del 17 de septiembre al 15 de octubre los interesados podr\u00e1n solicitar las ayudas recogidas en las&nbsp; l\u00edneas COMETHA Empleo y COMETHA Turismo aprobadas por el pleno del 31 de agosto de 2021, a trav\u00e9s [&hellip;]<\/p>\n","protected":false},"author":1,"featured_media":0,"parent":0,"menu_order":0,"comment_status":"closed","ping_status":"closed","template":"","meta":[],"_links":{"self":[{"href":"https:\/\/www.mijas.es\/portal\/wp-json\/wp\/v2\/pages\/30974"}],"collection":[{"href":"https:\/\/www.mijas.es\/portal\/wp-json\/wp\/v2\/pages"}],"about":[{"href":"https:\/\/www.mijas.es\/portal\/wp-json\/wp\/v2\/types\/page"}],"author":[{"embeddable":true,"href":"https:\/\/www.mijas.es\/portal\/wp-json\/wp\/v2\/users\/1"}],"replies":[{"embeddable":true,"href":"https:\/\/www.mijas.es\/portal\/wp-json\/wp\/v2\/comments?post=30974"}],"version-history":[{"count":22,"href":"https:\/\/www.mijas.es\/portal\/wp-json\/wp\/v2\/pages\/30974\/revisions"}],"predecessor-version":[{"id":43679,"href":"https:\/\/www.mijas.es\/portal\/wp-json\/wp\/v2\/pages\/30974\/revisions\/43679"}],"wp:attachment":[{"href":"https:\/\/www.mijas.es\/portal\/wp-json\/wp\/v2\/media?parent=30974"}],"curies":[{"name":"wp","href":"https:\/\/api.w.org\/{rel}","templated":true}]}}

Ayuda a Empresa y Autónomos COVID-19

<h2 class="wp-block-heading">Plan Cometha</h2>



<p>Abierto plazo de solicitud de las ayudas del Plan COMETHA para la reactivación económica y empresarial de Mijas.<br><br>Del 17 de septiembre al 15 de octubre los interesados podrán solicitar las ayudas recogidas en las&nbsp; líneas COMETHA Empleo y COMETHA Turismo aprobadas por el pleno del 31 de agosto de 2021, a través de la SEDE ELECTRÓNICA<br><br>Más información: <a href="https://www.mijas.es/portal/plan-cometha/">https://www.mijas.es/portal/plan-cometha/</a></p>



<h2 class="wp-block-heading">Plan Orea</h2>



<p>COVID-19. El PLAN OREA incluye una inversión de 12 millones de euros para la puesta en marcha de estas ayudas directas, que oscilarán entre los 3.000 y 6.000 euros, para potenciar la conservación del empleo en la ciudad. A continuación podrán acceder a un breve resumen de esta línea de ayudas y descargar las solicitudes que incluyen los anexos y documentación a aportar para optar a esta ayuda.&nbsp;Resumen PLAN OREA, Oficina de Rescate a Empresas y Autónomos. (<a href="https://www.mijas.es/wp-content/uploads/2020/04/RESUMEN-PLAN-OREA.pdf">descargar PDF Resumen Plan OREA</a>)</p>



<p><strong>La atención telefónica de lunes a viernes de 9:00 a 14:00 horas</strong>.</p>



<p>Envío de documentación: <strong>ayudapymes@mijas.es</strong><br>Más información –<a rel="noreferrer noopener" aria-label=" (abre en una nueva pestaña)" href="https://www.mijas.es/portal/mijas-amplia-el-numero-de-empresas-que-podran-beneficiarse-de-la-linea-a-pymes-y-autonomos/" target="_blank">&nbsp;Ver Noticia</a></p>



<p><strong>Trámite y solicitud&nbsp;PLAN OREA:</strong></p>



<ul><li>Descargar solicitud línea Ayudas a Pymes y Autónomos –<a rel="noreferrer noopener" href="https://www.mijas.es/wp-content/uploads/2020/04/SOLICITUD-PLAN-OREA.pdf" target="_blank">Descargar</a></li><li>Resumen Plan OREA –&nbsp;<a rel="noreferrer noopener" href="https://www.mijas.es/wp-content/uploads/2020/04/RESUMEN-PLAN-OREA.pdf" target="_blank">Descargar</a></li><li>Descargar Adobe Reader DC –&nbsp;<a rel="noreferrer noopener" href="https://get.adobe.com/es/reader/download/?installer=Reader_DC_2020.006.20042_Spanish_for_Windows&amp;os=Windows%2010&amp;browser_type=KHTML&amp;browser_dist=Chrome&amp;dualoffer=false&amp;mdualoffer=true&amp;cr=false&amp;stype=7539&amp;d=McAfee_Security_Scan_Plus&amp;d=McAfee_Safe_Connect" target="_blank">Descargar</a></li><li><strong>Listado de Solicitudes Incompletas y Excluidas:</strong><ul><li><a href="http://www.mijas.es/wp-content/uploads/2020/11/LISTADO%20INCOMPLETAS%20PDF.pdf">Incompletas</a></li><li><a rel="noreferrer noopener" href="https://www.mijas.es/wp-content/uploads/2020/12/List_Firm_Solic_Excluidas_OREA_11_12_2020-2.pdf" target="_blank">Nuevo Listado Excluidas</a> &#8211; Fecha 11/12/2020</li><li><a href="http://www.mijas.es/wp-content/uploads/2020/11/LISTADO%20EXCLUIDAS.PDF">Excluidas</a> &#8211; Fecha 6/11/2020</li></ul></li><li><strong>Código BDNS: 520296</strong></li><li><strong>Listado de beneficiarios Plan Orea:</strong><ul><li>1º Listado, notificados individualmente &#8211; <a href="http://www.mijas.es/wp-content/uploads/2020/09/LISTADO%20WEBMASTER%20PRIMER%20INFORME%20OREA%20(100).pdf">Descargar</a></li><li>2º Listado, notificados de forma grupal &#8211; <a href="http://www.mijas.es/wp-content/uploads/2020/09/LISTADO%20WEBMASTER%20652.%20EDICTO.PDF">Descargar</a></li><li>3º Listado, notificados mediante edicto en Tablón de Anuncios &#8211; <a href="http://www.mijas.es/wp-content/uploads/2020/10/LISTADO%20WEBMASTER%20576.%20EDICTO.pdf">Descargar</a></li><li>4º Listado, notificados mediante edicto en Tablón de Anuncios &#8211; <a rel="noreferrer noopener" href="http://www.mijas.es/wp-content/uploads/2021/02/4%C2%BA%20Edicto%20Beneficiarios%20PLAN%20OREA%20MIJAS.pdf" target="_blank">Descargar</a></li><li>5º Listado, notificados mediante edicto en Tablón de Anuncios &#8211; <a rel="noreferrer noopener" href="http://www.mijas.es/wp-content/uploads/2021/02/5%C2%BA%20Edicto%20Beneficiarios%20PLAN%20OREA%20MIJAS.pdf" target="_blank">Descargar</a></li><li>6º Listado, notificados mediante edicto en Tablón de Anuncios &#8211; <a rel="noreferrer noopener" href="http://www.mijas.es/wp-content/uploads/2021/02/6%C2%BA%20Edicto%20Beneficiarios%20PLAN%20OREA%20MIJAS.pdf" target="_blank">Descargar</a></li><li>7º Listado, notificados mediante edicto en Tablón de Anuncios &#8211; <a rel="noreferrer noopener" href="https://www.mijas.es/wp-content/uploads/2021/08/7o-Edicto-Beneficiarios-PLAN-OREA-MIJAS.pdf" target="_blank">Descargar</a></li><li>8º Listado, notificados mediante edicto en Tablón de Anuncios &#8211; <a rel="noreferrer noopener" href="http://www.mijas.es/wp-content/uploads/2021/02/8%C2%BA%20Edicto%20Beneficiarios%20PLAN%20OREA%20MIJAS.pdf" target="_blank">Descargar</a></li><li>9º Listado, notificados mediante edicto en Tablón de Anuncios &#8211; <a rel="noreferrer noopener" href="http://www.mijas.es/wp-content/uploads/2021/02/9%C2%BA%20Edicto%20Beneficiarios%20PLAN%20OREA%20MIJAS.pdf" target="_blank">Descargar</a></li></ul></li></ul>



<p><strong>Solicitud de Ampliación de Terrazas para Establecimientos Hosteleros</strong></p>



<ul><li>Procedimiento de Declaración Responsable de Ampliación de Terrazas en la Vía Pública para Establecimientos de Hosteleros &#8211; <a href="https://www.mijas.es/wp-content/uploads/2020/05/PROTOCOLO-DECLARACIÓN-RESPONSABLE-TERRAZAS-Y-VELADORES.pdf" target="_blank" rel="noreferrer noopener">Descargar</a></li><li>Solicitud para la Ampliación Temporal de Terrazas en la Vía Pública&nbsp; &#8211; <a href="https://www.mijas.es/wp-content/uploads/2020/05/Modelo-de-solicitud-covid19.pdf" target="_blank" rel="noreferrer noopener">Descargar</a></li><li>Declaración Responsable de Ampliación &#8211; <a href="https://www.mijas.es/wp-content/uploads/2020/05/Declaracion-Responsable-covid19.pdf" target="_blank" rel="noreferrer noopener">Descargar</a></li></ul>

<p>Plan Cometha Abierto plazo de solicitud de las ayudas del Plan COMETHA para la reactivación económica y empresarial de Mijas. Del 17 de septiembre al 15 de octubre los interesados podrán solicitar las ayudas recogidas en las&nbsp; líneas COMETHA Empleo y COMETHA Turismo aprobadas por el pleno del 31 de agosto de 2021, a través [&hellip;]</p>
