{"id":30712,"date":"2020-04-13T17:25:31","date_gmt":"2020-04-13T17:25:31","guid":{"rendered":"https:\/\/www.mijas.es\/portal\/?page_id=30712"},"modified":"2020-12-11T15:55:34","modified_gmt":"2020-12-11T15:55:34","slug":"informacion-covid-19","status":"publish","type":"page","link":"https:\/\/www.mijas.es\/portal\/informacion-covid-19\/","title":{"rendered":"Informaci\u00f3n Covid 19"},"content":{"rendered":"\n<p>Secciones Informaci\u00f3n Covid-19<\/p>\n\n\n\n<ul><li><a href=\"#atencion\">1. Atenci\u00f3n telef\u00f3nica y telem\u00e1tica COVID-19<\/a><\/li><li><a href=\"#servicios\">2. Servicios Sociales<\/a><\/li><li><a href=\"#renta\">3. Empleo\/Renta B\u00e1sica<\/a><\/li><li><a href=\"#pymes\">4. Ayudas a Pymes y Aut\u00f3nomos<\/a><\/li><li><a href=\"#genero\">5. Violencia de G\u00e9nero<\/a><\/li><li><a href=\"#tercera\">6. Tercera Edad<\/a><\/li><li><a href=\"#turismo\">7. Turismo<\/a><\/li><li><a href=\"#comercio\">8. Comercio<\/a><\/li><li><a href=\"#tasas\">9. Supresi\u00f3n tasas fiscales y nuevo calendario fiscal<\/a><\/li><li><a href=\"#noticias\">10. Noticias COOVID Mijas<\/a><\/li><li><a href=\"#terrazas\">11. Ampliaci\u00f3n de Terrazas en la V\u00eda P\u00fablica para  Establecimientos Hosteleros<\/a><\/li><\/ul>\n\n\n\n<div id=\"atencion\"><\/div>\n\n\n\n<h3 class=\"wp-block-heading\"><strong>1. Atenci\u00f3n telef\u00f3nica y telem\u00e1tica COVID-19<\/strong><\/h3>\n\n\n\n<p>El Consistorio ha habilitado un listado de tel\u00e9fonos espec\u00edficos con motivo emergencia sanitaria COVID19 para facilitar informaci\u00f3n, atender dudas y atender las necesidades de todos los residentes en el municipio durante el Estado de Alarma como consecuencia del COVID19. &nbsp;Los tel\u00e9fonos habilitados pueden consultarse tanto en espa\u00f1ol como en ingl\u00e9s en los siguientes carteles:<\/p>\n\n\n\n<figure class=\"wp-block-image\"><img decoding=\"async\" width=\"727\" height=\"1024\" src=\"https:\/\/www.mijas.es\/wp-content\/uploads\/2020\/07\/TELEFONOS-actualizado-070720-727x1024.jpg\" alt=\"\" class=\"wp-image-31938\" srcset=\"https:\/\/www.mijas.es\/wp-content\/uploads\/2020\/07\/TELEFONOS-actualizado-070720-727x1024.jpg 727w, https:\/\/www.mijas.es\/wp-content\/uploads\/2020\/07\/TELEFONOS-actualizado-070720-213x300.jpg 213w, https:\/\/www.mijas.es\/wp-content\/uploads\/2020\/07\/TELEFONOS-actualizado-070720-768x1081.jpg 768w\" sizes=\"(max-width: 727px) 100vw, 727px\" \/><\/figure>\n\n\n\n<p>El Ayuntamiento de Mijas mantiene el funcionamiento de todos sus departamentos para la gesti\u00f3n de diversos tr\u00e1mites. Puede ponerse en contacto v\u00eda e-mail &nbsp;para cualquier duda o solicitud de informaci\u00f3n. A continuaci\u00f3n les dejamos con los correos de cada departamento municipal:<\/p>\n\n\n\n<div id=\"servicios\"><\/div>\n\n\n\n<p><a href=\"https:\/\/www.mijas.es\/portal\/tu-ayuntamiento\/datos-de-contacto\/\">Acceder a los correos departamentales<\/a><\/p>\n\n\n\n<h3 class=\"wp-block-heading\"><strong>2. Servicios Sociales<\/strong><\/h3>\n\n\n\n<p>El Ayuntamiento de Mijas a trav\u00e9s del \u00e1rea de Servicios Sociales pone a disposici\u00f3n de las personas y de los grupos en que estas se integran, recursos, acciones y prestaciones para el logro de su pleno desarrollo, as\u00ed como la prevenci\u00f3n, tratamiento y eliminaci\u00f3n de las causas que conducen a su marginaci\u00f3n. A continuaci\u00f3n les dejamos con las principales l\u00edneas de ayudas sociales y los tel\u00e9fonos de contacto habilitados especialmente con motivo de la emergencia sanitaria del COVID19:<\/p>\n\n\n\n<ul><li> Tel\u00e9fonos y e-mail contacto Servicios Sociales:<\/li><\/ul>\n\n\n\n<figure class=\"wp-block-image\"><img decoding=\"async\" width=\"1024\" height=\"754\" src=\"https:\/\/www.mijas.es\/wp-content\/uploads\/2020\/07\/Captura-1024x754.png\" alt=\"\" class=\"wp-image-31971\" srcset=\"https:\/\/www.mijas.es\/wp-content\/uploads\/2020\/07\/Captura-1024x754.png 1024w, https:\/\/www.mijas.es\/wp-content\/uploads\/2020\/07\/Captura-300x221.png 300w, https:\/\/www.mijas.es\/wp-content\/uploads\/2020\/07\/Captura-768x565.png 768w, https:\/\/www.mijas.es\/wp-content\/uploads\/2020\/07\/Captura.png 1478w\" sizes=\"(max-width: 1024px) 100vw, 1024px\" \/><\/figure>\n\n\n\n<figure class=\"wp-block-image\"><img decoding=\"async\" width=\"1024\" height=\"1024\" src=\"https:\/\/www.mijas.es\/wp-content\/uploads\/2020\/07\/SERVICIOS-SOCIALES-RGB-1024x1024.jpg\" alt=\"\" class=\"wp-image-32006\" srcset=\"https:\/\/www.mijas.es\/wp-content\/uploads\/2020\/07\/SERVICIOS-SOCIALES-RGB-1024x1024.jpg 1024w, https:\/\/www.mijas.es\/wp-content\/uploads\/2020\/07\/SERVICIOS-SOCIALES-RGB-150x150.jpg 150w, https:\/\/www.mijas.es\/wp-content\/uploads\/2020\/07\/SERVICIOS-SOCIALES-RGB-300x300.jpg 300w, https:\/\/www.mijas.es\/wp-content\/uploads\/2020\/07\/SERVICIOS-SOCIALES-RGB-768x768.jpg 768w\" sizes=\"(max-width: 1024px) 100vw, 1024px\" \/><\/figure>\n\n\n\n<p><strong> Tr\u00e1mites y solicitudes sociales disponibles:  <\/strong><\/p>\n\n\n\n<ul><li>Descargar Adobe Reader DC \u2013&nbsp;<a href=\"https:\/\/get.adobe.com\/es\/reader\/download\/?installer=Reader_DC_2020.006.20042_Spanish_for_Windows&amp;os=Windows%2010&amp;browser_type=KHTML&amp;browser_dist=Chrome&amp;dualoffer=false&amp;mdualoffer=true&amp;cr=false&amp;stype=7539&amp;d=McAfee_Security_Scan_Plus&amp;d=McAfee_Safe_Connect\">Descargar<\/a><\/li><\/ul>\n\n\n\n<ul><li><strong>Ordenanza Reguladora para la concesi\u00f3n de Ayudas de Emergencia Social para personas en situaci\u00f3n de vulnerabilidad o exclusi\u00f3n social<\/strong><ul><li>Ordenanza \u2013\u00a0<a href=\"http:\/\/www.mijas.es\/files\/adjuntos\/servicios_sociales\/ORDENANZA%20PAES%20-%20PUBLICACI%C3%93N%20BOPMA.pdf\">Descargar<\/a>\u00a0(PDF)<\/li><\/ul><\/li><li><strong>Ordenanza Reguladora para la concesi\u00f3n de Ayudas para el Alquiler de Vivienda<\/strong><ul><li>Ordenanza \u2013\u00a0<a rel=\"noreferrer noopener\" href=\"https:\/\/www.mijas.es\/files\/adjuntos\/Bienestar%20Social%20y%20Igualdad\/tramites\/2018\/ORDENANZA.pdf\" target=\"_blank\">Descargar\u00a0<\/a>(PDF)<\/li><li>Anexo I \u2013\u00a0<a rel=\"noreferrer noopener\" href=\"http:\/\/www.mijas.es\/wp-content\/uploads\/2020\/04\/ANEXO%20I.pdf.pdf\" target=\"_blank\">Descargar\u00a0<\/a>(PDF)<\/li><li>Anexo II \u2013\u00a0<a rel=\"noreferrer noopener\" href=\"http:\/\/www.mijas.es\/wp-content\/uploads\/2020\/04\/ANEXO%20II.pdf.pdf\" target=\"_blank\">Descargar\u00a0<\/a>(PDF)<\/li><li>Anexo III \u2013\u00a0<a rel=\"noreferrer noopener\" href=\"http:\/\/www.mijas.es\/wp-content\/uploads\/2020\/04\/ANEXO%20III.pdf.pdf\" target=\"_blank\">Descargar\u00a0<\/a>(PDF)<\/li><li>Anexo IV \u2013\u00a0<a rel=\"noreferrer noopener\" href=\"http:\/\/www.mijas.es\/wp-content\/uploads\/2020\/04\/ANEXO%20IV.pdf.pdf\" target=\"_blank\">Descargar\u00a0<\/a>(PDF)<\/li><\/ul><\/li><li> <div id=\"renta\"> <strong>Convocatoria de Ayudas a personas con discapacidad 2.019<\/strong> <ul><li>Listado provisional de admitidos y excluidos de la Convocatoria de Ayudas a Personas con discapacidad \u2013\u00a0<a href=\"http:\/\/www.mijas.es\/files\/adjuntos\/Bienestar%20Social%20y%20Igualdad\/Decreto_listado%20_admitidosyexcluidosPDF2%20FIRMADO%2C%20SALIDA.pdf\">Descargar\u00a0<\/a>(PDF)<\/li><li>Extracto de la convocatoria \u2013\u00a0<a rel=\"noreferrer noopener\" href=\"http:\/\/www.mijas.es\/files\/adjuntos\/Bienestar%20Social%20y%20Igualdad\/EXTRACTO%20CONVOCATORIA%20BOPMA.pdf\" target=\"_blank\">Descargar\u00a0<\/a>(PDF)<\/li><li>Convocatoria \u2013\u00a0<a rel=\"noreferrer noopener\" href=\"http:\/\/www.mijas.es\/files\/adjuntos\/Bienestar%20Social%20y%20Igualdad\/CONVOCATORIA%20AYUDA%20A%20PERSONAS%20CON%20DISCAPACIDAD%202019.pdf\" target=\"_blank\">Descargar\u00a0<\/a>\u2013 (PDF)<\/li><\/ul><\/li><li> <strong>Convocatoria de Ayudas de Escuela de Verano 2.019<\/strong> <ul><li>Extracto de la convocatoria \u2013\u00a0<a href=\"http:\/\/www.mijas.es\/files\/adjuntos\/Bienestar%20Social%20y%20Igualdad\/escuela%20de%20verano%202019\/EXTRACTO%20DE%20LA%20CONVOCATORIA.pdf\">Descargar\u00a0<\/a>(PDF)<\/li><li>Convocatoria \u2013\u00a0<a rel=\"noreferrer noopener\" href=\"http:\/\/www.mijas.es\/files\/adjuntos\/Bienestar%20Social%20y%20Igualdad\/escuela%20de%20verano%202019\/CONVOCATORIA%20ESCUELA%20DE%20VERANO%202.019.pdf\" target=\"_blank\">Descargar\u00a0<\/a>(PDF)<\/li><li>Listado provisional de admitidos y excluidos \u2013\u00a0<a href=\"http:\/\/www.mijas.es\/files\/adjuntos\/Bienestar%20Social%20y%20Igualdad\/escuela%20de%20verano%202019\/Decreto%20listado%20provisional%20admitidos%20y%20excluidos%20FIRMADO%20%20SALIDA.pdf\" target=\"_blank\" rel=\"noreferrer noopener\" aria-label=\" (abre en una nueva pesta\u00f1a)\">Descargar<\/a>\u00a0(PDF)<\/li><\/ul><\/li><\/ul>\n\n\n\n<h3 class=\"wp-block-heading\"><strong>3. Empleo\/Renta B\u00e1sica<\/strong><\/h3>\n\n\n\n<p> El Ayuntamiento de Mijas contin\u00faa con su apuesta por el Programa de  Inserci\u00f3n Socio Laboral de Renta B\u00e1sica. A continuaci\u00f3n se puede acceder  a enlaces relacionados con el departamento, noticias,&nbsp; tel\u00e9fonos,  correo de contacto y formularios: <\/p>\n\n\n\n<div id=\"pymes\"><\/div>\n\n\n\n<p>\n\nRenta B\u00e1sica-Relaci\u00f3n provisional de solicitudes&nbsp;&nbsp; <a href=\"https:\/\/www.mijas.es\/wp-content\/uploads\/2020\/06\/ANEXO-I-Solicitudes-Adminitdas.pdf\" target=\"_blank\" rel=\"noreferrer noopener\">Solicitudes Admitidas <\/a>&nbsp;&#8211; <a href=\"https:\/\/www.mijas.es\/wp-content\/uploads\/2020\/06\/ANEXO-II-Solicitudes-Excluidas.pdf\" target=\"_blank\" rel=\"noreferrer noopener\">Solicitudes Excluidas<\/a><\/p>\n\n\n\n<ul><li>Informaci\u00f3n general Programa Renta B\u00e1sica. \u2013&nbsp;<a rel=\"noreferrer noopener\" aria-label=\" (abre en una nueva pesta\u00f1a)\" href=\"https:\/\/www.mijas.es\/portal\/fomento\/renta-basica\/\" target=\"_blank\">M\u00e1s informaci\u00f3n<\/a><br>Enlace a formulario solicitud \u2013&nbsp;<a rel=\"noreferrer noopener\" aria-label=\" (abre en una nueva pesta\u00f1a)\" href=\"https:\/\/www.mijas.es\/wp-content\/uploads\/2020\/03\/RSB-SOLICITUD.pdf\" target=\"_blank\">Descargar<\/a> <\/li><\/ul>\n\n\n\n<h3 class=\"wp-block-heading\"><strong>4. Ayudas a Pymes y Aut\u00f3nomos<\/strong><\/h3>\n\n\n\n<div id=\"genero\"><\/div>\n\n\n\n<p> El Ayuntamiento de Mijas ha puesto en marcha un programa de ayuda a  aut\u00f3nomos y empresas del municipio afectadas por la emergencia  sanitaria COVID-19. El PLAN OREA incluye una inversi\u00f3n de 12 millones de  euros para la puesta en marcha de estas ayudas directas, que oscilar\u00e1n  entre los 3.000 y 6.000 euros, para potenciar la conservaci\u00f3n del empleo  en la ciudad. A continuaci\u00f3n podr\u00e1n acceder a un breve resumen de esta  l\u00ednea de ayudas y descargar las solicitudes que incluyen los anexos y  documentaci\u00f3n a aportar para optar a esta ayuda.&nbsp;Resumen PLAN OREA, Oficina de Rescate a Empresas y Aut\u00f3nomos. (<a href=\"https:\/\/www.mijas.es\/wp-content\/uploads\/2020\/04\/RESUMEN-PLAN-OREA.pdf\">descargar PDF Resumen Plan OREA<\/a>) <\/p>\n\n\n\n<p><strong>Atenci\u00f3n telef\u00f3nica  de lunes a viernes de 9:00 a 14:00 horas<\/strong>.<\/p>\n\n\n\n<p> Env\u00edo de documentaci\u00f3n: <strong>ayudapymes@mijas<\/strong>. <br>M\u00e1s informaci\u00f3n &#8211;<a href=\"https:\/\/www.mijas.es\/portal\/mijas-amplia-el-numero-de-empresas-que-podran-beneficiarse-de-la-linea-a-pymes-y-autonomos\/\" target=\"_blank\" rel=\"noreferrer noopener\" aria-label=\" (abre en una nueva pesta\u00f1a)\"> Ver Noticia<\/a><\/p>\n\n\n\n<p><strong>Tr\u00e1mite y solicitud&nbsp;PLAN OREA:<\/strong><\/p>\n\n\n\n<ul><li>Descargar solicitud l\u00ednea Ayudas a Pymes y Aut\u00f3nomos &#8211;<a rel=\"noreferrer noopener\" aria-label=\" (abre en una nueva pesta\u00f1a)\" href=\"https:\/\/www.mijas.es\/wp-content\/uploads\/2020\/04\/SOLICITUD-PLAN-OREA.pdf\" target=\"_blank\">Descargar<\/a><\/li><li> Resumen Plan OREA &#8211; <a rel=\"noreferrer noopener\" aria-label=\" (abre en una nueva pesta\u00f1a)\" href=\"https:\/\/www.mijas.es\/wp-content\/uploads\/2020\/04\/RESUMEN-PLAN-OREA.pdf\" target=\"_blank\">Descargar<\/a><\/li><li> Descargar Adobe Reader DC \u2013\u00a0<a rel=\"noreferrer noopener\" aria-label=\" (abre en una nueva pesta\u00f1a)\" href=\"https:\/\/get.adobe.com\/es\/reader\/download\/?installer=Reader_DC_2020.006.20042_Spanish_for_Windows&amp;os=Windows%2010&amp;browser_type=KHTML&amp;browser_dist=Chrome&amp;dualoffer=false&amp;mdualoffer=true&amp;cr=false&amp;stype=7539&amp;d=McAfee_Security_Scan_Plus&amp;d=McAfee_Safe_Connect\" target=\"_blank\">Descargar<\/a> <\/li><li> <strong>Listado de Solicitudes Incompletas y Excluidas:<\/strong><ul><li><a href=\"http:\/\/www.mijas.es\/wp-content\/uploads\/2020\/11\/LISTADO%20INCOMPLETAS%20PDF.pdf\">Incompletas<\/a><\/li><li><a rel=\"noreferrer noopener\" href=\"https:\/\/www.mijas.es\/wp-content\/uploads\/2020\/12\/List_Firm_Solic_Excluidas_OREA_11_12_2020-2.pdf\" target=\"_blank\">Nuevo Listado Excluidas<\/a> &#8211; Fecha 11\/12\/2020<\/li><li><a href=\"http:\/\/www.mijas.es\/wp-content\/uploads\/2020\/11\/LISTADO%20EXCLUIDAS.PDF\">Excluidas<\/a> &#8211; Fecha 6\/11\/2020<\/li><\/ul><\/li><\/ul>\n\n\n\n<h3 class=\"wp-block-heading\"><strong>5. Violencia de G\u00e9nero<\/strong><\/h3>\n\n\n\n<ul><li>Se mantiene activo el servicio de asistencia a v\u00edctimas de violencia de g\u00e9nero y se habilita servicio telef\u00f3nico que incluye el contacto v\u00eda Whatsapp para el traslado de casos.  Estos tel\u00e9fonos est\u00e1n disponibles tanto para posibles v\u00edctimas como para aquellas personas que puedan tener constancia de alg\u00fan caso y puedan hacer llegar ayuda a las v\u00edctimas de violencia en sus hogares a trav\u00e9s de su comunicaci\u00f3n a las autoridades competentes. <\/li><\/ul>\n\n\n\n<div class=\"wp-block-image\" style=\"width:50%;float:left;\"><figure class=\"alignleft\"><img decoding=\"async\" width=\"1024\" height=\"1024\" src=\"https:\/\/www.mijas.es\/wp-content\/uploads\/2020\/04\/cartel-4-1-1024x1024.jpeg\" alt=\"\" class=\"wp-image-30888\" srcset=\"https:\/\/www.mijas.es\/wp-content\/uploads\/2020\/04\/cartel-4-1-1024x1024.jpeg 1024w, https:\/\/www.mijas.es\/wp-content\/uploads\/2020\/04\/cartel-4-1-150x150.jpeg 150w, https:\/\/www.mijas.es\/wp-content\/uploads\/2020\/04\/cartel-4-1-300x300.jpeg 300w, https:\/\/www.mijas.es\/wp-content\/uploads\/2020\/04\/cartel-4-1-768x768.jpeg 768w, https:\/\/www.mijas.es\/wp-content\/uploads\/2020\/04\/cartel-4-1.jpeg 1600w\" sizes=\"(max-width: 1024px) 100vw, 1024px\" \/><\/figure><\/div>\n\n\n\n<div class=\"wp-block-image\" style=\"width:50%;float:left;\"><figure class=\"alignleft\"><img decoding=\"async\" width=\"1024\" height=\"1024\" src=\"https:\/\/www.mijas.es\/wp-content\/uploads\/2020\/04\/cartel-5-1-1024x1024.jpeg\" alt=\"\" class=\"wp-image-30889\" srcset=\"https:\/\/www.mijas.es\/wp-content\/uploads\/2020\/04\/cartel-5-1-1024x1024.jpeg 1024w, https:\/\/www.mijas.es\/wp-content\/uploads\/2020\/04\/cartel-5-1-150x150.jpeg 150w, https:\/\/www.mijas.es\/wp-content\/uploads\/2020\/04\/cartel-5-1-300x300.jpeg 300w, https:\/\/www.mijas.es\/wp-content\/uploads\/2020\/04\/cartel-5-1-768x768.jpeg 768w, https:\/\/www.mijas.es\/wp-content\/uploads\/2020\/04\/cartel-5-1.jpeg 1600w\" sizes=\"(max-width: 1024px) 100vw, 1024px\" \/><\/figure><\/div>\n\n\n\n<div id=\"extranjeros\"><\/div>\n\n\n\n<div class=\"wp-block-image\" style=\"max-width:500px\"><figure class=\"aligncenter\"><img decoding=\"async\" width=\"1024\" height=\"1024\" src=\"https:\/\/www.mijas.es\/wp-content\/uploads\/2020\/04\/cartel-6-1-1024x1024.jpeg\" alt=\"\" class=\"wp-image-30890\" srcset=\"https:\/\/www.mijas.es\/wp-content\/uploads\/2020\/04\/cartel-6-1-1024x1024.jpeg 1024w, https:\/\/www.mijas.es\/wp-content\/uploads\/2020\/04\/cartel-6-1-150x150.jpeg 150w, https:\/\/www.mijas.es\/wp-content\/uploads\/2020\/04\/cartel-6-1-300x300.jpeg 300w, https:\/\/www.mijas.es\/wp-content\/uploads\/2020\/04\/cartel-6-1-768x768.jpeg 768w, https:\/\/www.mijas.es\/wp-content\/uploads\/2020\/04\/cartel-6-1.jpeg 1600w\" sizes=\"(max-width: 1024px) 100vw, 1024px\" \/><\/figure><\/div>\n\n\n\n<ul><li> Otros enlaces de inter\u00e9s y gu\u00edas espec\u00edficas para atenci\u00f3n a v\u00edctimas de violencia de g\u00e9nero del Gobierno Espa\u00f1a y Junta de Andaluc\u00eda <\/li><\/ul>\n\n\n\n<p>Otros enlaces de Inter\u00e9s:<br><a href=\"https:\/\/violenciagenero.igualdad.gob.es\/informacionUtil\/covid19\/home.htm\">https:\/\/violenciagenero.igualdad.gob.es\/informacionUtil\/covid19\/home.htm<\/a><\/p>\n\n\n\n<p><a href=\"https:\/\/www.juntadeandalucia.es\/temas\/familias-igualdad\/mujeres\/violencia-genero.html\">https:\/\/www.juntadeandalucia.es\/temas\/familias-igualdad\/mujeres\/violencia-genero.html<\/a><\/p>\n\n\n\n<div id=\"tercera\"><\/div>\n\n\n\n<h3 class=\"wp-block-heading\"><strong>6. Tercera Edad<\/strong><\/h3>\n\n\n\n<ul><li> El Ayuntamiento de Mijas ha habilitado un servicio especial de asistencia 24 horas a la poblaci\u00f3n mayor y dependientes para el abastecimiento de f\u00e1rmacos y productos de primer necesidad con motivo del COVID19 <\/li><\/ul>\n\n\n\n<div id=\"turismo\"><\/div>\n\n\n\n<div class=\"wp-block-image\" style=\"max-width:600px\"><figure class=\"aligncenter\"><img decoding=\"async\" width=\"1024\" height=\"1024\" src=\"https:\/\/www.mijas.es\/wp-content\/uploads\/2020\/04\/cartel-8-1024x1024.jpeg\" alt=\"\" class=\"wp-image-30903\" srcset=\"https:\/\/www.mijas.es\/wp-content\/uploads\/2020\/04\/cartel-8-1024x1024.jpeg 1024w, https:\/\/www.mijas.es\/wp-content\/uploads\/2020\/04\/cartel-8-150x150.jpeg 150w, https:\/\/www.mijas.es\/wp-content\/uploads\/2020\/04\/cartel-8-300x300.jpeg 300w, https:\/\/www.mijas.es\/wp-content\/uploads\/2020\/04\/cartel-8-768x768.jpeg 768w, https:\/\/www.mijas.es\/wp-content\/uploads\/2020\/04\/cartel-8.jpeg 1600w\" sizes=\"(max-width: 1024px) 100vw, 1024px\" \/><\/figure><\/div>\n\n\n\n<h3 class=\"wp-block-heading\"><strong>7. Turismo<\/strong><\/h3>\n\n\n\n<ul><li> El Ayuntamiento de Mijas ha puesto en marcha una campa\u00f1a espec\u00edfica de promoci\u00f3n del turismo enfocada a la potenciaci\u00f3n del destino entre el turista nacional <\/li><\/ul>\n\n\n\n<div id=\"comercio\"><\/div>\n\n\n\n<figure class=\"wp-block-image\" style=\"width:50%;float:left;\"><img decoding=\"async\" width=\"1024\" height=\"1024\" src=\"https:\/\/www.mijas.es\/wp-content\/uploads\/2020\/04\/cartel-9-1024x1024.jpeg\" alt=\"\" class=\"wp-image-30912\" srcset=\"https:\/\/www.mijas.es\/wp-content\/uploads\/2020\/04\/cartel-9-1024x1024.jpeg 1024w, https:\/\/www.mijas.es\/wp-content\/uploads\/2020\/04\/cartel-9-150x150.jpeg 150w, https:\/\/www.mijas.es\/wp-content\/uploads\/2020\/04\/cartel-9-300x300.jpeg 300w, https:\/\/www.mijas.es\/wp-content\/uploads\/2020\/04\/cartel-9-768x768.jpeg 768w, https:\/\/www.mijas.es\/wp-content\/uploads\/2020\/04\/cartel-9.jpeg 1600w\" sizes=\"(max-width: 1024px) 100vw, 1024px\" \/><\/figure>\n\n\n\n<figure class=\"wp-block-image\" style=\"width:50%;float:left;\"><img decoding=\"async\" src=\"https:\/\/www.mijas.es\/wp-content\/uploads\/2020\/04\/cartel-10.jpeg\" alt=\"\" class=\"wp-image-30912\"><\/figure>\n\n\n\n<ul><li>Camping &#8211; <a href=\"http:\/\/www.mijas.es\/wp-content\/uploads\/2020\/04\/CAMPINGS%20(con%20logo%20SANIDAD)%20def..pdf.pdf\">Descargar Documento<\/a><\/li><li>Museos &#8211; <a href=\"http:\/\/www.mijas.es\/wp-content\/uploads\/2020\/04\/MUSEOS%20(con%20logo%20SANIDAD)%20def..pdf.pdf\">Descargar Documento<\/a> <\/li><li>Campos de Golf &#8211; <a href=\"http:\/\/www.mijas.es\/wp-content\/uploads\/2020\/04\/CAMPOS%20DE%20GOLF%20(con%20logo%20SANIDAD)%20def..pdf.pdf\">Descargar Documento<\/a> <\/li><li>Restaurantes &#8211; <a href=\"http:\/\/www.mijas.es\/wp-content\/uploads\/2020\/04\/RESTAURANTES%20(con%20logo%20SANIDAD)%20def..pdf.pdf\">Descargar Documento<\/a> <\/li><li>Hoteles &#8211; <a href=\"http:\/\/www.mijas.es\/wp-content\/uploads\/2020\/04\/HOTELES%20(con%20logo%20SANIDAD)%20def..pdf.pdf\">Descargar Documento<\/a> <\/li><li>Turismo activo y Ecoturismo &#8211; <a href=\"http:\/\/www.mijas.es\/wp-content\/uploads\/2020\/04\/Turismo_activo_y_ecoturismo.pdf\">Descargar Documento<\/a><\/li><li>Aforo Playas<\/li><\/ul>\n\n\n\n<div style=\"float:left;width:48%;padding:1%\"><center><strong>Aforo Playas<\/strong><\/center><video width=\"100%\" height=\"auto\" controls=\"\">\n  <source src=\"https:\/\/www.mijas.es\/wp-content\/uploads\/2020\/07\/TUTORIAL_AFORO_PLAYAS_MIJAS_ING.mp4\" type=\"video\/mp4\">\n  Your browser does not support the video tag.\n<\/video>\n<\/div>\n<div style=\"float:left;width:48%;padding:1%\"><center><strong>Beach capacity<\/strong><\/center>\n<video width=\"100%\" height=\"auto\" controls=\"\">\n  <source src=\"https:\/\/www.mijas.es\/wp-content\/uploads\/2020\/07\/TUTORIAL_AFORO_PLAYAS_MIJAS_ING.mp4\" type=\"video\/mp4\">\n  Your browser does not support the video tag.\n<\/video><\/div><br clear=\"all\"><br clear=\"all\">\n\n\n\n<h3 class=\"wp-block-heading\"><strong>8. Comercio<\/strong><\/h3>\n\n\n\n<ul><li>El Ayuntamiento de Mijas ha iniciado una campa\u00f1a de promoci\u00f3n del comercio local especialmente enfocado a aquellos peque\u00f1os y medianos comercios que cuentan con reparto a domicilio en Mijas. Los comercios interesados en adherirse pueden enviar un correo <a href=\"mailto:marketing@mijascomunicacion.com\">marketing@mijascomunicacion.com<\/a> con el asunto Reparto a domicilio Mijas\u2019. El cartel se ir\u00e1 actualizando semanalmente con los comercios que se incorporen. <\/li><\/ul>\n\n\n\n<figure class=\"wp-block-image\"><img decoding=\"async\" width=\"727\" height=\"1024\" src=\"https:\/\/www.mijas.es\/wp-content\/uploads\/2020\/05\/alimentacion2-1-727x1024.jpg\" alt=\"\" class=\"wp-image-31392\" srcset=\"https:\/\/www.mijas.es\/wp-content\/uploads\/2020\/05\/alimentacion2-1-727x1024.jpg 727w, https:\/\/www.mijas.es\/wp-content\/uploads\/2020\/05\/alimentacion2-1-213x300.jpg 213w, https:\/\/www.mijas.es\/wp-content\/uploads\/2020\/05\/alimentacion2-1-768x1081.jpg 768w\" sizes=\"(max-width: 727px) 100vw, 727px\" \/><\/figure>\n\n\n\n<figure class=\"wp-block-image\"><img decoding=\"async\" width=\"727\" height=\"1024\" src=\"https:\/\/www.mijas.es\/wp-content\/uploads\/2020\/05\/alimentacion2-727x1024.jpg\" alt=\"\" class=\"wp-image-31386\" srcset=\"https:\/\/www.mijas.es\/wp-content\/uploads\/2020\/05\/alimentacion2-727x1024.jpg 727w, https:\/\/www.mijas.es\/wp-content\/uploads\/2020\/05\/alimentacion2-213x300.jpg 213w, https:\/\/www.mijas.es\/wp-content\/uploads\/2020\/05\/alimentacion2-768x1081.jpg 768w\" sizes=\"(max-width: 727px) 100vw, 727px\" \/><\/figure>\n\n\n\n<div id=\"tasas\"><\/div>\n<div id=\"noticias\"><\/div>\n\n\n\n<div id=\"terrazas\"><\/div>\n\n\n\n<h3 class=\"wp-block-heading\"><strong>9. Supresi\u00f3n tasas fiscales y nuevo calendario fiscal<\/strong><\/h3>\n\n\n\n<p> El Ayuntamiento de Mijas ha aprobado un aplazamiento del calendario fiscal y procedido a la aprobaci\u00f3n de tasas tales como las de terrazas, kioscos, mercadillos, burro-taxis y carga y descarga para el 2020.  &#8211; <a href=\"https:\/\/www.mijas.es\/portal\/mijas-se-convierte-en-pionera-en-la-provincia-tras-aprobar-la-supresion-de-tasas-para-paliar-los-efectos-del-covid19\/\">M\u00e1s informaci\u00f3n-<\/a><\/p>\n\n\n\n<h3 class=\"wp-block-heading\"><strong>10. Noticias COVID Mijas<\/strong><\/h3>\n\n\n\n<p> Enlace a noticias del Ayuntamiento de Mijas   <a href=\"https:\/\/www.mijas.es\/portal\/noticias\/\">Noticias<\/a><\/p>\n\n\n\n<h3 class=\"wp-block-heading\"><strong>11. Solicitud de Ampliaci\u00f3n de Terrazas para Establecimientos Hosteleros<\/strong><\/h3>\n\n\n\n<ul><li>Procedimiento de Declaraci\u00f3n Responsable de Ampliaci\u00f3n de Terrazas en la V\u00eda P\u00fablica para Establecimientos de Hosteleros &#8211; <a rel=\"noreferrer noopener\" href=\"https:\/\/www.mijas.es\/wp-content\/uploads\/2020\/05\/PROTOCOLO-DECLARACI\u00d3N-RESPONSABLE-TERRAZAS-Y-VELADORES.pdf\" target=\"_blank\">Descargar<\/a><\/li><li>Solicitud para la Ampliaci\u00f3n Temporal de Terrazas en la V\u00eda P\u00fablica&nbsp; &#8211; <a rel=\"noreferrer noopener\" href=\"https:\/\/www.mijas.es\/wp-content\/uploads\/2020\/05\/Modelo-de-solicitud-covid19.pdf\" target=\"_blank\">Descargar<\/a><\/li><li>Declaraci\u00f3n Responsable de Ampliaci\u00f3n &#8211; <a href=\"https:\/\/www.mijas.es\/wp-content\/uploads\/2020\/05\/Declaracion-Responsable-covid19.pdf\" target=\"_blank\" rel=\"noreferrer noopener\" aria-label=\" (abre en una nueva pesta\u00f1a)\">Descargar<\/a><\/li><\/ul>\n","protected":false},"excerpt":{"rendered":"<p>Secciones Informaci\u00f3n Covid-19 1. Atenci\u00f3n telef\u00f3nica y telem\u00e1tica COVID-19 2. Servicios Sociales 3. Empleo\/Renta B\u00e1sica 4. Ayudas a Pymes y Aut\u00f3nomos 5. Violencia de G\u00e9nero 6. Tercera Edad 7. Turismo 8. Comercio 9. Supresi\u00f3n tasas fiscales y nuevo calendario fiscal 10. Noticias COOVID Mijas 11. Ampliaci\u00f3n de Terrazas en la V\u00eda P\u00fablica para Establecimientos Hosteleros [&hellip;]<\/p>\n","protected":false},"author":1,"featured_media":0,"parent":0,"menu_order":0,"comment_status":"closed","ping_status":"closed","template":"page-fullwidth.php","meta":[],"_links":{"self":[{"href":"https:\/\/www.mijas.es\/portal\/wp-json\/wp\/v2\/pages\/30712"}],"collection":[{"href":"https:\/\/www.mijas.es\/portal\/wp-json\/wp\/v2\/pages"}],"about":[{"href":"https:\/\/www.mijas.es\/portal\/wp-json\/wp\/v2\/types\/page"}],"author":[{"embeddable":true,"href":"https:\/\/www.mijas.es\/portal\/wp-json\/wp\/v2\/users\/1"}],"replies":[{"embeddable":true,"href":"https:\/\/www.mijas.es\/portal\/wp-json\/wp\/v2\/comments?post=30712"}],"version-history":[{"count":122,"href":"https:\/\/www.mijas.es\/portal\/wp-json\/wp\/v2\/pages\/30712\/revisions"}],"predecessor-version":[{"id":33792,"href":"https:\/\/www.mijas.es\/portal\/wp-json\/wp\/v2\/pages\/30712\/revisions\/33792"}],"wp:attachment":[{"href":"https:\/\/www.mijas.es\/portal\/wp-json\/wp\/v2\/media?parent=30712"}],"curies":[{"name":"wp","href":"https:\/\/api.w.org\/{rel}","templated":true}]}}