{"id":30508,"date":"2020-03-17T15:18:15","date_gmt":"2020-03-17T15:18:15","guid":{"rendered":"https:\/\/www.mijas.es\/portal\/?page_id=30508"},"modified":"2025-05-09T10:21:51","modified_gmt":"2025-05-09T09:21:51","slug":"la-relacion-de-convenios-y-encomiendas-de-gestion-suscritos","status":"publish","type":"page","link":"https:\/\/www.mijas.es\/portal\/la-relacion-de-convenios-y-encomiendas-de-gestion-suscritos\/","title":{"rendered":"La relaci\u00f3n de convenios y encomiendas de gesti\u00f3n suscritos"},"content":{"rendered":"\n<p>La relaci\u00f3n de convenios y encomiendas de gesti\u00f3n suscritos, con indicaci\u00f3n de las partes firmantes, su objeto y en su caso las obligaciones econ\u00f3micas convenidas. <\/p>\n\n\n\n<p>Resumen Convenios Suscritos 2024 &#8211; <a href=\"http:\/\/www.mijas.es\/wp-content\/uploads\/2025\/02\/3.%20CONVENIOS%20SUSCRITOS%202024.pdf\" target=\"_blank\" rel=\"noreferrer noopener\">Ver<\/a><\/p>\n\n\n\n<h4 class=\"wp-block-heading\"><strong>URBANISMO<\/strong><\/h4>\n\n\n\n<ul>\n<li>Convenio de colaboraci\u00f3n entre el Excmo. Ayuntamiento de Mijas y el Colegio Oficial de Arquitectos de M\u00e1laga &#8211; <a rel=\"noreferrer noopener\" href=\"https:\/\/www.mijas.es\/wp-content\/uploads\/2024\/10\/CONVENIO-DECRETO.pdf\" data-type=\"URL\" data-id=\"https:\/\/www.mijas.es\/wp-content\/uploads\/2024\/10\/CONVENIO-DECRETO.pdf\" target=\"_blank\">Descargar<\/a><\/li>\n\n\n\n<li>Convenio de Colaboraci\u00f3n entre el Excmo. Ayuntamiento de Mijas y el Colegio de Arquitectos de M\u00e1laga relativo a procedimientos Telem\u00e1ticos de presentaci\u00f3n de Proyectos para su tramitaci\u00f3n Municipal y de Intercambio de informaci\u00f3n urban\u00edstica entre ambas instituciones. &#8211; <a rel=\"noreferrer noopener\" href=\"https:\/\/www.mijas.es\/wp-content\/uploads\/2025\/05\/2025-05-08%20CONVENIO%20COLEGIO%20FIRMADO.%20EXP%2018.0-%20REGISTRADO.pdf\" data-type=\"URL\" data-id=\"https:\/\/www.mijas.es\/wp-content\/uploads\/2024\/10\/CONVENIO-DECRETO.pdf\" target=\"_blank\">Descargar<\/a><\/li>\n\n\n\n<li>Convenio de Colaboraci\u00f3n entre el Excmo. Ayuntamiento de Mijas y el Colegio de Arquitectos de M\u00e1laga para la elaboraci\u00f3n del Documento de Supervisi\u00f3n Urban\u00edstica Cualificada (SUC) para los proyectos de edificaci\u00f3n y obtenci\u00f3n de licencia urban\u00edstica municipal. &#8211; <a href=\"https:\/\/www.mijas.es\/wp-content\/uploads\/2025\/05\/2025-05-08%20CONVENIO%20CON%20COLEGIO%20ARQUITECTOS-%20SUC.%20EXP%2018.1-REGISTRADO.pdf\" data-type=\"URL\" data-id=\"https:\/\/www.mijas.es\/wp-content\/uploads\/2024\/10\/CONVENIO-DECRETO.pdf\" target=\"_blank\" rel=\"noreferrer noopener\">Descargar<\/a><\/li>\n<\/ul>\n\n\n\n<h4 class=\"wp-block-heading\"><strong>BIENESTAR ANIMAL<\/strong><\/h4>\n\n\n\n<ul>\n<li>Convenio de colaboraci\u00f3n entre el Colegio Oficial de Veterinarios de M\u00e1laga y el Ayuntamiento de Mijas para la creaci\u00f3n y desarrollo del Registro Municipal de Animales de Compa\u00f1\u00eda &#8211; <a href=\"https:\/\/www.mijas.es\/wp-content\/uploads\/2024\/10\/CONVENIO_COLEGIO_VETERINARIOS-FIRMADO-Y-REGISTRADO.pdf\" data-type=\"URL\" data-id=\"https:\/\/www.mijas.es\/wp-content\/uploads\/2024\/10\/CONVENIO_COLEGIO_VETERINARIOS-FIRMADO-Y-REGISTRADO.pdf\" target=\"_blank\" rel=\"noreferrer noopener\">Descargar<\/a><\/li>\n<\/ul>\n\n\n\n<h4 class=\"wp-block-heading\"><strong>RECAUDACI\u00d3N<\/strong><\/h4>\n\n\n\n<ul>\n<li>Convenio Interadministrativo entre la Diputaci\u00f3n Provincial de M\u00e1laga y el Ayuntamiento de Mijas en materia de gesti\u00f3n, recaudaci\u00f3n, e inspecci\u00f3n de tributos y de otros ingresos de derecho p\u00fablicos. &#8211; <a rel=\"noreferrer noopener\" href=\"https:\/\/www.mijas.es\/wp-content\/uploads\/2023\/07\/CONVENIO%20MULTAS%20TR%C3%81FICO%20REGISTRADO.pdf\" target=\"_blank\">Descargar<\/a>\n<ul>\n<li>Adenda N\u00famero 1 &#8211; <a rel=\"noreferrer noopener\" href=\"https:\/\/www.mijas.es\/wp-content\/uploads\/2024\/07\/20240711092028902.pdf\" data-type=\"URL\" data-id=\"https:\/\/www.mijas.es\/wp-content\/uploads\/2024\/07\/20240711092028902.pdf\" target=\"_blank\">Descargar<\/a><\/li>\n\n\n\n<li>Prorroga Convenio &#8211; <a href=\"http:\/\/www.mijas.es\/wp-content\/uploads\/2025\/04\/PR%C3%93RROGA%20CONVENIO%20REGISTRADA.pdf\" target=\"_blank\" rel=\"noreferrer noopener\">Descargar<\/a><\/li>\n<\/ul>\n<\/li>\n<\/ul>\n\n\n\n<h4 class=\"wp-block-heading\"><strong>MEDIO AMBIENTE<\/strong><\/h4>\n\n\n\n<ul>\n<li>Convenio de Colaboraci\u00f3n entre el Ayuntamiento de Mijas (M\u00e1laga) y CONOCE   NATURA Ecoturismo &amp; Educaci\u00f3n Ambiental, para la           colaboraci\u00f3n en un           proyecto de educaci\u00f3n ambiental. &#8211; <a rel=\"noreferrer noopener\" aria-label=\"Descargar (abre en una nueva pesta\u00f1a)\" href=\"https:\/\/www.mijas.es\/wp-content\/uploads\/2020\/03\/Convenio-Conoce-Natura-vesi\u00f3n-web.pdf\" target=\"_blank\">Descargar<\/a><\/li>\n\n\n\n<li>Convenio de Colaboraci\u00f3n entre el Ayuntamiento de Mijas (M\u00e1laga) y la Fundaci\u00f3n Aula del Mar Mediterr\u00e1neo para impulsar la Red de Protecci\u00f3n Marina &#8211; <a href=\"http:\/\/www.mijas.es\/wp-content\/uploads\/2025\/03\/Convenio_Aula_del_Mar_Registro.pdf\" target=\"_blank\" rel=\"noreferrer noopener\">Descargar<\/a><\/li>\n\n\n\n<li>Convenio de Colaboraci\u00f3n entre el Ayuntamiento de Mijas (M\u00e1laga) y la Asociaci\u00f3n Espacio Drang para la Custodia del Alcornocal de la Roza del Aguado &#8211; <a href=\"http:\/\/www.mijas.es\/wp-content\/uploads\/2025\/03\/Convenio_Espacio_Drang.pdf\" target=\"_blank\" rel=\"noreferrer noopener\">Descargar<\/a><\/li>\n<\/ul>\n\n\n\n<h4 class=\"wp-block-heading\"><strong>EDUCACI\u00d3N<\/strong><\/h4>\n\n\n\n<ul>\n<li>Borrador del Convenio de Cooperaci\u00f3n entre la Consejer\u00eda de Educaci\u00f3n y Deporte de la Junta de Andaluc\u00eda y el Ayuntamiento de Mijas (M\u00e1laga) , para la creaci\u00f3n de una Escuela Infantil &#8211; <a rel=\"noreferrer noopener\" href=\"http:\/\/www.mijas.es\/wp-content\/uploads\/2021\/04\/BORRADOR%20DE%20CONVENIO%20DE%20COOPERACI%C3%93N.pdf\" target=\"_blank\">Descargar<\/a><\/li>\n\n\n\n<li>Convenio de Colaboraci\u00f3n  Entre la Agencia P\u00fablica Andaluza de Educaci\u00f3n y la Entidad Colaboradora E.I. Mijas-Pueblo Para el Programa de Ayuda a las Familias Para el Fomento de la Escolarizaci\u00f3n en el Primer Ciclo de la Educaci\u00f3n Infantil en Andaluc\u00eda. &#8211; <a href=\"https:\/\/www.mijas.es\/wp-content\/uploads\/2022\/03\/CONVENIO_FIRMADO_POR_AMBAS_PARTES----.pdf\" target=\"_blank\" rel=\"noreferrer noopener\">Descargar<\/a><\/li>\n<\/ul>\n\n\n\n<p><\/p>\n","protected":false},"excerpt":{"rendered":"<p>La relaci\u00f3n de convenios y encomiendas de gesti\u00f3n suscritos, con indicaci\u00f3n de las partes firmantes, su objeto y en su caso las obligaciones econ\u00f3micas convenidas. Resumen Convenios Suscritos 2024 &#8211; Ver URBANISMO BIENESTAR ANIMAL RECAUDACI\u00d3N MEDIO AMBIENTE EDUCACI\u00d3N<\/p>\n","protected":false},"author":1,"featured_media":0,"parent":0,"menu_order":0,"comment_status":"closed","ping_status":"closed","template":"","meta":[],"_links":{"self":[{"href":"https:\/\/www.mijas.es\/portal\/wp-json\/wp\/v2\/pages\/30508"}],"collection":[{"href":"https:\/\/www.mijas.es\/portal\/wp-json\/wp\/v2\/pages"}],"about":[{"href":"https:\/\/www.mijas.es\/portal\/wp-json\/wp\/v2\/types\/page"}],"author":[{"embeddable":true,"href":"https:\/\/www.mijas.es\/portal\/wp-json\/wp\/v2\/users\/1"}],"replies":[{"embeddable":true,"href":"https:\/\/www.mijas.es\/portal\/wp-json\/wp\/v2\/comments?post=30508"}],"version-history":[{"count":18,"href":"https:\/\/www.mijas.es\/portal\/wp-json\/wp\/v2\/pages\/30508\/revisions"}],"predecessor-version":[{"id":61226,"href":"https:\/\/www.mijas.es\/portal\/wp-json\/wp\/v2\/pages\/30508\/revisions\/61226"}],"wp:attachment":[{"href":"https:\/\/www.mijas.es\/portal\/wp-json\/wp\/v2\/media?parent=30508"}],"curies":[{"name":"wp","href":"https:\/\/api.w.org\/{rel}","templated":true}]}}