{"id":28765,"date":"2019-10-30T08:40:58","date_gmt":"2019-10-30T08:40:58","guid":{"rendered":"https:\/\/www.mijas.es\/portal\/?page_id=28765"},"modified":"2025-07-02T09:24:45","modified_gmt":"2025-07-02T08:24:45","slug":"tramites-mijas","status":"publish","type":"page","link":"https:\/\/www.mijas.es\/portal\/tramites-mijas\/","title":{"rendered":"Tramites"},"content":{"rendered":"\n<div class=\"row\">\t\t\t<div class=\"col-md-6\">\n\t\t\t\t<div style=\"float:left; margin-right:10px\">\n\t\t\t\t\t<img decoding=\"async\" src=\"https:\/\/www.mijas.es\/wp-content\/uploads\/2019\/03\/icon-pc.jpg\" width=\"150px\" alt=\"\" class=\"wp-image-12538\" srcset=\"https:\/\/www.mijas.es\/wp-content\/uploads\/2019\/03\/icon-pc.jpg 431w, https:\/\/www.mijas.es\/wp-content\/uploads\/2019\/03\/icon-pc-300x212.jpg 300w\" sizes=\"(max-width: 431px) 100vw, 431px\" \/>\n\t\t\t\t<\/div>\n\t\t\t\t<h4><a href=\"#tr-no-certif\">TR\u00c1MITES SIN CERTIFICADO ELECTR\u00d3NCIO<\/a><\/h4>\n\t\t\t\tEn esta secci\u00f3n dispone de todos los tr\u00e1mites accesibles sin necesidad de certificado electr\u00f3nico<br>\n\t\t\t<\/div>\n\t\t\t<div class=\"col-md-6\">\n\t\t\t\t<div style=\"float:left; margin-right:10px\">\n\t\t\t\t\t<a href=\"https:\/\/mijas.sedelectronica.es\/\"><img decoding=\"async\" src=\"https:\/\/www.mijas.es\/wp-content\/uploads\/2019\/03\/cyber-security.jpg\" width=\"150px\" alt=\"\" class=\"wp-image-12544\"><\/a>\n\t\t\t\t<\/div>\n\t\t\t\t<h4><a href=\"https:\/\/mijas.sedelectronica.es\/\">SEDE ELECTRONICA<\/a><\/h4>\n\t\t\t\tTramites a traves de la sede electronica <br><span class=\"warning\">Requiere Certificado electr\u00f3nico<\/span><br>\n\t\t\t\t<a href=\"https:\/\/www.mijas.es\/atencion-ciudadana\/servicio-de-certificacion-digital\/\"><span class=\"bluechrome\">\u00bfNecesitas Certificado Electronico? pincha aqu\u00ed<\/span><\/a>\n\t\t\t<\/div>\n\t\t<\/div>\n\n<br><br>\n<div class=\"row\">\n\t\t\t\n\n\t\t\t\t\t\t\t<div class=\" col-md-4\">\n            \t<div class=\"card\" style=\"text-align:center\">\n            \t<br>\n            \t<span class=\"circle\">\n                <a href=\"https:\/\/www.mijas.es\/atencion-ciudadana\"><i class=\"fas fa-window-restore  fa-3x\" style=\"color:#3691d4\"><\/i><\/a>\n            \t<\/span>\n               <br>\n                <h4 style=\"font-size:18px; font-weight:400;\"><a href=\"https:\/\/www.mijas.es\/atencion-ciudadana\">Atenci\u00f3n Ciudadana<\/a>  <\/h4>\n                <div style=\"text-align:left;border-top:1px solid #fd8e2f; padding:4px;\">\n\n                    <ul style=\"list-style:circle; margin-left:30px;  padding:0px;\">\n\n<li><a href=\"http:\/\/www.mijas.es\/wp-content\/uploads\/2020\/07\/Formulario%20Gene%CC%81rico%20atencion%20ciudadano%202020-Editable%20WEB.pdf\">Formulario Gen\u00e9rico<\/a><\/li>\t\t\n\t\t\t\t\t\t\t\t\t\t\t\t\t\t\t\t\t\t\t\t\t<li><a href=\"https:\/\/www.mijas.es\/portal\/tramites\/registro-entrada-documentos\/\">Registro de Entrada de Documentos<\/a><\/li>\n\t\t\t\t\t\t\t\t\t\t\t\t\t\t\t\t\t\t\t\t\t\t\t\t<li><a href=\"https:\/\/www.mijas.es\/portal\/tramites\/matrimonio-civil-extranjeros\/\">Matrimonio Civil Extranjeros<\/a><\/li>\n\t\t\t\t\t\t\t\t\t\t\t\t\t\t\t\t\t\t\t\t\t\t\t\t<li><a href=\"https:\/\/www.mijas.es\/portal\/tramites\/matrimonio-civil\/\">Matrimonio Civil<\/a><\/li>\n\t\t\t\t\t\t\t\t\t\t\t\t\t\t\t\t\t\t\t\t\t\t\t\t<li><a href=\"https:\/\/www.mijas.es\/portal\/tramites\/como-empadronarse\/\">\u00bfC\u00f3mo empadronarse?<\/a><\/li>\n\t\t\t\t\t\t\t\t\t\t\t\t\t\t\t\t\t\t\t\t\t\t\t\t<li><a href=\"https:\/\/www.mijas.es\/portal\/atencion-ciudadana\/servicio-de-certificacion-digital\/?preview=true&amp;_thumbnail_id=12996\/\">Servicio de Certificaci\u00f3n Digital<\/a><\/li>\n\t\t\t\t\t\t\t\t\t\t\t\t\t\t\t\t\t\t\t\t\t\t\t<li><a href=\"https:\/\/www.mijas.es\/atencion-ciudadana\" style=\"font-style:italic; color:#666;\">Ver todos los tramites<\/a><\/li>\n\t\t\t\t\t\t\t\t\t\t<\/ul>\n\t\t\t\t\t<\/div>\n\n\t\t\t\t<\/div>\n\t\t\t<\/div>\n\t\t\t\n\n\t\t\t\t\t\t\t<div class=\" col-md-4\">\n            \t<div class=\"card\" style=\"text-align:center\">\n            \t<br>\n            \t<span class=\"circle\">\n                <a href=\"https:\/\/www.mijas.es\/educacion\"><i class=\"fas fa-book fa-3x\" style=\"color:#3691d4\"><\/i><\/a>\n            \t<\/span>\n               <br>\n                <h4 style=\"font-size:18px; font-weight:400;\"><a href=\"https:\/\/www.mijas.es\/educacion\">Educaci\u00f3n<\/a>  <\/h4>\n                <div style=\"text-align:left;border-top:1px solid #fd8e2f; padding:4px;\">\n\n                    <ul style=\"list-style:circle; margin-left:30px;  padding:0px;\">\n\t\t\t\t\t\t\t\t\t\t\t\t\t\t\t\t\t\t\t\t\t\t\t<li><a href=\"https:\/\/www.mijas.es\/portal\/tramites\/becas-escuela-infantil-mijas-pueblo\/\">Becas Escuela Infantil Mijas Pueblo<\/a><\/li>\n\t\t\t\t\t\t\t\t\t\t\t\t\t\t\t\t\t\t\t\t\t\t\t\t<li><a href=\"https:\/\/www.mijas.es\/portal\/tramites\/ayudas-para-la-adquisicion-de-material-didactico\/\">Ayudas para la adquisici\u00f3n de material did\u00e1ctico<\/a><\/li>\n\t\t\t\t\t\t\t\t\t\t\t\t\t\t\t\t\t\t\t\t\t\t\t<li><a href=\"https:\/\/www.mijas.es\/educacion\" style=\"font-style:italic; color:#666;\">Ver todos los tramites<\/a><\/li>\n\t\t\t\t\t\t\t\t\t\t<\/ul>\n\t\t\t\t\t<\/div>\n\n\t\t\t\t<\/div>\n\t\t\t<\/div>\n\t\t\t\n\n\t\t\t\t\t\t\t<div class=\" col-md-4\">\n            \t<div class=\"card\" style=\"text-align:center\">\n            \t<br>\n            \t<span class=\"circle\">\n                <a href=\"\"><i class=\"fas fa-users  fa-3x\" style=\"color:#3691d4\"><\/i><\/a>\n            \t<\/span>\n               <br>\n                <h4 style=\"font-size:18px; font-weight:400;\"><a href=\"\">Estad\u00edstica<\/a>  <\/h4>\n                <div style=\"text-align:left;border-top:1px solid #fd8e2f; padding:4px;\">\n\n                <ul style=\"list-style:circle; margin-left:30px;  padding:0px;\">\n\t\t\t\t\t\t\t\t\t\t\t\t\t\t\t\t\t\t\t\t\t\t\t<li><a href=\"https:\/\/www.mijas.es\/portal\/tramites\/solicitud-de-alta-en-padron\/\">Solicitud de alta en Padr\u00f3n<\/a><\/li>\n\t\t\t\t\t\t\t\t\t\t\t\t\t\t\t\t\t\t\t\t\t\t\t<li><a href=\"\" style=\"font-style:italic; color:#666;\">Ver todos los tramites<\/a><\/li>\n<\/ul>\n\t\t<\/div>\n\t\t<\/div>\n\t\t\t<\/div>\n\t\t\t\n\n\t\t\t\t\t\t\t<div class=\" col-md-4\">\n            \t<div class=\"card\" style=\"text-align:center\">\n            \t<br>\n            \t<span class=\"circle\">\n                <a href=\"https:\/\/www.mijas.es\/extranjeros\"><i class=\"fas fa-globe fa-3x\" style=\"color:#3691d4\"><\/i><\/a>\n            \t<\/span>\n               <br>\n                <h4 style=\"font-size:18px; font-weight:400;\"><a href=\"https:\/\/www.mijas.es\/extranjeros\">Extranjeros<\/a>  <\/h4>\n                <div style=\"text-align:left;border-top:1px solid #fd8e2f; padding:4px;\">\n\n                    <ul style=\"list-style:circle; margin-left:30px;  padding:0px;\">\n\t\t\t\t\t\t\t\t\t\t\t\t\t\t\t\t\t\t\t\t\t\t\t<li><a href=\"https:\/\/www.mijas.es\/portal\/tramites\/pensioners-info\/\">Pensioners Info<\/a><\/li>\n\t\t\t\t\t\t\t\t\t\t\t\t\t\t\t\t\t\t\t\t\t\t\t\t<li><a href=\"https:\/\/www.mijas.es\/portal\/tramites\/digitales-zertifikat\/\">Digitales Zertifikat<\/a><\/li>\n\t\t\t\t\t\t\t\t\t\t\t\t\t\t\t\t\t\t\t\t\t\t\t\t<li><a href=\"https:\/\/www.mijas.es\/portal\/tramites\/certificado-digital-extranjeros\/\">Digital Certificate<\/a><\/li>\n\t\t\t\t\t\t\t\t\t\t\t\t\t\t\t\t\t\t\t\t\t\t\t<li><a href=\"https:\/\/www.mijas.es\/extranjeros\" style=\"font-style:italic; color:#666;\">Ver todos los tramites<\/a><\/li>\n\t\t\t\t\t\t\t\t\t\t<\/ul>\n\t\t\t\t\t<\/div>\n\n\t\t\t\t<\/div>\n\t\t\t<\/div>\n\t\t\t\n\n\t\t\t\t\t\t\t<div class=\" col-md-4\">\n            \t<div class=\"card\" style=\"text-align:center\">\n            \t<br>\n            \t<span class=\"circle\">\n                <a href=\"https:\/\/www.mijas.es\/fomento-del-empleo\"><i class=\"fas fa-briefcase fa-3x\" style=\"color:#3691d4\"><\/i><\/a>\n            \t<\/span>\n               <br>\n                <h4 style=\"font-size:18px; font-weight:400;\"><a href=\"https:\/\/www.mijas.es\/fomento-del-empleo\">Fomento del empleo<\/a>  <\/h4>\n                <div style=\"text-align:left;border-top:1px solid #fd8e2f; padding:4px;\">\n\n                    <ul style=\"list-style:circle; margin-left:30px;  padding:0px;\">\n\t\t\t\t\t\t\t\t\t\t\t\t\t\t\t\t\t\t\t\t\t\t\t<li><a href=\"https:\/\/www.mijas.es\/portal\/tramites\/renta-social-basica\/\">Renta Social B\u00e1sica<\/a><\/li>\n\t\t\t\t\t\t\t\t\t\t\t\t\t\t\t\t\t\t\t\t\t\t\t\t<li><a href=\"https:\/\/www.mijas.es\/portal\/tramites\/ofertas-de-empleo\/\">Ofertas de Empleo<\/a><\/li>\n\t\t\t\t\t\t\t\t\t\t\t\t\t\t\t\t\t\t\t\t\t\t\t\t<li><a href=\"https:\/\/www.mijas.es\/portal\/tramites\/bolsa-de-empleo-informacion-empresas\/\">Bolsa de Empleo &#8211; Informaci\u00f3n Empresas<\/a><\/li>\n\t\t\t\t\t\t\t\t\t\t\t\t\t\t\t\t\t\t\t\t\t\t\t\t<li><a href=\"https:\/\/www.mijas.es\/portal\/tramites\/demandantes-bolsa-de-empleo\/\">Demandantes Bolsa de Empleo<\/a><\/li>\n\t\t\t\t\t\t\t\t\t\t\t\t\t\t\t\t\t\t\t\t\t\t\t<li><a href=\"https:\/\/www.mijas.es\/fomento-del-empleo\" style=\"font-style:italic; color:#666;\">Ver todos los tramites<\/a><\/li>\n\t\t\t\t\t\t\t\t\t\t<\/ul>\n\t\t\t\t\t<\/div>\n\n\t\t\t\t<\/div>\n\t\t\t<\/div>\n\t\t\t\n\n\t\t\t\t\t\t\t<div class=\" col-md-4\">\n            \t<div class=\"card\" style=\"text-align:center\">\n            \t<br>\n            \t<span class=\"circle\">\n                <a href=\"https:\/\/www.mijas.es\/seguridad-ciudadana\"><i class=\"fas fa-exclamation-triangle fa-3x\" style=\"color:#3691d4\"><\/i><\/a>\n            \t<\/span>\n               <br>\n                <h4 style=\"font-size:18px; font-weight:400;\"><a href=\"https:\/\/www.mijas.es\/seguridad-ciudadana\">Incidencias<\/a>  <\/h4>\n                <div style=\"text-align:left;border-top:1px solid #fd8e2f; padding:4px;\">\n\n                    <ul style=\"list-style:circle; margin-left:30px;  padding:0px;\">\n\t\t\t\t\t\t\t\t\t\t\t\t\t\t\t\t\t\t\t\t\t\t\t<li><a href=\"https:\/\/www.mijas.es\/servicios-municipales\/otros-servicios-de-emergencia\/\">Servicios de Emergencias<\/a><\/li>\n\t\t\t\t\t\t\t\t\t\t\t\t\t\t\t\t\t\t\t\t\t\t\t\t<li><a href=\"https:\/\/www.mijas.es\/servicios-municipales\/departamento-de-bomberos\/\">Departamento de Bomberos<\/a><\/li>\n\t\t\t\t\t\t\t\t\t\t\t\t\t\t\t\t\t\t\t\t\t\t\t\t<li><a href=\"https:\/\/www.mijas.es\/contacto\/\">Quejas y Sugerencias<\/a><\/li>\n\t\t\t\t\t\t\t\t\t\t\t\t\t\t\t\t\t\t\t\t\t\t\t\t<li><a href=\"https:\/\/gecorweb.com\/login?ao=127\">GCORP \u2013 Incidencias<\/a><\/li>\n\t\t\t\t\t\t\t\t\t\t\t\t\t\t\t\t\t\t\t\t\t\t\t<li><a href=\"https:\/\/www.mijas.es\/seguridad-ciudadana\" style=\"font-style:italic; color:#666;\">Ver todos los tramites<\/a><\/li>\n\t\t\t\t\t\t\t\t\t\t<\/ul>\n\t\t\t\t\t<\/div>\n\n\t\t\t\t<\/div>\n\t\t\t<\/div>\n\t\t\t\n\n\t\t\t\t\t\t\t<div class=\" col-md-4\">\n            \t<div class=\"card\" style=\"text-align:center\">\n            \t<br>\n            \t<span class=\"circle\">\n                <a href=\"https:\/\/www.mijas.es\/oficina-de-consumo\"><i class=\"fas fa-window-restore  fa-3x\" style=\"color:#3691d4\"><\/i><\/a>\n            \t<\/span>\n               <br>\n                <h4 style=\"font-size:18px; font-weight:400;\"><a href=\"https:\/\/www.mijas.es\/oficina-de-consumo\">Oficina de Consumo<\/a>  <\/h4>\n                <div style=\"text-align:left;border-top:1px solid #fd8e2f; padding:4px;\">\n\n                    <ul style=\"list-style:circle; margin-left:30px;  padding:0px;\">\n\t\t\t\t\t\t\t\t\t\t\t\t\t\t\t\t\t\t\t\t\t\t\t<li><a href=\"https:\/\/www.mijas.es\/portal\/tramites\/formularios-consumo\/\">Formularios &#8211; Consumo<\/a><\/li>\n\t\t\t\t\t\t\t\t\t\t\t\t\t\t\t\t\t\t\t\t\t\t\t\t<li><a href=\"https:\/\/www.mijas.es\/portal\/tramites\/hojas-de-reclamaciones\/\">Hojas de reclamaciones<\/a><\/li>\n\t\t\t\t\t\t\t\t\t\t\t\t\t\t\t\t\t\t\t\t\t\t\t\t<li><a href=\"https:\/\/www.mijas.es\/portal\/tramites\/oficinas-de-consumo\/\">Oficinas de Consumo<\/a><\/li>\n\t\t\t\t\t\t\t\t\t\t\t\t\t\t\t\t\t\t\t\t\t\t\t<li><a href=\"https:\/\/www.mijas.es\/oficina-de-consumo\" style=\"font-style:italic; color:#666;\">Ver todos los tramites<\/a><\/li>\n\t\t\t\t\t\t\t\t\t\t<\/ul>\n\t\t\t\t\t<\/div>\n\n\t\t\t\t<\/div>\n\t\t\t<\/div>\n\t\t\t\n\n\t\t\t\t\t\t\t<div class=\" col-md-4\">\n            \t<div class=\"card\" style=\"text-align:center\">\n            \t<br>\n            \t<span class=\"circle\">\n                <a href=\"https:\/\/www.mijas.es\/parques-y-jardines\"><i class=\"fab fa-pagelines fa-3x\" style=\"color:#3691d4\"><\/i><\/a>\n            \t<\/span>\n               <br>\n                <h4 style=\"font-size:18px; font-weight:400;\"><a href=\"https:\/\/www.mijas.es\/parques-y-jardines\">Parques y Jardines<\/a>  <\/h4>\n                <div style=\"text-align:left;border-top:1px solid #fd8e2f; padding:4px;\">\n\n                    <ul style=\"list-style:circle; margin-left:30px;  padding:0px;\">\n\t\t\t\t\t\t\t\t\t\t\t\t\t\t\t\t\t\t\t\t\t\t\t<li><a href=\"https:\/\/www.mijas.es\/portal\/tramites\/tala-de-arboles\/\">Tala de \u00c1rboles<\/a><\/li>\n\t\t\t\t\t\t\t\t\t\t\t\t\t\t\t\t\t\t\t\t\t\t\t\t\t\t\t\t\t\t\t\t\t\t\t\t\t\t\t\t\t\t\t\t\t\t\t<li><a href=\"https:\/\/www.mijas.es\/parques-y-jardines\" style=\"font-style:italic; color:#666;\">Ver todos los tramites<\/a><\/li>\n\t\t\t\t\t\t\t\t\t\t<\/ul>\n\t\t\t\t\t<\/div>\n\n\t\t\t\t<\/div>\n\t\t\t<\/div>\n\t\t\t\n\n<div class=\" col-md-4\">\n            \t<div class=\"card\" style=\"text-align:center\">\n            \t<br>\n            \t<span class=\"circle\">\n                <a href=\"https:\/\/www.mijas.es\/medio-ambiente\/\"><i class=\"fas fa-tree fa-3x\" style=\"color:#3691d4\"><\/i><\/a>\n            \t<\/span>\n               <br>\n                <h4 style=\"font-size:18px; font-weight:400;\"><a href=\"https:\/\/www.mijas.es\/medio-ambiente\/\">Medio Ambiente<\/a>  <\/h4>\n                <div style=\"text-align:left;border-top:1px solid #fd8e2f; padding:4px;\">\n\n                    <ul style=\"list-style:circle; margin-left:30px;  padding:0px;\">\n\t\t\t\t\t\t\t\t\t\t\t\t\t\t\t\t\t\t\t\t\t\t\t\t\t\t\t\t\t\t\t\t\t\t\t\t\t\t\t\t\t\t\t\t\t<li><a href=\"https:\/\/www.mijas.es\/portal\/medio-ambiente\/tramites-y-solicitudes\/\">Quemas Agr\u00edcolas<\/a><\/li>\n<li><a href=\"https:\/\/www.mijas.es\/portal\/medio-ambiente\/desbroces\/\">Desbroces<\/a><\/li>\n\t\t\t\t\t\t\t\t\t\t\t\t\t\t\t\t\t\t\t\t\t\t\t<li><a href=\"https:\/\/www.mijas.es\/medio-ambiente\/\" style=\"font-style:italic; color:#666;\">Ver todos los tramites<\/a><\/li>\n\t\t\t\t\t\t\t\t\t\t<\/ul>\n\t\t\t\t\t<\/div>\n\n\t\t\t\t<\/div>\n\t\t\t<\/div>\n\n\n\n\t\t\t\t\t\t\t<div class=\" col-md-4\">\n            \t<div class=\"card\" style=\"text-align:center\">\n            \t<br>\n            \t<span class=\"circle\">\n                <a href=\"https:\/\/www.mijas.es\/recaudacion\"><i class=\"fas fa-coins fa-3x\" style=\"color:#3691d4\"><\/i><\/a>\n            \t<\/span>\n               <br>\n                <h4 style=\"font-size:18px; font-weight:400;\"><a href=\"https:\/\/www.mijas.es\/recaudacion\">Recaudaci\u00f3n<\/a>  <\/h4>\n                <div style=\"text-align:left;border-top:1px solid #fd8e2f; padding:4px;\">\n\n                    <ul style=\"list-style:circle; margin-left:30px;  padding:0px;\">\n\t\t\t\t\t\t\t\t\t\t\t\t\t\t\t\t\t\t\t\t\t\t\t<li><a href=\"https:\/\/www.mijas.es\/portal\/recaudacion\/\">Solicitud de Fraccionamiento o Aplazamiento de Pago<\/a><\/li>\n\t\t\t\t\t\t\t\t\t\t\t\t\t\t\t\t\t\t\t\t\t\t\t\t<li><a href=\"https:\/\/www.mijas.es\/portal\/recaudacion\/\">Domiciliar mis Recibos<\/a><\/li>\n\t\t\t\t\t\t\t\t\t\t\t\t\t\t\t\t\t\t\t\t\t\t\t\t<li><a href=\"https:\/\/www.mijas.es\/portal\/recaudacion\/\">Solicitar Duplicado de Recibos<\/a><\/li>\n\t\t\t\t\t\t\t\t\t\t\t\t\t\t\t\t\t\t\t\t\t\t\t\t<li><a href=\"https:\/\/www.mijas.es\/portal\/recaudacion\/\">Solicitar Cartas de pago<\/a><\/li>\n\t\t\t\t\t\t\t\t\t\t\t\t\t\t\t\t\t\t\t\t\t\t\t\t<li><a href=\"https:\/\/www.mijas.es\/portal\/eventos\/tutorial-pagos-express\/\">Como Pagar mis Tributos<\/a><\/li>\n\t\t\t\t\t\t\t\t\t\t\t\t\t\t\t\t\t\t\t\t\t\t\t<li><a href=\"https:\/\/www.mijas.es\/portal\/tramites\/como-pagar-mis-tributos\/\" style=\"font-style:italic; color:#666;\">Ver todos los tramites<\/a><\/li>\n\t\t\t\t\t\t\t\t\t\t<\/ul>\n\t\t\t\t\t<\/div>\n\n\t\t\t\t<\/div>\n\t\t\t<\/div>\n\t\t\t\n\n\t\t\t\t\t\t\t<div class=\" col-md-4\">\n            \t<div class=\"card\" style=\"text-align:center\">\n            \t<br>\n            \t<span class=\"circle\">\n                <a href=\"https:\/\/www.mijas.es\/portal\/sanidad-municipal\/\"><i class=\"fas fa-heartbeat fa-3x\" style=\"color:#3691d4\"><\/i><\/a>\n            \t<\/span>\n               <br>\n                <h4 style=\"font-size:18px; font-weight:400;\"><a href=\"https:\/\/www.mijas.es\/sanidad-y-salud\">Sanidad y Salud<\/a>  <\/h4>\n                <div style=\"text-align:left;border-top:1px solid #fd8e2f; padding:4px;\">\n\n                    <ul style=\"list-style:circle; margin-left:30px;  padding:0px;\">\n\t\t\t\t\t\t\t\t\t\t\t\t\t\t\t\t\t\t\t\t\t\t\t<li><a href=\"https:\/\/www.mijas.es\/portal\/sanidad-municipal\/\">Piscinas y Aguas de Ba\u00f1o<\/a><\/li>\n\t\t\t\t\t\t\t\t\t\t\t\t\t\t\t\t\t\t\t\t\t\t\t\t<li><a href=\"https:\/\/www.mijas.es\/portal\/sanidad-municipal\/licencia-de-animales-potencialmente-peligrosos\/\">Licencia de Perros Peligrosos<\/a><\/li>\n\t\t\t\t\t\t\t\t\t\t\t\t\t\t\t\t\t\t\t\t\t\t\t<li><a href=\"https:\/\/www.mijas.es\/portal\/sanidad-municipal\/\" style=\"font-style:italic; color:#666;\">Ver todos los tramites<\/a><\/li>\n\t\t\t\t\t\t\t\t\t\t<\/ul>\n\t\t\t\t\t<\/div>\n\n\t\t\t\t<\/div>\n\t\t\t<\/div>\n\t\t\t\n\n\t\t\t\t\t\t\t<div class=\" col-md-4\">\n            \t<div class=\"card\" style=\"text-align:center\">\n            \t<br>\n            \t<span class=\"circle\">\n                <a href=\"https:\/\/mijas.sedelectronica.es\/\"><i class=\"fas fa-braille fa-3x\" style=\"color:#3691d4\"><\/i><\/a>\n            \t<\/span>\n               <br>\n                <h4 style=\"font-size:18px; font-weight:400;\"><a href=\"https:\/\/mijas.sedelectronica.es\/\">Sede Electr\u00f3nica<\/a>  <\/h4>\n                <div style=\"text-align:left;border-top:1px solid #fd8e2f; padding:4px;\">\n\n                    <ul style=\"list-style:circle; margin-left:30px;  padding:0px;\">\n\t\t\t\t\t\t\t\t\t\t\t\t\t\t\t\t\t\t\t\t\t\t\t<li><a href=\"https:\/\/mijas.sedelectronica.es\/\">Registro Electr\u00f3nico<\/a><\/li>\n\t\t\t\t\t\t\t\t\t\t\t\t\t\t\t\t\t\t\t\t\t\t\t\t<li><a href=\"https:\/\/sede.mijas.es\/\">Portal de Gestoria<\/a><\/li>\n\t\t\t\t\t\t\t\t\t\t\t\t\t\t\t\t\t\t\t\t\t\t\t\t<li><a href=\"https:\/\/sede.mijas.es\/\">Portal del Proveedor<\/a><\/li>\n\t\t\t\t\t\t\t\t\t\t\t\t\t\t\t\t\t\t\t\t\t\t\t\t<li><a href=\"https:\/\/sede.mijas.es\/\">Portal del Contribuyente<\/a><\/li>\n\t\t\t\t\t\t\t\t\t\t\t\t\t\t\t\t\t\t\t\t\t\t\t<li><a href=\"https:\/\/mijas.sedelectronica.es\/\" style=\"font-style:italic; color:#666;\">Ver todos los tramites<\/a><\/li>\n\t\t\t\t\t\t\t\t\t\t<\/ul>\n\t\t\t\t\t<\/div>\n\n\t\t\t\t<\/div>\n\t\t\t<\/div>\n\t\t\t\n\n\t\t\t\t\t\t\t<div class=\" col-md-4\">\n            \t<div class=\"card\" style=\"text-align:center\">\n            \t<br>\n            \t<span class=\"circle\">\n                <a href=\"https:\/\/www.mijas.es\/urbanismo\"><i class=\"far fa-building  fa-3x\" style=\"color:#3691d4\"><\/i><\/a>\n            \t<\/span>\n               <br>\n                <h4 style=\"font-size:18px; font-weight:400;\"><a href=\"https:\/\/www.mijas.es\/urbanismo\">Urbanismo<\/a>  <\/h4>\n                <div style=\"text-align:left;border-top:1px solid #fd8e2f; padding:4px;\">\n\n                    <ul style=\"list-style:circle; margin-left:30px;  padding:0px;\">\n\t\t\t\t\t\t\t\t\t\t\t\t\t\t\t\t\t\t\t\t\t\t\t<li><a href=\"https:\/\/www.mijas.es\/portal\/tramites\/licencias-de-obras-mayores\/\">Licencias de Obras Mayores<\/a><\/li>\n\t\t\t\t\t\t\t\t\t\t\t\t\t\t\t\t\t\t\t\t\t\t\t\t<li><a href=\"https:\/\/www.mijas.es\/portal\/tramites\/reparaciones-de-emergencia\/\">Reparaciones de Emergencia<\/a><\/li>\n\t\t\t\t\t\t\t\t\t\t\t\t\t\t\t\t\t\t\t\t\t\t\t\t<li><a href=\"https:\/\/www.mijas.es\/portal\/tramites\/licencias-de-obra\/\">Licencias de obra<\/a><\/li>\n\t\t\t\t\t\t\t\t\t\t\t\t\t\t\t\t\t\t\t\t\t\t\t\t<li><a href=\"https:\/\/www.mijas.es\/portal\/tramites\/licencia-de-obra-menor\/\">Licencia de obra menor<\/a><\/li>\n\t\t\t\t\t\t\t\t\t\t\t\t\t\t\t\t\t\t\t\t\t\t\t<li><a href=\"https:\/\/www.mijas.es\/urbanismo\" style=\"font-style:italic; color:#666;\">Ver todos los tramites<\/a><\/li>\n\t\t\t\t\t\t\t\t\t\t<\/ul>\n\t\t\t\t\t<\/div>\n\n\t\t\t\t<\/div>\n\t\t\t<\/div>\n\t\t\t\n\n\t\t\t\t\t\t\t<div class=\" col-md-4\">\n            \t<div class=\"card\" style=\"text-align:center\">\n            \t<br>\n            \t<span class=\"circle\">\n                <a href=\"https:\/\/www.mijas.es\/via-publica\"><i class=\"fas fa-road fa-3x\" style=\"color:#3691d4\"><\/i><\/a>\n            \t<\/span>\n               <br>\n                <h4 style=\"font-size:18px; font-weight:400;\"><a href=\"https:\/\/www.mijas.es\/via-publica\">V\u00eda P\u00fablica<\/a>  <\/h4>\n                <div style=\"text-align:left;border-top:1px solid #fd8e2f; padding:4px;\">\n\n                    <ul style=\"list-style:circle; margin-left:30px;  padding:0px;\">\n\t\t\t\t\t\t\t\t\t\t\t\t\t\t\t\t\t\t\t\t\t\t\t<li><a href=\"https:\/\/mijas.sedelectronica.es\/\">Solicitud de Cuba u Ocupaci\u00f3n<\/a><\/li>\n\t\t\t\t\t\t\t\t\t\t\t\t\t\t\t\t\t\t\t\t\t\t\t\t<li><a href=\"https:\/\/www.mijas.es\/portal\/tramites\/solicitud-de-kiosko\/\">Solicitud de Kiosko<\/a><\/li>\n\t\t\t\t\t\t\t\t\t\t\t\t\t\t\t\t\t\t\t\t\t\t\t\t<li><a href=\"https:\/\/www.mijas.es\/portal\/tramites\/solicitud-de-corte-de-calle\/\">Solicitud de Corte de Calle<\/a><\/li>\n\t\t\t\t\t\t\t\t\t\t\t\t\t\t\t\t\t\t\t\t\t\t\t<li><a href=\"https:\/\/www.mijas.es\/via-publica\" style=\"font-style:italic; color:#666;\">Ver todos los tramites<\/a><\/li>\n\t\t\t\t\t\t\t\t\t\t<\/ul>\n\t\t\t\t\t<\/div>\n\n\t\t\t\t<\/div>\n\t\t\t<\/div>\n\t\t\t<\/div>\n","protected":false},"excerpt":{"rendered":"<p>TR\u00c1MITES SIN CERTIFICADO ELECTR\u00d3NCIO En esta secci\u00f3n dispone de todos los tr\u00e1mites accesibles sin necesidad de certificado electr\u00f3nico SEDE ELECTRONICA Tramites a traves de la sede electronica Requiere Certificado electr\u00f3nico \u00bfNecesitas Certificado Electronico? pincha aqu\u00ed Atenci\u00f3n Ciudadana Formulario Gen\u00e9rico Registro de Entrada de Documentos Matrimonio Civil Extranjeros Matrimonio Civil \u00bfC\u00f3mo empadronarse? Servicio de Certificaci\u00f3n Digital [&hellip;]<\/p>\n","protected":false},"author":1,"featured_media":0,"parent":0,"menu_order":0,"comment_status":"closed","ping_status":"closed","template":"page-fullwidth.php","meta":[],"_links":{"self":[{"href":"https:\/\/www.mijas.es\/portal\/wp-json\/wp\/v2\/pages\/28765"}],"collection":[{"href":"https:\/\/www.mijas.es\/portal\/wp-json\/wp\/v2\/pages"}],"about":[{"href":"https:\/\/www.mijas.es\/portal\/wp-json\/wp\/v2\/types\/page"}],"author":[{"embeddable":true,"href":"https:\/\/www.mijas.es\/portal\/wp-json\/wp\/v2\/users\/1"}],"replies":[{"embeddable":true,"href":"https:\/\/www.mijas.es\/portal\/wp-json\/wp\/v2\/comments?post=28765"}],"version-history":[{"count":22,"href":"https:\/\/www.mijas.es\/portal\/wp-json\/wp\/v2\/pages\/28765\/revisions"}],"predecessor-version":[{"id":61765,"href":"https:\/\/www.mijas.es\/portal\/wp-json\/wp\/v2\/pages\/28765\/revisions\/61765"}],"wp:attachment":[{"href":"https:\/\/www.mijas.es\/portal\/wp-json\/wp\/v2\/media?parent=28765"}],"curies":[{"name":"wp","href":"https:\/\/api.w.org\/{rel}","templated":true}]}}