{"id":263,"date":"2013-05-18T16:51:37","date_gmt":"2013-05-18T16:51:37","guid":{"rendered":"http:\/\/localhost\/pruebaweb\/?p=263"},"modified":"2019-05-21T11:46:26","modified_gmt":"2019-05-21T11:46:26","slug":"minerales-y-marmoles","status":"publish","type":"page","link":"https:\/\/www.mijas.es\/portal\/medio-ambiente\/minerales-y-marmoles\/","title":{"rendered":"Minerales y M&aacute;rmoles"},"content":{"rendered":"<p><a href=\"https:\/\/www.mijas.es\/files\/imagen\/medio-ambiente\/a6_1_3_Sierra_de_Mijas_a.jpg\" target=\"_blank\"><img decoding=\"async\" alt=\"Sierra de Mijas\" src=\"https:\/\/www.mijas.es\/files\/imagen\/medio-ambiente\/a6_1_3_Sierra_de_Mijas_a.jpg\" style=\"border-width: 0px; border-style: solid; margin: 8px 10px; float: right; width: 131px; height: 200px;\"><\/a><\/p>\n<p align=\"justify\">\n\tEn la antig\u00fcedad romana ya eran conocidos y explotados los minerales y m\u00e1rmoles de Mijas. La opini\u00f3n acerca de la etimolog\u00eda del nombre Mixas, era as\u00ed llamada por sus Minas; ten\u00edan muchas de metales preciosos en las entra\u00f1as de su tierra, hab\u00eda minas de plata, que en tiempo de los tartesios fueron explotadas, el plomo se explotaba hace muchos a\u00f1os en una capa reconocida de m\u00e1s de 600 metros de longitud. Los metales se fund\u00edan en la f\u00e1brica de S. Jos\u00e9 y Mezquitas, desconoci\u00e9ndose los lugares y emplazamientos de las mismas. M\u00e1s tarde el mineral se fund\u00eda en la f\u00e1brica de Los Guindos.<\/p>\n<p align=\"justify\">\n\tLa explotaci\u00f3n del m\u00e1rmol blanco de la sierra de Mijas, en \u00e9poca romana, es algo supuesto, debido a la existencia de piezas arqueol\u00f3gicas elaboradas en un m\u00e1rmol identificable a simple vista, como se explotaban en la Sierra de Mijas y cuya factura parece que se elaboraba en talleres locales de Mixas, Cartima o Suel.<\/p>\n<p align=\"justify\">\n\tEl m\u00e1rmol de Mijas se us\u00f3 en piezas arquitect\u00f3nicas, escult\u00f3ricas y epigr\u00e1ficas. La mayor\u00eda de las piezas estudiadas est\u00e1n en el Museo Arqueol\u00f3gico de M\u00e1laga.<\/p>\n<p align=\"justify\">\n\t<a href=\"https:\/\/www.mijas.es\/files\/imagen\/medio-ambiente\/a6_1_3_marmol_a.jpg\" target=\"_blank\"><img decoding=\"async\" alt=\"M\u00e1rmol de la Sierra de Mijas\" src=\"https:\/\/www.mijas.es\/files\/imagen\/medio-ambiente\/a6_1_3_marmol_a.jpg\" style=\"border-width: 0px; border-style: solid; margin: 8px 10px; float: left; width: 200px; height: 149px;\"><\/a>Un capitel de pilastras encontrado en unas excavaciones en Los Boliches, en unas termas. Una basa de columna y una estatua de Venus que representa una figura desnuda encontrada en la villa romana, El Secretario en Fuengirola. Un capitel de pilastra encontrado en el yacimiento romano del faro de Torrox. Al final del siglo XVIII, en C\u00e1rtama, fue encontrado un retrato de un emperador, sus caracter\u00edsticas son cabeza masculina imberbe, la barbilla y la nariz has desaparecido y una estatua femenina sedente. Divinidad acu\u00e1tica, encontrada cerca del Arroyo Real de Fuengirola, representa una figura masculina sobre un plinto rectangular. Parece una estatua fuente. En el Valle de Abdalajid, antigua Nescaria, se encontr\u00f3 una figura de Baco, adosado a una pilastra. En Alhaur\u00edn el Grande se han encontrado fragmentos de l\u00e1pidas en la Fuente del Sol. En Benalm\u00e1dena se han encontrado fragmentos de l\u00e1pidas con inscripciones romanas.<\/p>\n<p><a href=\"https:\/\/www.mijas.es\/files\/imagen\/medio-ambiente\/a6_1_3_espinela_rosa_a.jpg\" target=\"_blank\"><img decoding=\"async\" alt=\"Cristales de Espinela Rosa sobre M\u00e1rmol (Sierra de Mijas)\" src=\"https:\/\/www.mijas.es\/files\/imagen\/medio-ambiente\/a6_1_3_espinela_rosa_a.jpg\" style=\"border-width: 0px; border-style: solid; margin: 8px 10px; float: right; width: 200px; height: 148px;\"><\/a><\/p>\n<p align=\"justify\">\n\tTodas las piezas datan del siglo I antes de Cristo y siglos I y II despu\u00e9s de Cristo.<\/p>\n<p align=\"justify\">\n\tComo indican los an\u00e1lisis realizados por personas especializadas en la materia, se deduce que estos m\u00e1rmoles empleados proceden de las canteras de m\u00e1rmol blanco de grano grueso de Mijas. En algunos casos proceden de canteras de Co\u00edn.<\/p>\n<p align=\"justify\">\n\tEn Sierra Bermeja existen bolsas de talco de calidad excelente, puro, de color blanco azulado y muy untoso al tacto.<\/p>\n<p align=\"justify\">\n\t<a href=\"https:\/\/www.mijas.es\/files\/imagen\/medio-ambiente\/a6_1_3_calcita_limonita.jpg\" target=\"_blank\"><img decoding=\"async\" alt=\"Cristales de Calcita sobre Limonita (Sierra de Mijas)\" src=\"https:\/\/www.mijas.es\/files\/imagen\/medio-ambiente\/a6_1_3_calcita_limonita_a.jpg\" style=\"border-width: 0px; border-style: solid; margin: 8px 10px; float: left; width: 200px; height: 146px;\"><\/a>El hierro se encuentra en abundancia en la ladera de la sierra. Las muestras hasta hoy encontradas, analizadas convenientemente han dado una ley de 52 por ciento de hierro.<\/p>\n<p align=\"justify\">\n\tMijas se vio enriquecida durante siglos con la explotaci\u00f3n de sus canteras, transportadas en grandes balsas, desde un embarcadero fluvial situado en el r\u00edo de las Pasadas en la confluencia con el r\u00edo de Oj\u00e9n, a partir de esta uni\u00f3n lo grava un calado profundo para poder navegar las grandes barcazas. El r\u00edo ten\u00eda un calado profundo; es un dato claro que comprueba, que los aluviones lo han anegado. En la construcci\u00f3n del puente nuevo se pudo encontrar a m\u00e1s de 14 metros bajo el cauce del actual r\u00edo un gran ancla de plomo. Estos r\u00edos eran muy caudalosos.<\/p>\n<p align=\"justify\">\n\tMijas puede ufanarse de su aportaci\u00f3n de m\u00e1rmoles a otras regiones. Hace varios a\u00f1os se encontraron en Los Boliches las piedras de un templo romano que estaba en una especie de almac\u00e9n, tal vez para ser embarcado para Roma. Este templo se puede ver en el paseo mar\u00edtimo de Los Boliches, como monumento.<\/p>\n<p align=\"justify\">\n\t<a href=\"https:\/\/www.mijas.es\/files\/imagen\/medio-ambiente\/a6_1_3_calcita_a.jpg\" target=\"_blank\"><img decoding=\"async\" alt=\"Cristales de Calcita sobre Limonita (Sierra de Mijas)\" src=\"https:\/\/www.mijas.es\/files\/imagen\/medio-ambiente\/a6_1_3_calcita_a.jpg\" style=\"border-width: 0px; border-style: solid; margin: 8px 10px; float: right; width: 200px; height: 148px;\"><\/a>Seg\u00fan Rosario Camacho en su obra \u00abM\u00e1laga Barroca\u00bb, nos dice que se emplearon m\u00e1rmoles de Mijas en la Iglesia del Santo Cristo de la Salud y en el convento de Santo Domingo de M\u00e1laga. Para la Santa Iglesia Catedral de M\u00e1laga, se extrajeron y compraron el d\u00eda 12 de agosto de 1.586, 1.360 de lozas soler\u00eda, a 3 reales la loza, el cantero fue Manuel Blanco Su\u00e1rez. El 3 de septiembre de 1.629, 600 lozas sanas sin pelo ni cortadura para la soler\u00eda del coro, 6 reales la loza, el cantero fue Sancho Men\u00e9ndez. El 16 de diciembre de 1.766, de la cantera de Mijas y S. Ant\u00f3n m\u00e1rmol blanco y jaspe rojo, libre de tierra y cascosin bet\u00fan. Soler\u00eda, tarima, cintas y gradas, 45 reales la grada de jaspe y 38 reales la de m\u00e1rmol, los canteros fueron Miguel Carreras, Manuel Aruazoz y Antonio Ra\u00edz.<\/p>\n<p align=\"justify\">\n\t<a href=\"https:\/\/www.mijas.es\/files\/imagen\/medio-ambiente\/a6_1_3_cuarzo.jpg\" target=\"_blank\"><img decoding=\"async\" alt=\"Cristales de Cuarzo (Buenavista - Mijas)\" src=\"https:\/\/www.mijas.es\/files\/imagen\/medio-ambiente\/a6_1_3_cuarzo_a.jpg\" style=\"border-width: 0px; border-style: solid; margin: 8px 10px; float: left; width: 200px; height: 149px;\"><\/a>En los posteriores a\u00f1os del siglo XVII vemos que nuestros canteros, como Lorenzo Fern\u00e1ndez de la Iglesia suministra sus m\u00e1rmoles a C\u00e1diz, Sanlucar o Sevilla. Que con sus m\u00e1rmoles, en 1.703 se labra la portada del palacio Arzobispal de Sevilla o las gradas de la capilla de San Leandro en la misma ciudad.<\/p>\n<p align=\"justify\">\n\tPero mayor fama y difusi\u00f3n logran sus \u00e1gatas, empleadas en zonas tan alejadas como la capilla de Santa Tecla de la Catedral de Burgos. Obra tan espl\u00e9ndida con sus cuatro grandes columnas como el altar de la Encarnaci\u00f3n, proyectado en 1,785 por Juan Villanueva en la Catedral de M\u00e1laga, y aun en cierta preciosa vajilla construida a mitad del siglo XVIII \u00abpara un ministro de Estado que tuvo en mucha estima\u00bb.<\/p>\n<p><\/p><center><p><\/p>\n<p><em>Textos extra\u00eddos de los libros \u00abHistoria de Mijas\u00bb e \u00abHistoria de la Virgen de la Pe\u00f1a\u00bb de Rafael Medina Mar\u00edn.<\/em><\/p>\n<p><\/p><\/center><p><\/p>\n\n\n<p><\/p>\n","protected":false},"excerpt":{"rendered":"<p>En la antig\u00fcedad romana ya eran conocidos y explotados los minerales y m\u00e1rmoles de Mijas. La opini\u00f3n acerca de la etimolog\u00eda del nombre Mixas, era as\u00ed llamada por sus Minas; ten\u00edan muchas de metales preciosos en las entra\u00f1as de su tierra, hab\u00eda minas de plata, que en tiempo de los tartesios fueron explotadas, el plomo [&hellip;]<\/p>\n","protected":false},"author":1,"featured_media":0,"parent":12115,"menu_order":0,"comment_status":"closed","ping_status":"open","template":"page-departamental.php","meta":[],"_links":{"self":[{"href":"https:\/\/www.mijas.es\/portal\/wp-json\/wp\/v2\/pages\/263"}],"collection":[{"href":"https:\/\/www.mijas.es\/portal\/wp-json\/wp\/v2\/pages"}],"about":[{"href":"https:\/\/www.mijas.es\/portal\/wp-json\/wp\/v2\/types\/page"}],"author":[{"embeddable":true,"href":"https:\/\/www.mijas.es\/portal\/wp-json\/wp\/v2\/users\/1"}],"replies":[{"embeddable":true,"href":"https:\/\/www.mijas.es\/portal\/wp-json\/wp\/v2\/comments?post=263"}],"version-history":[{"count":10,"href":"https:\/\/www.mijas.es\/portal\/wp-json\/wp\/v2\/pages\/263\/revisions"}],"predecessor-version":[{"id":23016,"href":"https:\/\/www.mijas.es\/portal\/wp-json\/wp\/v2\/pages\/263\/revisions\/23016"}],"up":[{"embeddable":true,"href":"https:\/\/www.mijas.es\/portal\/wp-json\/wp\/v2\/pages\/12115"}],"wp:attachment":[{"href":"https:\/\/www.mijas.es\/portal\/wp-json\/wp\/v2\/media?parent=263"}],"curies":[{"name":"wp","href":"https:\/\/api.w.org\/{rel}","templated":true}]}}