{"id":244,"date":"2013-05-18T16:46:03","date_gmt":"2013-05-18T16:46:03","guid":{"rendered":"http:\/\/localhost\/pruebaweb\/?p=244"},"modified":"2019-05-20T09:36:20","modified_gmt":"2019-05-20T09:36:20","slug":"diagnostico-ambiental","status":"publish","type":"page","link":"https:\/\/www.mijas.es\/portal\/medio-ambiente\/diagnostico-ambiental\/","title":{"rendered":"Diagn&oacute;stico Ambiental"},"content":{"rendered":"<h5>Presentaci\u00f3n del Municipio<\/h5>\n<ol>\n<li><a href=\"https:\/\/www.mijas.es\/files\/adjuntos\/medioambiente\/aDescripcion_de_los_sistemas_naturales.pdf\" target=\"_blank\" rel=\"noopener\">Descripci\u00f3n de los Sistemas Naturales<\/a><\/li>\n<li><a href=\"https:\/\/www.mijas.es\/files\/adjuntos\/medioambiente\/aDescripcion_del_entorno_fisico_biotico.pdf\" target=\"_blank\" rel=\"noopener\">Descripci\u00f3n del Entorno F\u00edsico Bi\u00f3tico<\/a><\/li>\n<li><a href=\"https:\/\/www.mijas.es\/files\/adjuntos\/medioambiente\/aDescripcion_del_entorno_socioeconomico.pdf\" target=\"_blank\" rel=\"noopener\">Descripci\u00f3n del Entorno Socioecon\u00f3mico<\/a><\/li>\n<li><a href=\"https:\/\/www.mijas.es\/files\/adjuntos\/medioambiente\/aDescripcion_del_entorno_urbano.pdf\" target=\"_blank\" rel=\"noopener\">Descripci\u00f3n del Entorno Urbano<\/a><\/li>\n<li><a href=\"https:\/\/www.mijas.es\/files\/adjuntos\/medioambiente\/aGeneralidades_Marco_territorial.pdf\" target=\"_blank\" rel=\"noopener\">Generalidades Marco Territorial<\/a><\/li>\n<li><a href=\"https:\/\/www.mijas.es\/files\/adjuntos\/medioambiente\/aPresentacion_municipio.pdf\" target=\"_blank\" rel=\"noopener\">Presentaci\u00f3n Municipio<\/a><\/li>\n<\/ol>\n<h5>Indicadores Ambientales<\/h5>\n<ol>\n<li><a href=\"https:\/\/www.mijas.es\/files\/adjuntos\/medioambiente\/aCiclo_de_Residuos.pdf\" target=\"_blank\" rel=\"noopener\">Ciclo de Residuos<\/a><\/li>\n<li><a href=\"https:\/\/www.mijas.es\/files\/adjuntos\/medioambiente\/aCiclo_del_Agua.pdf\" target=\"_blank\" rel=\"noopener\">Ciclo del Agua<\/a><\/li>\n<li><a href=\"https:\/\/www.mijas.es\/files\/adjuntos\/medioambiente\/aComportamiento_ambiental_educacion.pdf\" target=\"_blank\" rel=\"noopener\">Comportamiento Ambiental Educaci\u00f3n<\/a><\/li>\n<li><a href=\"https:\/\/www.mijas.es\/files\/adjuntos\/medioambiente\/aContaminacion_Acustica.pdf\" target=\"_blank\" rel=\"noopener\">Contaminaci\u00f3n Ac\u00fastica<\/a><\/li>\n<li><a href=\"https:\/\/www.mijas.es\/files\/adjuntos\/medioambiente\/aContaminacion_Atmosferica.pdf\" target=\"_blank\" rel=\"noopener\">Contaminaci\u00f3n Atmosf\u00e9rica<\/a><\/li>\n<li><a href=\"https:\/\/www.mijas.es\/files\/adjuntos\/medioambiente\/aContaminacion_y_Degradacion_de_Suelos.pdf\" target=\"_blank\" rel=\"noopener\">Contaminaci\u00f3n y Degradaci\u00f3n de Suelos<\/a><\/li>\n<li><a href=\"https:\/\/www.mijas.es\/files\/adjuntos\/medioambiente\/aGestion_de_la_Energia.pdf\" target=\"_blank\" rel=\"noopener\">Gesti\u00f3n de la Energ\u00eda<\/a><\/li>\n<li><a href=\"https:\/\/www.mijas.es\/files\/adjuntos\/medioambiente\/aIncidencia_de_Actividades_Ambientales.pdf\" target=\"_blank\" rel=\"noopener\">Incidencia de Actividades Ambientales<\/a><\/li>\n<li><a href=\"https:\/\/www.mijas.es\/files\/adjuntos\/medioambiente\/aNaturaleza_urbana_y_zonas_verdes.pdf\" target=\"_blank\" rel=\"noopener\">Naturaleza Urbana y Zonas Verdes<\/a><\/li>\n<li><a href=\"https:\/\/www.mijas.es\/files\/adjuntos\/medioambiente\/aRiesgos_Naturales.pdf\" target=\"_blank\" rel=\"noopener\">Riesgos Naturales<\/a><\/li>\n<li><a href=\"https:\/\/www.mijas.es\/files\/adjuntos\/medioambiente\/aTransito_movilidad_y_transporte.pdf\" target=\"_blank\" rel=\"noopener\">Tr\u00e1nsito Movilidad y Transporte<\/a><\/li>\n<\/ol>\n<h5>Diagn\u00f3stico Social<\/h5>\n<ol>\n<li><a href=\"https:\/\/www.mijas.es\/files\/adjuntos\/medioambiente\/aDiagnostico_Social_Mijas.pdf\" target=\"_blank\" rel=\"noopener\">Diagn\u00f3stico Social Mijas<\/a><\/li>\n<\/ol>\n<h5>Participaci\u00f3n Ciudadana<\/h5>\n<ol>\n<li><a href=\"https:\/\/www.mijas.es\/files\/adjuntos\/medioambiente\/aParticipacion_ciudadana.pdf\" target=\"_blank\" rel=\"noopener\">Participacion Ciudadana Mijas<\/a><\/li>\n<\/ol>\n<h5>Conclusiones<\/h5>\n<ol>\n<li><a href=\"https:\/\/www.mijas.es\/files\/adjuntos\/medioambiente\/aconclusiones.pdf\" target=\"_blank\" rel=\"noopener\">Conclusiones<\/a><\/li>\n<\/ol>\n<h5>Cartograf\u00eda<\/h5>\n<ol>\n<li><a href=\"https:\/\/www.mijas.es\/files\/adjuntos\/medioambiente\/a1_Movilidad.pdf\" target=\"_blank\" rel=\"noopener\">Movilidad<\/a><\/li>\n<li><a href=\"https:\/\/www.mijas.es\/files\/adjuntos\/medioambiente\/a2_Act__incidencia_amb.pdf\" target=\"_blank\" rel=\"noopener\">Act. Incidencia Ambiental<\/a><\/li>\n<li><a href=\"https:\/\/www.mijas.es\/files\/adjuntos\/medioambiente\/a3_Residuos.pdf\" target=\"_blank\" rel=\"noopener\">Residuos<\/a><\/li>\n<li><a href=\"https:\/\/www.mijas.es\/files\/adjuntos\/medioambiente\/a4_1_Vertidos.pdf\" target=\"_blank\" rel=\"noopener\">Vertidos<\/a><\/li>\n<li><a href=\"https:\/\/www.mijas.es\/files\/adjuntos\/medioambiente\/a4_2_Saneamiento.pdf\" target=\"_blank\" rel=\"noopener\">Saneamiento<\/a><\/li>\n<li><a href=\"https:\/\/www.mijas.es\/files\/adjuntos\/medioambiente\/a5_Lamparas.pdf\" target=\"_blank\" rel=\"noopener\">Lamparas<\/a><\/li>\n<li><a href=\"https:\/\/www.mijas\/files\/adjuntos\/medioambiente\/a6_Vertederos_y_canteras_abandonadas_REVISION.pdf\" target=\"_blank\" rel=\"noopener\">Vertederos y Canteras Abandonadas Revisi\u00f3n<\/a><\/li>\n<li><a href=\"https:\/\/www.mijas.es\/files\/adjuntos\/medioambiente\/a8_Ruido.pdf\" target=\"_blank\" rel=\"noopener\">Ruido<\/a><\/li>\n<li><a href=\"https:\/\/www.mijas.es\/files\/adjuntos\/medioambiente\/a11_Zonas_verdes.pdf\" target=\"_blank\" rel=\"noopener\">Zonas_verdes<\/a><\/li>\n<\/ol>\n<h5>Equipo de Trabajo<\/h5>\n<ol>\n<li><a href=\"https:\/\/www.mijas.es\/files\/adjuntos\/medioambiente\/aEquipo_de_trabajo.pdf\" target=\"_blank\" rel=\"noopener\">Equipo de Trabajo Ambiental de Mijas<\/a><\/li>\n<\/ol>\n<hr \/>\n<p>Informaci\u00f3n de la calidad del aire proporcionada por la Junta de Andaluc\u00eda. <a href=\"http:\/\/www.juntadeandalucia.es\/temas\/medio-ambiente\/emisiones\/calidad.html\" target=\"_blank\" rel=\"noopener\">Pinchar aqu\u00ed<\/a><\/p>\n<p><!--<a--><\/p>\n","protected":false},"excerpt":{"rendered":"<p>Presentaci\u00f3n del Municipio Descripci\u00f3n de los Sistemas Naturales Descripci\u00f3n del Entorno F\u00edsico Bi\u00f3tico Descripci\u00f3n del Entorno Socioecon\u00f3mico Descripci\u00f3n del Entorno Urbano Generalidades Marco Territorial Presentaci\u00f3n Municipio Indicadores Ambientales Ciclo de Residuos Ciclo del Agua Comportamiento Ambiental Educaci\u00f3n Contaminaci\u00f3n Ac\u00fastica Contaminaci\u00f3n Atmosf\u00e9rica Contaminaci\u00f3n y Degradaci\u00f3n de Suelos Gesti\u00f3n de la Energ\u00eda Incidencia de Actividades Ambientales Naturaleza [&hellip;]<\/p>\n","protected":false},"author":1,"featured_media":0,"parent":12115,"menu_order":0,"comment_status":"closed","ping_status":"open","template":"page-departamental.php","meta":[],"_links":{"self":[{"href":"https:\/\/www.mijas.es\/portal\/wp-json\/wp\/v2\/pages\/244"}],"collection":[{"href":"https:\/\/www.mijas.es\/portal\/wp-json\/wp\/v2\/pages"}],"about":[{"href":"https:\/\/www.mijas.es\/portal\/wp-json\/wp\/v2\/types\/page"}],"author":[{"embeddable":true,"href":"https:\/\/www.mijas.es\/portal\/wp-json\/wp\/v2\/users\/1"}],"replies":[{"embeddable":true,"href":"https:\/\/www.mijas.es\/portal\/wp-json\/wp\/v2\/comments?post=244"}],"version-history":[{"count":6,"href":"https:\/\/www.mijas.es\/portal\/wp-json\/wp\/v2\/pages\/244\/revisions"}],"predecessor-version":[{"id":22761,"href":"https:\/\/www.mijas.es\/portal\/wp-json\/wp\/v2\/pages\/244\/revisions\/22761"}],"up":[{"embeddable":true,"href":"https:\/\/www.mijas.es\/portal\/wp-json\/wp\/v2\/pages\/12115"}],"wp:attachment":[{"href":"https:\/\/www.mijas.es\/portal\/wp-json\/wp\/v2\/media?parent=244"}],"curies":[{"name":"wp","href":"https:\/\/api.w.org\/{rel}","templated":true}]}}