{"id":186,"date":"2013-05-03T11:06:12","date_gmt":"2013-05-03T11:06:12","guid":{"rendered":"http:\/\/localhost\/pruebaweb\/?p=186"},"modified":"2023-04-28T09:45:13","modified_gmt":"2023-04-28T08:45:13","slug":"pozos-y-norias","status":"publish","type":"page","link":"https:\/\/www.mijas.es\/portal\/patrimonio-historico\/pozos-y-norias\/","title":{"rendered":"Pozos y Norias"},"content":{"rendered":"\n<p>La historia del uso de los pozos por el ser humano se pierde en la antig\u00fcedad, baste decir que en el interior del dolmen de Menga, en Antequera (M\u00e1laga), se descubri\u00f3 hace pocos a\u00f1os un pozo de cerca de 20 metros de profundidad que, seg\u00fan los investigadores de ese monumento megal\u00edtico, sirvi\u00f3 para extraer agua ya en la \u00e9poca de la construcci\u00f3n del dolmen, hace cerca de 6.000 a\u00f1os.<\/p>\n\n\n\n<p>Los pozos tienen como funci\u00f3n la obtenci\u00f3n del agua por filtraci\u00f3n, aprovechando la pendiente natural del terreno y para ello se excava un t\u00fanel vertical hasta que se alcanza el nivel de las aguas que se encuentran en las capas fre\u00e1ticas.<\/p>\n\n\n\n<div class=\"wp-block-image\"><figure class=\"aligncenter is-resized\"><img decoding=\"async\" src=\"https:\/\/www.mijas.es\/wp-content\/uploads\/2012\/05\/Pozocontodossuselementosoriginales.jpg\" alt=\"Pozos\" width=\"467\" height=\"558\"\/><\/figure><\/div>\n\n\n\n<p>Su estructura constructiva presenta generalmente una obra cil\u00edndrica elevada para proteger el tubo excavado y evitar que este se derrumbe o deteriore. Por encima del pozo excavado normalmente se construye un brocal o muro circular para evitar que las personas u objetos caigan a su interior.<\/p>\n\n\n<div class=\"wp-block-image\">\n<figure class=\"aligncenter size-large\"><img decoding=\"async\" src=\"https:\/\/www.mijas.es\/wp-content\/uploads\/2012\/05\/PozocercadePenBlanquilla.jpg\" alt=\"Pozo cerca de Pe\u00f1a Blanquilla\"\/><figcaption class=\"wp-element-caption\">Pozo cerca de pe\u00f1a Blanquilla<\/figcaption><\/figure><\/div>\n\n<div class=\"wp-block-image\">\n<figure class=\"aligncenter size-large\"><img decoding=\"async\" src=\"https:\/\/www.mijas.es\/wp-content\/uploads\/2012\/05\/PozojuntoalArroyodelosPilones.jpg\" alt=\"Pozo junto al arroyo de los Pilones\"\/><figcaption class=\"wp-element-caption\">Pozo junto al arroyo de los Pilones<\/figcaption><\/figure><\/div>\n\n\n<p>De los pozos se extrae el agua de dos formas diferentes:<\/p>\n\n\n\n<p>Manual usando una polea. En Mijas, la gran mayor\u00eda de este tipo de pozos presenta el brocal sobreelevado terminado en una falsa c\u00fapula, en la que se deja una abertura o vano cerrado por una puerta. En la parte superior interna de la falsa c\u00fapula se sit\u00faa la polea para la extracci\u00f3n o, en su defecto, un tronco que atraviesa de lado a lado que hace las veces de polea. Este tipo de pozos se usaba generalmente para abastecer a una vivienda o para suministrar agua a un abrevadero de animales.<\/p>\n\n\n\n<p>Mec\u00e1nica usando una fuerza motriz que hace mover una noria que extrae el agua del pozo. Las norias, aunque ya fueron usadas por los romanos, llegaron a nuestra tierra acompa\u00f1ando la tecnolog\u00eda hidr\u00e1ulica de los \u00e1rabes. Estos ingenios, tirados por burros, mulos o bueyes y en \u00e9pocas m\u00e1s modernas movidos por un motor el\u00e9ctrico, fueron utilizados para la explotaci\u00f3n de las aguas subterr\u00e1neas para el riego, bien directamente vertiendo el agua en una acequia o hacia un aljibe o alberca.<\/p>\n\n\n\n<p>Al contrario de lo que ocurre con los pozos de extracci\u00f3n manual, de los que a\u00fan se conservan numerosos ejemplos en nuestro municipio, las norias son m\u00e1s escasas debido a que tras su abandono los elementos met\u00e1licos que las formaban se desmantelaron o se enterraron.<\/p>\n\n\n\n<div class=\"wp-block-image\"><figure class=\"aligncenter is-resized\"><img decoding=\"async\" src=\"https:\/\/www.mijas.es\/wp-content\/uploads\/2012\/05\/NoriadelLagarejo.jpg\" alt=\"Noria del Lagarejo\" width=\"470\" height=\"310\"\/><figcaption>Noria del Lagarejo<\/figcaption><\/figure><\/div>\n\n\n\n<iframe src=\"https:\/\/www.google.com\/maps\/embed?pb=!1m18!1m12!1m3!1d3204.8201836499225!2d-4.630163588777742!3d36.55844840320038!2m3!1f0!2f0!3f0!3m2!1i1024!2i768!4f13.1!3m3!1m2!1s0x0%3A0x0!2zMzbCsDMzJzMwLjIiTiA0wrAzNyczOC43Ilc!5e0!3m2!1ses!2ses!4v1547810538705\" style=\"border:0; margin-bottom: 20px\" allowfullscreen=\"\" width=\"100%\" height=\"450\" frameborder=\"0\"><\/iframe>\n\n\n\n<div class=\"wp-block-image\"><figure class=\"aligncenter is-resized\"><img decoding=\"async\" src=\"https:\/\/www.mijas.es\/wp-content\/uploads\/2012\/05\/PozodelArroyodeMariaBarranco.jpg\" alt=\"Pozo del arroyo Mar\u00eda Barranco\" width=\"452\" height=\"298\"\/><figcaption>Pozos del arroyo de Mar\u00eda Barranco<\/figcaption><\/figure><\/div>\n\n\n\n<iframe src=\"https:\/\/www.google.com\/maps\/embed?pb=!1m18!1m12!1m3!1d3205.127143688752!2d-4.639869284961601!3d36.55104718000073!2m3!1f0!2f0!3f0!3m2!1i1024!2i768!4f13.1!3m3!1m2!1s0x0%3A0x0!2zMzbCsDMzJzAzLjgiTiA0wrAzOCcxNS43Ilc!5e0!3m2!1ses!2ses!4v1547810635721\" style=\"border:0; margin-bottom: 20px\" allowfullscreen=\"\" width=\"100%\" height=\"450\" frameborder=\"0\"><\/iframe>\n\n\n\n<div class=\"wp-block-image\"><figure class=\"aligncenter is-resized\"><img decoding=\"async\" src=\"https:\/\/www.mijas.es\/wp-content\/uploads\/2012\/05\/PozodelCortijodelAhogadero.jpg\" alt=\"Pozo Cortijo del Ahogadero\" width=\"459\" height=\"303\"\/><figcaption>Pozo del Cortijo del Ahogadero<\/figcaption><\/figure><\/div>\n\n\n\n<iframe src=\"https:\/\/www.google.com\/maps\/embed?pb=!1m18!1m12!1m3!1d3205.6172320203427!2d-4.658152019560794!3d36.53922781108924!2m3!1f0!2f0!3f0!3m2!1i1024!2i768!4f13.1!3m3!1m2!1s0x0%3A0x0!2zMzbCsDMyJzIxLjciTiA0wrAzOScyMC42Ilc!5e0!3m2!1ses!2ses!4v1547810719439\" style=\"border:0; margin-bottom: 20px\" allowfullscreen=\"\" width=\"100%\" height=\"450\" frameborder=\"0\"><\/iframe>\n","protected":false},"excerpt":{"rendered":"<p>La historia del uso de los pozos por el ser humano se pierde en la antig\u00fcedad, baste decir que en el interior del dolmen de Menga, en Antequera (M\u00e1laga), se descubri\u00f3 hace pocos a\u00f1os un pozo de cerca de 20 metros de profundidad que, seg\u00fan los investigadores de ese monumento megal\u00edtico, sirvi\u00f3 para extraer agua [&hellip;]<\/p>\n","protected":false},"author":1,"featured_media":14654,"parent":172,"menu_order":0,"comment_status":"closed","ping_status":"open","template":"page-departamental.php","meta":[],"_links":{"self":[{"href":"https:\/\/www.mijas.es\/portal\/wp-json\/wp\/v2\/pages\/186"}],"collection":[{"href":"https:\/\/www.mijas.es\/portal\/wp-json\/wp\/v2\/pages"}],"about":[{"href":"https:\/\/www.mijas.es\/portal\/wp-json\/wp\/v2\/types\/page"}],"author":[{"embeddable":true,"href":"https:\/\/www.mijas.es\/portal\/wp-json\/wp\/v2\/users\/1"}],"replies":[{"embeddable":true,"href":"https:\/\/www.mijas.es\/portal\/wp-json\/wp\/v2\/comments?post=186"}],"version-history":[{"count":9,"href":"https:\/\/www.mijas.es\/portal\/wp-json\/wp\/v2\/pages\/186\/revisions"}],"predecessor-version":[{"id":50233,"href":"https:\/\/www.mijas.es\/portal\/wp-json\/wp\/v2\/pages\/186\/revisions\/50233"}],"up":[{"embeddable":true,"href":"https:\/\/www.mijas.es\/portal\/wp-json\/wp\/v2\/pages\/172"}],"wp:featuredmedia":[{"embeddable":true,"href":"https:\/\/www.mijas.es\/portal\/wp-json\/wp\/v2\/media\/14654"}],"wp:attachment":[{"href":"https:\/\/www.mijas.es\/portal\/wp-json\/wp\/v2\/media?parent=186"}],"curies":[{"name":"wp","href":"https:\/\/api.w.org\/{rel}","templated":true}]}}