{"id":18136,"date":"2019-05-08T11:49:13","date_gmt":"2019-05-08T11:49:13","guid":{"rendered":"http:\/\/192.168.3.26\/?page_id=18136"},"modified":"2019-05-13T15:09:32","modified_gmt":"2019-05-13T15:09:32","slug":"memoria-municipal","status":"publish","type":"page","link":"https:\/\/www.mijas.es\/portal\/memoria-municipal\/","title":{"rendered":"Memoria Municipal"},"content":{"rendered":"\n<h5 class=\"wp-block-heading\">\n\tHISTORIA DEL MUNICIPIO DE MIJAS Y MEMORIA DE SU AYUNTAMIENTO DE LOS \u00daLTIMOS 35 A\u00d1OS<\/h5>\n\n\n\n<figure><img decoding=\"async\" src=\"https:\/\/www.mijas.es\/wp-content\/uploads\/2019\/05\/memoria_municipal_logo.png\" width=\"100px\" alt=\"\" data-id=\"21965\" data-link=\"https:\/\/www.mijas.es\/portal\/memoria-municipal\/memoria_municipal_logo\/\" class=\"wp-image-21965\"\/><\/figure>\n\n\n\n<p>\n\t<strong>Autor:<\/strong> D. Jos\u00e9 Rosa Soler<\/p>\n\n\n\n<p> Declaraci\u00f3n de responsable\u00a0 &#8211; <a href=\"https:\/\/www.mijas.es\/files\/adjuntos\/MemoriaMunicipal\/Declaracin_de_responsabilidad.pdf\" target=\"_blank\" rel=\"noreferrer noopener\" aria-label=\" (abre en una nueva pesta\u00f1a)\">Descargar<\/a> (PDF)<\/p>\n\n\n\n<p> INDICE GENERAL &#8211; <a href=\"https:\/\/www.mijas.es\/files\/adjuntos\/MemoriaMunicipal\/NDICE_GENERAL.pdf\" target=\"_blank\" rel=\"noreferrer noopener\" aria-label=\"Descargar (abre en una nueva pesta\u00f1a)\">Descargar<\/a> (PDF)<\/p>\n\n\n\n<p> TOMO 1 &#8211; <a href=\"https:\/\/www.mijas.es\/files\/adjuntos\/MemoriaMunicipal\/TOMO_1.zip\" target=\"_blank\" rel=\"noreferrer noopener\" aria-label=\"Descargar (abre en una nueva pesta\u00f1a)\">Descargar<\/a> (.zip)<\/p>\n\n\n\n<p> TOMO 2 &#8211; <a href=\"https:\/\/www.mijas.es\/files\/adjuntos\/MemoriaMunicipal\/TOMO_2.zip\" target=\"_blank\" rel=\"noreferrer noopener\" aria-label=\"Descargar (abre en una nueva pesta\u00f1a)\">Descargar<\/a> (.zip)<\/p>\n\n\n\n<p> TOMO 3 &#8211; <a href=\"https:\/\/www.mijas.es\/files\/adjuntos\/MemoriaMunicipal\/TOMO_3.zip\" target=\"_blank\" rel=\"noreferrer noopener\" aria-label=\"Descargar (abre en una nueva pesta\u00f1a)\">Descargar<\/a> (.zip)<\/p>\n\n\n\n<p> TOMO 4 &#8211; <a href=\"https:\/\/www.mijas.es\/files\/adjuntos\/MemoriaMunicipal\/TOMO_4.zip\">Descargar <\/a>(.zip)<\/p>\n\n\n\n<p> TOMO 5 &#8211; <a href=\"https:\/\/www.mijas.es\/files\/adjuntos\/MemoriaMunicipal\/TOMO_5.zip\" target=\"_blank\" rel=\"noreferrer noopener\" aria-label=\"Descargar (abre en una nueva pesta\u00f1a)\">Descargar<\/a> (.zip)<\/p>\n\n\n\n<p> TOMO 6 &#8211; <a href=\"https:\/\/www.mijas.es\/files\/adjuntos\/MemoriaMunicipal\/TOMO_6.zip\" target=\"_blank\" rel=\"noreferrer noopener\" aria-label=\"Descargar (abre en una nueva pesta\u00f1a)\">Descargar<\/a> (.zip)<\/p>\n\n\n\n<p> TOMO 7 &#8211; <a href=\"https:\/\/www.mijas.es\/files\/adjuntos\/MemoriaMunicipal\/TOMO_7.zip\" target=\"_blank\" rel=\"noreferrer noopener\" aria-label=\"Descargar (abre en una nueva pesta\u00f1a)\">Descargar<\/a> (.zip)<\/p>\n\n\n\n<p> TOMO 8 &#8211; <a href=\"https:\/\/www.mijas.es\/files\/adjuntos\/MemoriaMunicipal\/TOMO_8.zip\" target=\"_blank\" rel=\"noreferrer noopener\" aria-label=\" (abre en una nueva pesta\u00f1a)\">Descargar<\/a> (.zip)<\/p>\n\n\n\n<p> TOMO 9 &#8211; <a href=\"https:\/\/www.mijas.es\/files\/adjuntos\/MemoriaMunicipal\/TOMO_9.zip\">Descargar<\/a> (.zip)<\/p>\n\n\n\n<p> TOMO 10 &#8211; <a href=\"https:\/\/www.mijas.es\/files\/adjuntos\/MemoriaMunicipal\/TOMO_10.zip\" target=\"_blank\" rel=\"noreferrer noopener\" aria-label=\"Descargar (abre en una nueva pesta\u00f1a)\">Descargar<\/a> (.zip)<\/p>\n\n\n\n<p> TOMO 11 &#8211; <a href=\"https:\/\/www.mijas.es\/files\/adjuntos\/MemoriaMunicipal\/TOMO_11.zip\" target=\"_blank\" rel=\"noreferrer noopener\" aria-label=\"Descargar (abre en una nueva pesta\u00f1a)\">Descargar<\/a> (.zip)<\/p>\n\n\n\n<p> TOMO 12 &#8211; <a href=\"https:\/\/www.mijas.es\/files\/adjuntos\/MemoriaMunicipal\/TOMO_12.zip\" target=\"_blank\" rel=\"noreferrer noopener\" aria-label=\"Descargar (abre en una nueva pesta\u00f1a)\">Descargar<\/a> (.zip)<\/p>\n\n\n\n<p> TOMO 13 &#8211; <a href=\"https:\/\/www.mijas.es\/files\/adjuntos\/MemoriaMunicipal\/TOMO_13.zip\" target=\"_blank\" rel=\"noreferrer noopener\" aria-label=\" (abre en una nueva pesta\u00f1a)\">Descargar<\/a> (.zip)<\/p>\n\n\n\n<p> TOMO 14 &#8211; <a href=\"https:\/\/www.mijas.es\/files\/adjuntos\/MemoriaMunicipal\/TOMO_14.zip\" target=\"_blank\" rel=\"noreferrer noopener\" aria-label=\" (abre en una nueva pesta\u00f1a)\">Descargar<\/a> (.zip)<\/p>\n\n\n\n<p> TOMO 15 &#8211; <a href=\"https:\/\/www.mijas.es\/files\/adjuntos\/MemoriaMunicipal\/TOMO_15.zip\" target=\"_blank\" rel=\"noreferrer noopener\" aria-label=\" (abre en una nueva pesta\u00f1a)\">Descargar<\/a> (.zip)<\/p>\n\n\n\n<p> TOMO 16 &#8211; <a href=\"https:\/\/www.mijas.es\/files\/adjuntos\/MemoriaMunicipal\/TOMO_16.zip\" target=\"_blank\" rel=\"noreferrer noopener\" aria-label=\" (abre en una nueva pesta\u00f1a)\">Descargar<\/a> (.zip)<\/p>\n","protected":false},"excerpt":{"rendered":"<p>HISTORIA DEL MUNICIPIO DE MIJAS Y MEMORIA DE SU AYUNTAMIENTO DE LOS \u00daLTIMOS 35 A\u00d1OS Autor: D. Jos\u00e9 Rosa Soler Declaraci\u00f3n de responsable\u00a0 &#8211; Descargar (PDF) INDICE GENERAL &#8211; Descargar (PDF) TOMO 1 &#8211; Descargar (.zip) TOMO 2 &#8211; Descargar (.zip) TOMO 3 &#8211; Descargar (.zip) TOMO 4 &#8211; Descargar (.zip) TOMO 5 &#8211; Descargar [&hellip;]<\/p>\n","protected":false},"author":4,"featured_media":0,"parent":0,"menu_order":0,"comment_status":"closed","ping_status":"closed","template":"page-departamental.php","meta":[],"_links":{"self":[{"href":"https:\/\/www.mijas.es\/portal\/wp-json\/wp\/v2\/pages\/18136"}],"collection":[{"href":"https:\/\/www.mijas.es\/portal\/wp-json\/wp\/v2\/pages"}],"about":[{"href":"https:\/\/www.mijas.es\/portal\/wp-json\/wp\/v2\/types\/page"}],"author":[{"embeddable":true,"href":"https:\/\/www.mijas.es\/portal\/wp-json\/wp\/v2\/users\/4"}],"replies":[{"embeddable":true,"href":"https:\/\/www.mijas.es\/portal\/wp-json\/wp\/v2\/comments?post=18136"}],"version-history":[{"count":4,"href":"https:\/\/www.mijas.es\/portal\/wp-json\/wp\/v2\/pages\/18136\/revisions"}],"predecessor-version":[{"id":21967,"href":"https:\/\/www.mijas.es\/portal\/wp-json\/wp\/v2\/pages\/18136\/revisions\/21967"}],"wp:attachment":[{"href":"https:\/\/www.mijas.es\/portal\/wp-json\/wp\/v2\/media?parent=18136"}],"curies":[{"name":"wp","href":"https:\/\/api.w.org\/{rel}","templated":true}]}}