{"id":17990,"date":"2019-04-29T11:00:51","date_gmt":"2019-04-29T11:00:51","guid":{"rendered":"http:\/\/192.168.0.42\/?page_id=17990"},"modified":"2024-01-10T13:39:36","modified_gmt":"2024-01-10T12:39:36","slug":"libro-de-ordenanzas-fiscales","status":"publish","type":"page","link":"https:\/\/www.mijas.es\/portal\/tu-ayuntamiento\/departamentos-servicios\/libro-de-ordenanzas-fiscales\/","title":{"rendered":"Libro de Ordenanzas Fiscales"},"content":{"rendered":"\n<p style=\"text-align: justify;\">\n\t<a href=\"https:\/\/www.mijas.es\/wp-content\/uploads\/2017\/09\/ModificacinOrdenanzasFiscales_09_15.pdf\" target=\"_blank\" rel=\"noopener\"><img decoding=\"async\" alt=\"\" src=\"https:\/\/www.mijas.es\/wp-content\/uploads\/2019\/05\/abtn_pdf-1.gif\" style=\"width: 15px; height: 15px;\"><\/a>&nbsp;<a href=\"https:\/\/www.mijas.es\/wp-content\/uploads\/2017\/09\/ModificacinOrdenanzasFiscales_09_15.pdf\" target=\"_blank\" rel=\"noopener\">Modificaci\u00f3n de Ordenanzas Fiscales<\/a><\/p>\n<h4 style=\"text-align: justify;\">\n\tI . Impuestos<\/h4>\n<ol>\n\t<li style=\"text-align: justify;\">\n\t\t<img decoding=\"async\" alt=\"\" src=\"https:\/\/www.mijas.es\/wp-content\/uploads\/2019\/05\/abtn_pdf-1.gif\" style=\"width: 15px; height: 15px;\">&nbsp;<a href=https:\/\/www.mijas.es\/wp-content\/uploads\/2015\/09\/01-B__ORDENANZA_IMPUESTO_SOBRE_BIENES_INMUEBLES_nueva.pdf\" target=\"_blank\" rel=\"noopener\">Impuesto sobre Bienes Inmuebles<\/a><\/li>\n\t<li style=\"text-align: justify;\">\n\t\t<img decoding=\"async\" alt=\"\" src=\"https:\/\/www.mijas.es\/wp-content\/uploads\/2019\/05\/abtn_pdf-1.gif\">&nbsp;<a href=\"https:\/\/www.mijas.es\/wp-content\/uploads\/2017\/09\/02. ORDENANZA IMPUESTO SOBRE ACTIVIDADES ECON\u00d3MICAS.pdf\" target=\"_blank\" rel=\"noopener\">Impuesto sobre Actividades Econ\u00f3micas <\/a><\/li>\n\t<li style=\"text-align: justify;\">\n\t\t<img decoding=\"async\" alt=\"\" src=\"https:\/\/www.mijas.es\/wp-content\/uploads\/2019\/05\/abtn_pdf-1.gif\">&nbsp;<a href=\"https:\/\/www.mijas.es\/wp-content\/uploads\/2017\/09\/03__ORDENANZA_REGULADORA_DEL_IMPUESTO_SOBRE_VEHCULOS_DE_TRACCIN_MECNICA_-_nueva.pdf\" target=\"_blank\" rel=\"noopener\">Impuesto sobre Veh\u00edculos de Tracci\u00f3n Mec\u00e1nica<\/a><a href=\"https:\/\/www.mijas.es\/wp-content\/uploads\/2017\/09\/ORDENANZA_REGULADORA_DEL_IMPUESTO_SOBRE_VEHCULOS_DE_TRACCIN_MECNICA.pdf\" target=\"_blank\" rel=\"noopener\"> <\/a><\/li>\n\t<li style=\"text-align: justify;\">\n\t\t<img decoding=\"async\" alt=\"\" src=\"https:\/\/www.mijas.es\/wp-content\/uploads\/2019\/05\/abtn_pdf-1.gif\">&nbsp;<a href=\"https:\/\/www.mijas.es\/wp-content\/uploads\/2017\/09\/a2023_04_ORDENANZA_FISCAL_DEL_IMPUESTO_SOBRE_CONSTRUCCIONES_INSTALACIONES_Y_OBRAS.pdf\" target=\"_blank\" rel=\"noopener\">Impuesto sobre Construcciones, Instalaciones y Obras<\/a><\/li>\n\t<li style=\"text-align: justify;\">\n\t\t<img decoding=\"async\" alt=\"\" src=\"https:\/\/www.mijas.es\/wp-content\/uploads\/2019\/05\/abtn_pdf-1.gif\">&nbsp;<a href=\"https:\/\/www.mijas.es\/wp-content\/uploads\/2017\/09\/05-B__ORDENANZA_REGULADORA_DEL_IMPUESTO_SOBRE_EL_INCREMENTO_DEL_VALOR_DE_LOS_TERRENOS_-_nueva.pdf\" target=\"_blank\" rel=\"noopener\">Impuesto sobre el Incremento del Valor de los Terrenos<\/a><\/li>\n<\/ol>\n<h4 style=\"text-align: justify;\">\n\tII. Tasas Municipales<\/h4>\n<p style=\"text-align: justify;\">\n\t<strong>Sobre utilizaci\u00f3n privativa o aprovechamiento especial del dominio p\u00fablico local<\/strong><\/p>\n<ol start=\"6\">\n\t<li style=\"text-align: justify;\">\n\t\tPor instalaci\u00f3n de portadas, escaparates y vitrinas. (DEROGADA)<\/li>\n\t<li style=\"text-align: justify;\">\n\t\t<img decoding=\"async\" alt=\"\" src=\"https:\/\/www.mijas.es\/wp-content\/uploads\/2019\/05\/abtn_pdf-1.gif\">&nbsp;<a href=\"https:\/\/www.mijas.es\/wp-content\/uploads\/2017\/09\/a4740_07_ORDENANZA_DE_LA_TASA_POR_EL_APROVECHAMIENTO_DE_SACA_DE_ARENAS_Y_OTROS_MATERIALES_DE_CONSTRUCCIoN_EN_TERRENOS_PUBLICOS_DEL_TeRMINO_MUNICIPAL.pdf\" target=\"_blank\" rel=\"noopener\">Por el aprovechamiento de saca de arenas y otros materiales de construcci\u00f3n en terrenos p\u00fablicos del t\u00e9rmino municipal<\/a><\/li>\n\t<li style=\"text-align: justify;\">\n\t\t<img decoding=\"async\" alt=\"\" src=\"https:\/\/www.mijas.es\/wp-content\/uploads\/2019\/05\/abtn_pdf-1.gif\">&nbsp;<a href=\"https:\/\/www.mijas.es\/wp-content\/uploads\/2017\/09\/08. ORDENANZA REGULADORA DE LA TASA POR INSTALACI\u00d3N DE QUIOSCOS EN LA V\u00cdA P\u00daBLICA.pdf\" target=\"_blank\" rel=\"noopener\">Por instalaci\u00f3n de quioscos en la v\u00eda p\u00fablica<\/a><\/li>\n\t<li style=\"text-align: justify;\">\n\t\t<img decoding=\"async\" alt=\"\" src=\"https:\/\/www.mijas.es\/wp-content\/uploads\/2019\/05\/abtn_pdf-1.gif\">&nbsp;<a href=\"https:\/\/www.mijas.es\/wp-content\/uploads\/2017\/09\/a8515_09_ORDENANZA_TASA_POR_EL_SERVICIO_DE_MERCADO_MUNICIPAL.pdf\" target=\"_blank\" rel=\"noopener\">Por el servicio de mercado municipal<\/a><\/li>\n\t<li style=\"text-align: justify;\">\n\t\t<img decoding=\"async\" alt=\"\" src=\"https:\/\/www.mijas.es\/wp-content\/uploads\/2019\/05\/abtn_pdf-1.gif\">&nbsp;<a href=\"https:\/\/www.mijas.es\/wp-content\/uploads\/2017\/09\/10. ORDENANZA REGULADORA DE LA TASA POR OCUPACI\u00d3N DE TERRENOS DE USO P\u00daBLICO CON MESAS, SILLAS, TABLADOS Y OTROS ELEMENTOS AN\u00c1LOGOS CON FINALIDAD LUCRATIVA.pdf\" target=\"_blank\" rel=\"noopener\">Por ocupaci\u00f3n de terrenos de uso p\u00fablico con mesas, sillas, tablados y otros elementos an\u00e1logos con finalidad lucrativa<\/a><\/li>\n\t<li style=\"text-align: justify;\">\n\t\t<img decoding=\"async\" alt=\"\" src=\"https:\/\/www.mijas.es\/wp-content\/uploads\/2019\/05\/abtn_pdf-1.gif\">&nbsp;<a href=\"https:\/\/www.mijas.es\/wp-content\/uploads\/2017\/09\/11. ORDENANZA REGULADORA DE LA TASA POR EL APROVECHAMIENTO ESPECIAL DE LA V\u00cdA P\u00daBLICA PUESTOS Y BARRACAS.pdf\" target=\"_blank\" rel=\"noopener\">Por el aprovechamiento de la v\u00eda p\u00fablica con puestos, barracas, casetas de venta, espect\u00e1culos o atracciones situadas en terrenos de uso p\u00fablico e industrias callejeras y ambulantes y rodajes cinematogr\u00e1ficos<\/a><\/li>\n\t<li style=\"text-align: justify;\">\n\t\t<img decoding=\"async\" alt=\"\" src=\"https:\/\/www.mijas.es\/wp-content\/uploads\/2019\/05\/abtn_pdf-1.gif\">&nbsp;<a href=\"https:\/\/www.mijas.es\/wp-content\/uploads\/2017\/09\/12. ORDENANZA REGULADORA DE LAS CONCESIONES DE LICENCIAS DE BURROS-TAXIS Y DEM\u00c1S VEH\u00cdCULOS DE ALQUILER.pdf\" target=\"_blank\" rel=\"noopener\">Por las concesiones de licencias de burros-taxis y dem\u00e1s veh\u00edculos de alquiler<\/a><\/li>\n\t<li style=\"text-align: justify;\">\n\t\t<img decoding=\"async\" alt=\"\" src=\"https:\/\/www.mijas.es\/wp-content\/uploads\/2019\/05\/abtn_pdf-1.gif\">&nbsp;<a href=\"https:\/\/www.mijas.es\/wp-content\/uploads\/2017\/09\/a5170_13_ORDENANZA_APROVECHAMIENTO_ESPECIAL_O_UTILIZACIoN_PRIVATIVA_DE_LA_ViA_PuBLICA.pdf\" target=\"_blank\" rel=\"noopener\">Por el aprovechamiento especial o utilizaci\u00f3n privativa de la v\u00eda p\u00fablica con elementos constructivos cerrados, terrazas, miradores, marquesinas, toldos, paravientos y otras instalaciones semejantes, voladizas sobre la v\u00eda p\u00fablica o que sobresalgan de la l\u00ednea de fachada<\/a><\/li>\n\t<li style=\"text-align: justify;\">\n\t\tPor la instalaci\u00f3n de anuncios ocupando terrenos de dominio p\u00fablico municipal. (DEROGADA)<\/li>\n\t<li style=\"text-align: justify;\">\n\t\t<img decoding=\"async\" alt=\"\" src=\"https:\/\/www.mijas.es\/wp-content\/uploads\/2019\/05\/abtn_pdf-1.gif\">&nbsp;<a href=\"https:\/\/www.mijas.es\/wp-content\/uploads\/2017\/09\/a9487_15_ORDENANZA_REGULADORA_DE_LA_TASA_POR_OCUPACIoN_DEL_SUBSUELO_DE_TERRENOS_DE_USO_PuBLICO.pdf\" target=\"_blank\" rel=\"noopener\">Por ocupaci\u00f3n del susbsuelo de terrenos de uso p\u00fablico<\/a><\/li>\n\t<li style=\"text-align: justify;\">\n\t\t<img decoding=\"async\" alt=\"\" src=\"https:\/\/www.mijas.es\/wp-content\/uploads\/2019\/05\/abtn_pdf-1.gif\">&nbsp;<a href=\"https:\/\/www.mijas.es\/wp-content\/uploads\/2017\/09\/a6943_16_ORDENANZA_TASA_OCUPACIoN_TERRENOS_DE_USO_PuBLICO_CON_MERCANCiAS_MATERIALES_ETC.pdf\" target=\"_blank\" rel=\"noopener\">Por ocupaci\u00f3n de terrenos de uso p\u00fablico con mercanc\u00edas, materiales de construcci\u00f3n, escombros, vallas, puntales, asnillas, andamios y otras instalaciones an\u00e1logas<\/a><\/li>\n\t<li style=\"text-align: justify;\">\n\t\t<img decoding=\"async\" alt=\"\" src=\"https:\/\/www.mijas.es\/wp-content\/uploads\/2019\/05\/abtn_pdf-1.gif\">&nbsp;<a href=\"https:\/\/www.mijas.es\/wp-content\/uploads\/2017\/09\/17. ORDENANZA TASA ENTRADA VEH\u00cdCULOS A TRAV\u00c9S DE LAS ACERAS Y LAS RESERVAS DE V\u00cdAS P\u00daBLICAS.pdf\" target=\"_blank\" rel=\"noopener\">Por entrada de veh\u00edculos a trav\u00e9s de las aceras y las reservas de v\u00edas p\u00fablicas para aparcamientos exclusivos, carga y descarga de mercanc\u00edas de cualquier tipo<\/a><\/li>\n\t<li style=\"text-align: justify;\">\n\t\t<img decoding=\"async\" alt=\"\" src=\"https:\/\/www.mijas.es\/wp-content\/uploads\/2019\/05\/abtn_pdf-1.gif\">&nbsp;<a href=\"https:\/\/www.mijas.es\/wp-content\/uploads\/2017\/09\/a2713_18_ORDENANZA_TASA_APROVECHAMIENTO_ESPECIAL_O_UTILIZACIoN_PRIVATIVA_DOMINIO_PuBLICO_CON_TENDIDOS_TUBERiAS_ETC.pdf\" target=\"_blank\" rel=\"noopener\">Por aprovechamiento especial o utilizaci\u00f3n privativa del dominio p\u00fablico con tendidos, tuber\u00edas y galer\u00edas para las conducciones de energ\u00eda el\u00e9ctrica, agua, gas, o cualquier otro fluido, incluidos los&nbsp;postes para las l\u00edneas, cables, palomillas, cajas de amarre, de distribuci\u00f3n o registro, transformadores, rieles, b\u00e1sculas, aparatos para la venta autom\u00e1tica y otros an\u00e1logos que se establezcan sobre v\u00edas p\u00fablicas u otros terrenos de dominio p\u00fablico local o vuelen sobre los mismos. <\/a><\/li>\n\t<li style=\"text-align: justify;\">\n\t\t<img decoding=\"async\" alt=\"\" src=\"https:\/\/www.mijas.es\/wp-content\/uploads\/2019\/05\/abtn_pdf-1.gif\">&nbsp;<a href=\"https:\/\/www.mijas.es\/wp-content\/uploads\/2017\/09\/NOS_DE_USO_PUBLICO_Y_CUALQUIER_REMOCION_DE_PAVIMENTO_O_ACERAS_EN_LA_VIA_PUBLICA.pdf\" target=\"_blank\" rel=\"noopener\">Por apertura de calicatas o zanjas en terrenos de uso p\u00fablico y cualquier remoci\u00f3n de pavimento o aceras en la v\u00eda p\u00fablica<\/a>.<\/li>\n\t<li style=\"text-align: justify;\">\n\t\t<img decoding=\"async\" alt=\"\" src=\"https:\/\/www.mijas.es\/wp-content\/uploads\/2019\/05\/abtn_pdf-1.gif\">&nbsp;<a href=\"https:\/\/www.mijas.es\/wp-content\/uploads\/2017\/09\/a7683_20_ORDENANZA_TASA_UTILIZACION_APARCAMIENTO_VIRGEN_DE_LA_PENYA.pdf\" target=\"_blank\" rel=\"noopener\">Por utilizaci\u00f3n del aparcamiento p\u00fablico \u201cVirgen de la Pe\u00f1a\u00bb (En proceso de modificaci\u00f3n) <\/a><\/li>\n\t<li style=\"text-align: justify;\">\n\t\t<img decoding=\"async\" alt=\"\" src=\"https:\/\/www.mijas.es\/wp-content\/uploads\/2019\/05\/abtn_pdf-1.gif\">&nbsp;<a href=\"https:\/\/www.mijas.es\/wp-content\/uploads\/2017\/09\/a4257_21_ORDENANZA_TASA_UTILIZACION_PRIVATIVA_DOMINIO_PUBLICO_A_FAVOR_EMPRESAS_EXPLOTADORAS_SERVICIOS_O_SUMINISTROS.pdf\" target=\"_blank\" rel=\"noopener\">Por utilizaci\u00f3n privativa de dominio p\u00fablico o aprovechamientos especiales constituidos en el suelo, subsuelo o vuelo de las v\u00edas p\u00fablicas municipales a favor de las empresas explotadoras de servicios o&nbsp;suministros que resulten de inter\u00e9s general o afecten a la generalidad o a una parte importante del vecindario<\/a>.<\/li>\n\t<li style=\"text-align: justify;\">\n\t\t<img decoding=\"async\" alt=\"\" src=\"https:\/\/www.mijas.es\/wp-content\/uploads\/2019\/05\/abtn_pdf-1.gif\">&nbsp;Tasa por utilizaci\u00f3n privativa o aprovechamiento especial del dominio p\u00fablico local por las empresas explotadoras de servicios de telefon\u00eda m\u00f3vil. (DEROGADA)<\/li>\n<\/ol>\n<p style=\"text-align: justify;\">\n\t<strong>Sobre prestaci\u00f3n de servicios o realizaci\u00f3n de actividades administrativas de competencia local<\/strong><\/p>\n<ol start=\"23\">\n\t<li style=\"text-align: justify;\">\n\t\t<img decoding=\"async\" alt=\"\" src=\"https:\/\/www.mijas.es\/wp-content\/uploads\/2019\/05\/abtn_pdf-1.gif\">&nbsp;<a href=\"https:\/\/www.mijas.es\/wp-content\/uploads\/2017\/09\/a3237_23_ORDENANZA_TASAS_SERVICOS_RECOGIDA_TRANSPORTE_CUSTIODIA_Y_ALIMENACIoN_DE_PERROS_Y_OTROS_ANIMALES.pdf\" target=\"_blank\" rel=\"noopener\">Por los servicios de recogida, transporte, custodia y alimentaci\u00f3n de perros y otros animales. <\/a><\/li>\n\t<li style=\"text-align: justify;\">\n\t\t<img decoding=\"async\" alt=\"\" src=\"https:\/\/www.mijas.es\/wp-content\/uploads\/2019\/05\/abtn_pdf-1.gif\">&nbsp;<a href=\"https:\/\/www.mijas.es\/wp-content\/uploads\/2017\/09\/24__ORDENANZA_TASAS_DOCUMENTOS_QUE_EXPIDAN_O_SE_EXTIENDAN_POR_LA_ADMINISTRACIN_O_AUTORIDADES_MUNICIPALES_nueva.pdf\" target=\"_blank\" rel=\"noopener\">Por documentos que expidan o que se extiendan por la administraci\u00f3n o autoridades municipales, a instancia de parte<\/a> (Sello Municipal).<a href=\"https:\/\/www.mijas.es\/wp-content\/uploads\/2017\/09\/24_ORDENANZA_TASAS_DOCUMENTOS_QUE_EXPIDAN_O_SE_EXTIENDAN_POR_LA_ADMINISTRACIN_O_AUTORIDADES_MUNICIPALES_A_INSTANCIA_DE_PARTE.pdf\" target=\"_blank\" rel=\"noopener\"> <\/a><\/li>\n\t<li style=\"text-align: justify;\">\n\t\t<img decoding=\"async\" alt=\"\" src=\"https:\/\/www.mijas.es\/wp-content\/uploads\/2019\/05\/abtn_pdf-1.gif\">&nbsp;<a href=\"https:\/\/www.mijas.es\/wp-content\/uploads\/2017\/09\/a4599_25_ORDENANZA_TASA_RECOGIDA_Y_RETIRADA_DE_VEHiCULOS_DE_LA_ViA_PuBLICA.pdf\" target=\"_blank\" rel=\"noopener\">Por recogida y retirada de veh\u00edculos de la v\u00eda p\u00fablica.<\/a><\/li>\n\t<li style=\"text-align: justify;\">\n\t\t<img decoding=\"async\" alt=\"\" src=\"https:\/\/www.mijas.es\/wp-content\/uploads\/2019\/05\/abtn_pdf-1.gif\">&nbsp;<a href=\"https:\/\/www.mijas.es\/wp-content\/uploads\/2017\/09\/a3630_26_ORDENANZA_TASAS_SERVICIO_DE_CEMENTERIO_MUNICIPAL.pdf\" target=\"_blank\" rel=\"noopener\">Por el servicio de cementerio municipal. <\/a><\/li>\n\t<li style=\"text-align: justify;\">\n\t\t<img decoding=\"async\" alt=\"\" src=\"https:\/\/www.mijas.es\/wp-content\/uploads\/2019\/05\/abtn_pdf-1.gif\">&nbsp;<a href=\"https:\/\/www.mijas.es\/wp-content\/uploads\/2017\/09\/a2856_27_ORDENANZA_TASA_ASISTENCIA_Y_ESTANCIA_EN_ALBERGUES_Y_OTROS_ESTABLECIMIENTOS_DE_NATURALEZA_ANaLOGA.pdf\" target=\"_blank\" rel=\"noopener\">Por asistencia y estancia en albergues de verano y otros establecimientos de naturaleza an\u00e1loga. <\/a><\/li>\n\t<li style=\"text-align: justify;\">\n\t\t<img decoding=\"async\" alt=\"\" src=\"https:\/\/www.mijas.es\/wp-content\/uploads\/2019\/05\/abtn_pdf-1.gif\">&nbsp;<a href=\"https:\/\/www.mijas.es\/wp-content\/uploads\/2017\/09\/a8816_28_ORDENANZA_TASA_SUMINISTRO_DOMICILIARIO_AGUA_POTABLE.pdf\" target=\"_blank\" rel=\"noopener\">Por el suministro de agua a domicilios particulares. <\/a><\/li>\n\t<li style=\"text-align: justify;\">\n\t\t<img decoding=\"async\" alt=\"\" src=\"https:\/\/www.mijas.es\/wp-content\/uploads\/2019\/05\/abtn_pdf-1.gif\">&nbsp;<a href=\"https:\/\/www.mijas.es\/wp-content\/uploads\/2017\/09\/a8231_29_ORDENANZA_TASA_POR_ALCANTARILLADO_Y_DEPURACION.pdf\" target=\"_blank\" rel=\"noopener\">Tasa de alcantarillado y depuraci\u00f3n<\/a>.<\/li>\n\t<li style=\"text-align: justify;\">\n\t\t<img decoding=\"async\" alt=\"\" src=\"https:\/\/www.mijas.es\/wp-content\/uploads\/2019\/05\/abtn_pdf-1.gif\">&nbsp;<a href=\"https:\/\/www.mijas.es\/wp-content\/uploads\/2017\/09\/a6452_30_ORDENANZA_TASA_VIGILANCIA_ESTABLECIMIENTOS_QUE_LO_SOLICITEN.pdf\" target=\"_blank\" rel=\"noopener\">Por la vigilancia especial de los establecimientos que lo soliciten. <\/a><\/li>\n\t<li style=\"text-align: justify;\">\n\t\t<img decoding=\"async\" alt=\"\" src=\"https:\/\/www.mijas.es\/wp-content\/uploads\/2019\/05\/abtn_pdf-1.gif\">&nbsp;<a href=\"https:\/\/www.mijas.es\/wp-content\/uploads\/2017\/09\/a6315_31_ORDENANZA_TASA_SERVICIO_DE_MATADERO_MUNICIPAL.pdf\" target=\"_blank\" rel=\"noopener\">Por el servicio de matadero municipal. <\/a><\/li>\n\t<li style=\"text-align: justify;\">\n\t\t<img decoding=\"async\" alt=\"\" src=\"https:\/\/www.mijas.es\/wp-content\/uploads\/2019\/05\/abtn_pdf-1.gif\"><a href=\"https:\/\/www.mijas.es\/wp-content\/uploads\/2017\/09\/a7991_32._ORDENANZA_TASAS_LICENCIA_DE_APERTURA_DE_ESTABLECIMIENTOS.pdf\" target=\"_blank\" rel=\"noopener\">&nbsp;Por licencias de aperturas de establecimientos. <\/a><\/li>\n\t<li style=\"text-align: justify;\">\n\t\t<img decoding=\"async\" alt=\"\" src=\"https:\/\/www.mijas.es\/wp-content\/uploads\/2019\/05\/abtn_pdf-1.gif\">&nbsp;<a href=\"https:\/\/www.mijas.es\/wp-content\/uploads\/2017\/09\/TasasAutotaxisyVehiculos.pdf\" target=\"_blank\" rel=\"noopener\">Por otorgamiento de licencias y autorizaciones administrativas de autotaxis y dem\u00e1s veh\u00edculos de alquiler.<\/a><\/li>\n\t<li style=\"text-align: justify;\">\n\t\t<img decoding=\"async\" alt=\"\" src=\"https:\/\/www.mijas.es\/wp-content\/uploads\/2019\/05\/abtn_pdf-1.gif\">&nbsp;<a href=\"https:\/\/www.mijas.es\/wp-content\/uploads\/2017\/09\/34ordenanza.pdf\" target=\"_blank\" rel=\"noopener\">Por actuaciones urban\u00edsticas. <\/a>\n\t\t<ol>\n\t\t\t<li style=\"text-align: justify;\">\n\t\t\t\t<img decoding=\"async\" alt=\"\" src=\"https:\/\/www.mijas.es\/wp-content\/uploads\/2019\/05\/abtn_pdf-1.gif\">&nbsp;<a href=\"https:\/\/www.mijas.es\/wp-content\/uploads\/2017\/09\/NORMAS_DE_VALORACION_2014.pdf\" target=\"_blank\" rel=\"noopener\">Normas de valoraci\u00f3n vinculada a la ordenanza fiscal de actuaciones urban\u00edsticas<\/a><\/li>\n\t\t<\/ol>\n\t<\/li>\n\t<li style=\"text-align: justify;\">\n\t\t<img decoding=\"async\" alt=\"\" src=\"https:\/\/www.mijas.es\/wp-content\/uploads\/2019\/05\/abtn_pdf-1.gif\">&nbsp;<a href=\"https:\/\/www.mijas.es\/wp-content\/uploads\/2017\/09\/a4264_35_ORDENANZA_TASA_PRIMERA_UTILIZACION.pdf\" target=\"_blank\" rel=\"noopener\">Por primera utilizaci\u00f3n de edificios y construcciones<\/a><\/li>\n\t<li style=\"text-align: justify;\">\n\t\t<img decoding=\"async\" alt=\"\" src=\"https:\/\/www.mijas.es\/wp-content\/uploads\/2019\/05\/abtn_pdf-1.gif\">&nbsp;<a href=\"https:\/\/www.mijas.es\/wp-content\/uploads\/2017\/09\/a571_36_ORDENANZA_SERVICIO_EXTINCIoN_DE_INCENDIOS.pdf\" target=\"_blank\" rel=\"noopener\">Por el servicio de extinci\u00f3n de incendios<\/a><\/li>\n\t<li style=\"text-align: justify;\">\n\t\t<img decoding=\"async\" alt=\"\" src=\"https:\/\/www.mijas.es\/wp-content\/uploads\/2019\/05\/abtn_pdf-1.gif\">&nbsp;<a href=\"https:\/\/www.mijas.es\/wp-content\/uploads\/2017\/09\/37. ORDENANZA TASAS RECOGIDA DOMICILIARIA BASURAS Y TRATAMIENTO RESIDUOS S\u00d3LIDOS.pdf\" target=\"_blank\" rel=\"noopener\">Por recogida domiciliaria de basuras y tratamiento de residuos s\u00f3lidos<\/a><\/li>\n\t<li style=\"text-align: justify;\">\n\t\t<img decoding=\"async\" alt=\"\" src=\"https:\/\/www.mijas.es\/wp-content\/uploads\/2019\/05\/abtn_pdf-1.gif\">&nbsp;<a href=\"https:\/\/www.mijas.es\/wp-content\/uploads\/2017\/09\/a979_38_ORDENANZA_TASA_USO_INSTALACIONES_DEPORTIVAS_MUNICIPALES_Y_OTROS_SERVICIOS_ANaLOGOS.pdf\" target=\"_blank\" rel=\"noopener\">Por uso de instalaciones deportivas municipales y otros servicios an\u00e1logos (EN VIGOR HASTA 31 DE DICIEMBRE DE 2018)<\/a><br>\n\t\t38.B.<img decoding=\"async\" alt=\"\" src=\"https:\/\/www.mijas.es\/wp-content\/uploads\/2019\/05\/abtn_pdf-1.gif\"> <a href=\"https:\/\/www.mijas.es\/wp-content\/uploads\/2017\/09\/38B.pdf\" target=\"_blank\" rel=\"noopener\">Ordenanza fiscal reguladora de la tasa por uso de instalaciones deportivas municipales (EN VIGOR A PARTIR DEL 1 DE ENERO DE 2019)<\/a><\/li>\n\t<li style=\"text-align: justify;\">\n\t\t<img decoding=\"async\" alt=\"\" src=\"https:\/\/www.mijas.es\/wp-content\/uploads\/2019\/05\/abtn_pdf-1.gif\">&nbsp;<a href=\"https:\/\/www.mijas.es\/wp-content\/uploads\/2017\/09\/a2947_39_ORDENANZA_TASA_PRESTACIONES_SERVICIO_ESCUELAS_INFANTILES.pdf\" target=\"_blank\" rel=\"noopener\">Por la prestaci\u00f3n del servicio de escuelas infantiles<\/a><\/li>\n\t<li style=\"text-align: justify;\">\n\t\t<div>\n\t\t\t<img decoding=\"async\" alt=\"\" src=\"https:\/\/www.mijas.es\/wp-content\/uploads\/2019\/05\/abtn_pdf-1.gif\">&nbsp;<a href=\"https:\/\/www.mijas.es\/wp-content\/uploads\/2017\/09\/a2772_40_ORDENANZA_TASA_PRESTACION_SERVICIOS_A_EFECTOS_DE_CALIFICACION_PROVISIONAL_Y_DEFINITIVA_VIVIENDAS_PROTEGIDAS.pdf\" target=\"_blank\" rel=\"noopener\">Ordenanza fiscal reguladora de la tasa por la prestaci\u00f3n de servicios a efectos del otorgamiento de la calificaci\u00f3n provisional y definitiva de viviendas protegidas<\/a><\/div>\n\t<\/li>\n<\/ol>\n<ol start=\"42\">\n\t<li style=\"text-align: justify;\">\n\t\t<div>\n\t\t\t<img decoding=\"async\" alt=\"\" src=\"https:\/\/www.mijas.es\/wp-content\/uploads\/2019\/05\/abtn_pdf-1.gif\">&nbsp;<a href=\"https:\/\/www.mijas.es\/wp-content\/uploads\/2017\/09\/a9803_41_ORDENANZA_TASA_DERECHOS_DE_EXAMEN.pdf\" target=\"_blank\" rel=\"noopener\">Ordenanza fiscal reguladora de la tasa por derechos de ex\u00e1menes<\/a><\/div>\n\t<\/li>\n<\/ol>\n<h4 style=\"text-align: justify;\">\n\tIII. Precios P\u00fablicos<\/h4>\n<ol start=\"41\">\n\t<li style=\"text-align: justify;\">\n\t\t<div>\n\t\t\t<img decoding=\"async\" alt=\"\" src=\"https:\/\/www.mijas.es\/wp-content\/uploads\/2019\/05\/abtn_pdf-1.gif\">&nbsp;<a href=\"https:\/\/www.mijas.es\/wp-content\/uploads\/2017\/09\/Ordenanza_precios_Pblicos_Univesidad_Popular.pdf\" target=\"_blank\" rel=\"noopener\">Por la ense\u00f1anza en el Patronato de Universidad Popular y utilizaci\u00f3n con fines culturales y recreativas de instalaciones municipal<\/a><\/div>\n\t<\/li>\n<\/ol>\n<ol start=\"43\">\n\t<li style=\"text-align: justify;\">\n\t\t<div>\n\t\t\t<img decoding=\"async\" alt=\"\" src=\"https:\/\/www.mijas.es\/wp-content\/uploads\/2019\/05\/abtn_pdf-1.gif\">&nbsp;<a href=\"https:\/\/www.mijas.es\/wp-content\/uploads\/2017\/09\/a3372_43_ORDENANZA_PRECIOS_PUBLICOS_PRESTACION_SERVICIO_AMBULANCIA_MUNICIPAL.pdf\" target=\"_blank\" rel=\"noopener\">Por la prestaci\u00f3n del servicio de ambulancia municipal<\/a><\/div>\n\t<\/li>\n\t<li style=\"text-align: justify;\">\n\t\t<img decoding=\"async\" alt=\"\" src=\"https:\/\/www.mijas.es\/wp-content\/uploads\/2019\/05\/abtn_pdf-1.gif\">&nbsp;<a href=\"https:\/\/www.mijas.es\/wp-content\/uploads\/2017\/09\/a8161_44_ORDENANZA_PRECIOS_ASISTENCIA_A_FESTIVALES_ACTUACIONES_TEATRALES_EXPOSICIONES.pdf\" target=\"_blank\" rel=\"noopener\">Ordenanza Fiscal Reguladora de precios para asistencia a festivales, actuaciones teatrales, exposiciones, etc. y cesi\u00f3n de bienes municipales<\/a><\/li>\n<\/ol>\n<h4 style=\"text-align: justify;\">\n\tIV. Contribuciones Especiales<\/h4>\n<ol start=\"45\">\n\t<li style=\"text-align: justify;\">\n\t\t<img decoding=\"async\" alt=\"\" src=\"https:\/\/www.mijas.es\/wp-content\/uploads\/2019\/05\/abtn_pdf-1.gif\">&nbsp;<a href=\"https:\/\/www.mijas.es\/wp-content\/uploads\/2017\/09\/a1508_45_ORDENANZA_CONTRIBUCIONES_ESPECIALES.pdf\" target=\"_blank\" rel=\"noopener\">Ordenanza General de Contribuciones <\/a><\/li>\n<\/ol>\n<h4 style=\"text-align: justify;\">\n\tV. Tr\u00e1fico<\/h4>\n<ol start=\"46\">\n\t<li style=\"text-align: justify;\">\n\t\t<img decoding=\"async\" alt=\"\" src=\"https:\/\/www.mijas.es\/wp-content\/uploads\/2019\/05\/abtn_pdf-1.gif\">&nbsp;<a href=\"https:\/\/www.mijas.es\/wp-content\/uploads\/2017\/09\/a3254_46_ORDENANZA_DE_CIRCULACION.pdf\" target=\"_blank\" rel=\"noopener\">Ordenanza de Circulaci\u00f3n del Ayuntamiento de Mijas <\/a><\/li>\n<\/ol>\n\n\n\n<p><\/p>\n","protected":false},"excerpt":{"rendered":"<p>&nbsp;Modificaci\u00f3n de Ordenanzas Fiscales I . Impuestos &nbsp;<\/p>\n","protected":false},"author":4,"featured_media":13852,"parent":13849,"menu_order":0,"comment_status":"closed","ping_status":"closed","template":"page-departamental.php","meta":[],"_links":{"self":[{"href":"https:\/\/www.mijas.es\/portal\/wp-json\/wp\/v2\/pages\/17990"}],"collection":[{"href":"https:\/\/www.mijas.es\/portal\/wp-json\/wp\/v2\/pages"}],"about":[{"href":"https:\/\/www.mijas.es\/portal\/wp-json\/wp\/v2\/types\/page"}],"author":[{"embeddable":true,"href":"https:\/\/www.mijas.es\/portal\/wp-json\/wp\/v2\/users\/4"}],"replies":[{"embeddable":true,"href":"https:\/\/www.mijas.es\/portal\/wp-json\/wp\/v2\/comments?post=17990"}],"version-history":[{"count":9,"href":"https:\/\/www.mijas.es\/portal\/wp-json\/wp\/v2\/pages\/17990\/revisions"}],"predecessor-version":[{"id":53463,"href":"https:\/\/www.mijas.es\/portal\/wp-json\/wp\/v2\/pages\/17990\/revisions\/53463"}],"up":[{"embeddable":true,"href":"https:\/\/www.mijas.es\/portal\/wp-json\/wp\/v2\/pages\/13849"}],"wp:featuredmedia":[{"embeddable":true,"href":"https:\/\/www.mijas.es\/portal\/wp-json\/wp\/v2\/media\/13852"}],"wp:attachment":[{"href":"https:\/\/www.mijas.es\/portal\/wp-json\/wp\/v2\/media?parent=17990"}],"curies":[{"name":"wp","href":"https:\/\/api.w.org\/{rel}","templated":true}]}}