{"id":16761,"date":"2019-04-23T12:30:47","date_gmt":"2019-04-23T12:30:47","guid":{"rendered":"http:\/\/192.168.0.42\/?page_id=16761"},"modified":"2026-01-02T13:06:20","modified_gmt":"2026-01-02T12:06:20","slug":"mario-bravo-ramos","status":"publish","type":"page","link":"https:\/\/www.mijas.es\/portal\/tu-ayuntamiento\/mario-bravo-ramos\/","title":{"rendered":"Mario Bravo Ramos"},"content":{"rendered":"\n<style>\n.profile{\nwidth: 155px;\nfloat:left;\nborder-radius: 12px;\n}\n.profile2{\nmargin-top: 14px;\nmargin-left: 10px;\nwidth: 70px;\nfloat: left;\n}\n.texto{\n  display: inline-grid;\n margin-left: 12px;\n  vertical-align: top;\n}\n.partido{\nmargin-top:6px;\n}\n.redes{\nmargin-top: 20px;\n}\n.fa {\n  padding: 20px;\n  font-size: 30px;\n  width: 55px;\n  text-align: center;\n  text-decoration: none;\n  margin: 5px 2px;\n  border-radius: 50px;\n}\n\n.fa:hover {\n    opacity: 0.7;\n}\n\n#facebook {\n  background: #3B5998;\n  color: white;\n  text-decoration: none;\n}\n\n#twitter {\n  background: #55ACEE;\n  color: white;\ntext-decoration: none;\n}\n\n#linkedin {\n  background: #007bb5;\n  color: white;\ntext-decoration: none;\n}\n\n#youtube {\n  background: #bb0000;\n  color: white;\ntext-decoration: none;\n}\n\n#instagram {\n  background: #be279b;\n  color: white;\n  text-decoration: none;\n}\n#envelope {\n  background: #999899;\n  color: white;\n  text-decoration: none;\n}\n\n<\/style>\n<link rel=\"stylesheet\" href=\"https:\/\/cdnjs.cloudflare.com\/ajax\/libs\/font-awesome\/4.7.0\/css\/font-awesome.min.css\">\n<nav>\n  <div class=\"nav nav-tabs\" id=\"nav-tab\" role=\"tablist\">\n    <!--<a class=\"nav-item nav-link active\" id=\"nav-home-tab\" data-toggle=\"tab\" href=\"#nav-home\" role=\"tab\" aria-controls=\"nav-home\" aria-selected=\"true\">Biograf\u00eda<\/a>-->\n    <a class=\"nav-item nav-link active\" id=\"nav-profile-tab\" data-toggle=\"tab\" href=\"#nav-profile\" role=\"tab\" aria-controls=\"nav-profile\" aria-selected=\"false\">Perfil<\/a>\n  <\/div>\n<\/nav>\n<!--<div class=\"tab-content\" id=\"nav-tabContent\">\n  <div class=\"tab-pane fade show active\" id=\"nav-home\" role=\"tabpanel\" aria-labelledby=\"nav-home-tab\">\n<div>\n<br>\n<img decoding=\"async\" class=\"profile\" src=\"http:\/\/www.mijas.es\/files\/adjuntos\/ayto\/CorporacionMunicipal\/fotos_concejales_psoe_web2019\/todos\/MARIO%20BRAVO.jpg\"> \n<p class=\"texto\"> <b>Fecha de nacimiento:<\/b>1963<\/p><br>\n<p class=\"texto\"> <b>Lugar de nacimiento:<\/b>M\u00e1laga<\/p><br>\n<p class=\"texto\"> <b>Formaci\u00f3n acad\u00e9mica:<\/b>Licenciado en Econom\u00eda. Auditor de Cuentas. Gestor Administrativo.<br> Agente de la Propiedad Inmobiliaria. Administrador de Fincas.\n<\/p><br>\n<p class=\"texto\"> <b>Trayectoria profesional:<\/b> Tras finalizar la licenciatura en Ciencias Econ\u00f3micas, trabaj\u00f3 unos meses en una asesor\u00eda e inici\u00f3 su carrera como aut\u00f3nomo en Marzo de 1988.<br> Comenz\u00f3 el pol\u00edtica en el a\u00f1o 2006, y desde Junio de 2011 hasta Abril de 2016 fue concejal de Econom\u00eda y Hacienda en el Ayuntamiento de Mijas, volviendo a su actividad profesional y continuando como concejal en la oposici\u00f3n\n<br>-->\n\n\n<div class=\"tab-pane fade row  show\" id=\"nav-profile\" role=\"tabpanel\" aria-labelledby=\"nav-profile-tab\">\n\t\t\t\t<!--<p style=\"text-align: justify;\">\n\t\t\t\t\t<strong>Cargos<\/strong><\/p>-->\n<div class=\"col-md-3\">\n<img decoding=\"async\" class=\"\" width=\"100%\" src=\"https:\/\/www.mijas.es\/wp-content\/uploads\/2023\/06\/PP%2002%20MARIO%20BRAVO%20RAMOS.jpg\">\n<\/div>\n<div class=\"col-md-9 p-3\">\n<h4><u>Cargos<\/u><\/h4>\n<div style=\"float:right\"><img decoding=\"async\" width=\"80px\" data-src=\"https:\/\/www.mijas.es\/wp-content\/uploads\/2023\/11\/100px-Logo_del_PP_(2022).png\" class=\"profile2 lazyloaded\" src=\"https:\/\/www.mijas.es\/wp-content\/uploads\/2023\/11\/100px-Logo_del_PP_(2022).png\"><noscript><img decoding=\"async\" class=\"profile2 lazy\" src=\"data:image\/svg+xml,%3Csvg%20xmlns='http:\/\/www.w3.org\/2000\/svg'%20viewBox='0%200%2080%2080'%3E%3C\/svg%3E\" data-src=\"https:\/\/www.mijas.es\/wp-content\/uploads\/2023\/11\/100px-Logo_del_PP_(2022).png\" width=\"80px\"><\/noscript><\/div>\n\t<ul>\n\t  <li style=\"text-align: justify;\">\n\t\t\t\t\t\tConcejal de PP<\/li>\n          <li style=\"text-align: justify;\">\n\t\t\t\t\t\tViceportavoz Segundo de Grupo<\/li>\n<li style=\"text-align: justify;\">\n\t\t\t\t\t\tConcejal Secretario de la Junta de Gobierno<\/li>\n<li style=\"text-align: justify;\">\n\t\t\t\t\t\tConcejal  de Sociedades Municipales<\/li>\n          <li style=\"text-align: justify;\">\n\t\t\t\t\t\tEconom\u00eda y Hacienda<\/li>\n          <li style=\"text-align: justify;\">\n\t\t\t\t\t\tExtranjeros<\/li>\n          \n          <li style=\"text-align: justify;\">\n\t\t\t\t\t\tEstad\u00edstica<\/li>\n          <li style=\"text-align: justify;\">\n\t\t\t\t\t\tInfracciones y Sanciones<\/li>\n\t<\/ul>\n<h4><u>Curriculum Vitae<\/u><\/h4>\n<ul>\n\t  <li style=\"text-align: justify;\">\n                                             <a href=\"http:\/\/www.mijas.es\/wp-content\/uploads\/2025\/01\/CV-Mario%20Bravo%20Ramos.pdf\" target=\"_blank\" rel=\"noopener noreferrer\">Ver<\/a>\n\t\t\t\t\t\t<\/li>\n\t\t\t\t<\/ul>\n\n\n<h4><u>Contacto<\/u><\/h4>\n\n\n<a href=\"mailto:mariobravo@mijas.es?Subject=Consulta\" target=\"_blank\" id=\"envelope\" class=\"fa fa-envelope\" rel=\"noopener noreferrer\"><\/a> <a href=\"mailto:mariobravo@mijas.es?Subject=Consulta\" target=\"_blank\" rel=\"noopener noreferrer\">mariobravo@mijas.es<\/a>\n<\/ul>\n<h4><u>Retribuciones<\/u><\/h4>\n<ul>\n\t  <li style=\"text-align: justify;\">\n\t\t\t\t\t\t62.900 \u20ac\n          <\/ul>\n\n<hr>\n<p class=\"texto\"><a href=\"https:\/\/www.mijas.es\/wp-content\/uploads\/2023\/06\/12_MARIO_BRAVO_RAMOS.pdf\" target=\"_blank\" rel=\"noopener\">Ver registro de actividades, bienes e intereses 2023<\/a><\/p>\n<hr>\n<p class=\"texto\"><a href=\"https:\/\/www.mijas.es\/wp-content\/uploads\/2026\/01\/20251219_REGISTRO%20INTERESES%20MARIO%20BRAVO%202025.pdf\" target=\"_blank\" rel=\"noopener\">Ver registro de actividades, bienes e intereses 2025<\/a><\/p>\n<hr>\n<\/div>\n\n<\/div>\n","protected":false},"excerpt":{"rendered":"<p>Perfil Cargos Concejal de PP Viceportavoz Segundo de Grupo Concejal Secretario de la Junta de Gobierno Concejal de Sociedades Municipales Econom\u00eda y Hacienda Extranjeros Estad\u00edstica Infracciones y Sanciones Curriculum Vitae Ver Contacto mariobravo@mijas.es Retribuciones 62.900 \u20ac Ver registro de actividades, bienes e intereses 2023 Ver registro de actividades, bienes e intereses 2025<\/p>\n","protected":false},"author":4,"featured_media":0,"parent":7,"menu_order":0,"comment_status":"closed","ping_status":"closed","template":"","meta":[],"_links":{"self":[{"href":"https:\/\/www.mijas.es\/portal\/wp-json\/wp\/v2\/pages\/16761"}],"collection":[{"href":"https:\/\/www.mijas.es\/portal\/wp-json\/wp\/v2\/pages"}],"about":[{"href":"https:\/\/www.mijas.es\/portal\/wp-json\/wp\/v2\/types\/page"}],"author":[{"embeddable":true,"href":"https:\/\/www.mijas.es\/portal\/wp-json\/wp\/v2\/users\/4"}],"replies":[{"embeddable":true,"href":"https:\/\/www.mijas.es\/portal\/wp-json\/wp\/v2\/comments?post=16761"}],"version-history":[{"count":32,"href":"https:\/\/www.mijas.es\/portal\/wp-json\/wp\/v2\/pages\/16761\/revisions"}],"predecessor-version":[{"id":63182,"href":"https:\/\/www.mijas.es\/portal\/wp-json\/wp\/v2\/pages\/16761\/revisions\/63182"}],"up":[{"embeddable":true,"href":"https:\/\/www.mijas.es\/portal\/wp-json\/wp\/v2\/pages\/7"}],"wp:attachment":[{"href":"https:\/\/www.mijas.es\/portal\/wp-json\/wp\/v2\/media?parent=16761"}],"curies":[{"name":"wp","href":"https:\/\/api.w.org\/{rel}","templated":true}]}}