{"id":16243,"date":"2019-04-22T12:06:01","date_gmt":"2019-04-22T12:06:01","guid":{"rendered":"http:\/\/192.168.0.42\/?page_id=16243"},"modified":"2026-04-06T08:49:44","modified_gmt":"2026-04-06T07:49:44","slug":"recaudacion","status":"publish","type":"page","link":"https:\/\/www.mijas.es\/portal\/recaudacion\/","title":{"rendered":"Recaudaci\u00f3n"},"content":{"rendered":"\n<h2>Como Pagar mis Tributos<\/h2>\n<div class=\"row \">\n<div class=\"col-md-12\">\n<div class=\"card\">\n\n<a href=\"https:\/\/areaprivada.unicajabanco.es\/univia\/servlet\/AnonymousControlServlet?o=pagoReciExt&amp;p=01d&amp;emisora=00290701\" target=\"_blank\" rel=\"noopener noreferrer\"><img decoding=\"async\" class=\"card-img-top\" style=\"padding: 0px 20px 0px 20px; max-height: 290px;\" src=\"http:\/\/192.168.0.42\/wp-content\/uploads\/2019\/03\/Unicaja-Banco-2.jpg\" alt=\"\"><\/a>\n<div class=\"card-body\">\n<h4 class=\"card-title\">SERVICIO DE PAGO EXPRESS<\/h4>\nEste servicio <u>solo es para los pagos de recibos en voluntaria<\/u> no domiciliados. La plataforma se activar\u00e1 el 5 de Marzo<br>\n<a class=\"btn btn-info\" href=\"https:\/\/pagosexpress.mijas.es\/es\/\" target=\"_blank\" rel=\"noopener noreferrer\">Acceder a la Plataforma de Pago<\/a>\n\n<\/div>\n<!-- card-body -->\n\n<\/div>\n<!-- card-->\n<div class=\"card\">\n<div class=\"card-body\">\n<h4 class=\"card-title\">YA TENGO CARTA DE PAGO<\/h4>\n<a class=\"btn btn-info\" href=\"https:\/\/areaprivada.unicajabanco.es\/univia\/servlet\/AnonymousControlServlet?o=pagoReciExt&amp;p=01d&amp;emisora=00290701\" target=\"_blank\" rel=\"noopener noreferrer\">Acceder a la Pasarela de Pago<\/a>\n\n<\/div>\n<!-- card-body -->\n\n<\/div>\n<\/div>\n<div class=\"col-md-12\">\n<div class=\"card\">\n\n<img decoding=\"async\" class=\"card-img-top\" src=\"http:\/\/192.168.0.42\/wp-content\/uploads\/2019\/03\/icon-pc.jpg\" alt=\"\">\n<div class=\"card-body\">\n\n&nbsp;\n<h4 class=\"card-title\"><b>NECESITO CARTA DE PAGO Y OTRAS CONSULTAS<\/b><\/h4>\n<div>A trav\u00e9s de la sede electr\u00f3nica puede solicitar:<\/div>\n<ul>\n \t<li style=\"list-style-type: none;\">\n<ul>\n \t<li>Cartas de pago.<\/li>\n \t<li>Listado de deuda<\/li>\n \t<li>Duplicados de recibos.<\/li>\n<\/ul>\n<\/li>\n<\/ul>\n<div>&nbsp;&nbsp;&nbsp;&nbsp;&nbsp;&nbsp;&nbsp;&nbsp;&nbsp;&nbsp;&nbsp;&nbsp;&nbsp; aportando copia D.N.I\/N.I.F.\/N.I.E. del titular.<\/div>\n<div>&nbsp;&nbsp;&nbsp;&nbsp;&nbsp;&nbsp;&nbsp;&nbsp;&nbsp;&nbsp;&nbsp;&nbsp; Tel\u00e9fonos informativos:<\/div>\n<ul>\n \t<li style=\"list-style-type: none;\">\n<ul>\n \t<li>Mijas Pueblo 952 48 59 00&nbsp; (Fax 952 58 90 09);<\/li>\n \t<li>Las Lagunas&nbsp; 952 59 36 44 (Fax 951 06 39 53);<\/li>\n \t<li>La Cala 952 49 32 08&nbsp; (Fax 951 06 39 57)<\/li>\n<\/ul>\n<\/li>\n<\/ul>\n<\/div>\n<\/div>\n<\/div>\n<\/div>\n<!-- .row -->\n<div class=\"row\">\n<div class=\"col-md-6\">\n<div class=\"card\">\n<div class=\"card-body\">\n<h4>QUIERO DOMICILIAR MIS RECIBOS<\/h4>\nPara domiciliar recibos a trav\u00e9s de email, adjuntar:\n<ul>\n \t<li>Copia del DNI del Titular de los recibos y del titular de la cuenta <\/li>\n \t<li>Certificado de titularidad de la cuenta bancaria<\/li>\n \t<li>Referencia y concepto de lo que quiere domiciliar<\/li>\n        <li>Modelo de solicitud de domiciliaci\u00f3n de tributos &#8211; <a href=\"https:\/\/www.mijas.es\/wp-content\/uploads\/2025\/07\/20240331%20ORDEN%20DE%20DOMICILIACION1.pdf\" target=\"_blank\" rel=\"noopener\">Descargar<\/a> <\/li>\n<\/ul>\n\nTiene que entregar la documentaci\u00f3n 2 meses antes del env\u00edo del recibo al banco seg\u00fan calendario fiscal.<br>\n\n<!--Email: <a href=\"mailto:domiciliaciones@mijas.es\">domiciliaciones@mijas.es<\/a>-->\n\nPuede domiciliar sus recibos a trav\u00e9s de la Sede electr\u00f3nica (opci\u00f3n recomendable). <a href=\"https:\/\/mijas.sedelectronica.es\/catalog\/t\/5d86ec57-7574-4ddb-9a66-73c2577907e4\" target=\"_blank\" rel=\"noopener noreferrer\">Acceder<\/a>\n\n<\/div>\n<!-- card-body -->\n\n<\/div>\n<!-- card -->\n\n<\/div>\n<!-- col-md-6 -->\n<div class=\"col-md-6\">\n<div class=\"card\">\n<div class=\"card-body\">\n<h4>SUBASTAS<\/h4>\n<ul>\n     <li><a href=\"https:\/\/subastas.boe.es\/\" target=\"_blank\" rel=\"noopener\">Portal Subastas BOE<\/a><\/li>\n\n<!--li><a href=\"!\" target=\"_blank\" rel=\"noopener\">Subastas Municipales - No Existen Subastas Celebr\u00e1ndose Actualmente<\/a><\/li>-->\n<li>Subastas Municipales &#8211; No Existen Subastas Celebr\u00e1ndose Actualmente<\/a><\/li>\n<\/ul>\n\n<p><\/p><\/div>\n<!-- card-body -->\n\n<\/div>\n<!-- card -->\n\n\n<!-- col-md-15 -->\n<div class=\"col-md-15\">\n<div class=\"card\">\n<div class=\"card-body\">\n<h4>Devoluci\u00f3n de Ingresos indebidos\/duplicados<\/h4>\n<ul>\n     <li><a href=\"https:\/\/www.mijas.es\/wp-content\/uploads\/2023\/03\/Devolucion-Ingresos-indebidos.pdf\" target=\"_blank\" rel=\"noopener\">Solicitud de Devoluci\u00f3n de Ingresos indebidos\/duplicados *<\/a><\/li>\n<\/ul>\n\n<p><\/p><\/div>\n<!-- card-body -->\n\n<\/div>\n<!-- card -->\n<\/div>\n<!-- col-md-15 -->\n\n\n<!-- col-md-15 -->\n<div class=\"col-md-15\">\n<div class=\"card\">\n<div class=\"card-body\">\n<h4>Fraccionamiento\/Aplazamiento de pagos<\/h4>\n<ul>\n     <li><a href=\"https:\/\/www.mijas.es\/wp-content\/uploads\/2023\/03\/Fraccionamiento-1.pdf\" target=\"_blank\" rel=\"noopener\">Solicitud de Fraccionamiento \/ Aplazamiento de pagos *<\/a><\/li>\n<\/ul>\n\n<p><\/p><\/div>\n<!-- card-body -->\n\n<\/div>\n<!-- card -->\n<\/div>\n<!-- col-md-15 -->\n\n\n\n<\/div>\n<!-- col-md-6 -->\n<!-- .row -->\n\n<\/div>\n* Debe aportar documentaci\u00f3n que se indica en el impreso\n","protected":false},"excerpt":{"rendered":"<p>Como Pagar mis Tributos SERVICIO DE PAGO EXPRESS Este servicio solo es para los pagos de recibos en voluntaria no domiciliados. La plataforma se activar\u00e1 el 5 de Marzo Acceder a la Plataforma de Pago YA TENGO CARTA DE PAGO Acceder a la Pasarela de Pago &nbsp; NECESITO CARTA DE PAGO Y OTRAS CONSULTAS A [&hellip;]<\/p>\n","protected":false},"author":1,"featured_media":0,"parent":0,"menu_order":0,"comment_status":"closed","ping_status":"closed","template":"page-departamental.php","meta":[],"_links":{"self":[{"href":"https:\/\/www.mijas.es\/portal\/wp-json\/wp\/v2\/pages\/16243"}],"collection":[{"href":"https:\/\/www.mijas.es\/portal\/wp-json\/wp\/v2\/pages"}],"about":[{"href":"https:\/\/www.mijas.es\/portal\/wp-json\/wp\/v2\/types\/page"}],"author":[{"embeddable":true,"href":"https:\/\/www.mijas.es\/portal\/wp-json\/wp\/v2\/users\/1"}],"replies":[{"embeddable":true,"href":"https:\/\/www.mijas.es\/portal\/wp-json\/wp\/v2\/comments?post=16243"}],"version-history":[{"count":57,"href":"https:\/\/www.mijas.es\/portal\/wp-json\/wp\/v2\/pages\/16243\/revisions"}],"predecessor-version":[{"id":64028,"href":"https:\/\/www.mijas.es\/portal\/wp-json\/wp\/v2\/pages\/16243\/revisions\/64028"}],"wp:attachment":[{"href":"https:\/\/www.mijas.es\/portal\/wp-json\/wp\/v2\/media?parent=16243"}],"curies":[{"name":"wp","href":"https:\/\/api.w.org\/{rel}","templated":true}]}}