{"id":15346,"date":"2019-04-15T11:40:00","date_gmt":"2019-04-15T11:40:00","guid":{"rendered":"http:\/\/192.168.0.42\/?page_id=15346"},"modified":"2021-09-01T14:31:58","modified_gmt":"2021-09-01T13:31:58","slug":"renta-social-basica","status":"publish","type":"page","link":"https:\/\/www.mijas.es\/portal\/fomento-empleo\/renta-social-basica\/","title":{"rendered":"Renta Social B\u00e1sica &#8211; Fomento del Empleo"},"content":{"rendered":"\n<div style=\"height:20px\" aria-hidden=\"true\" class=\"wp-block-spacer\"><\/div>\n\n\n\n<figure class=\"wp-block-image size-large is-resized is-style-default\"><img decoding=\"async\" src=\"https:\/\/www.mijas.es\/wp-content\/uploads\/2020\/07\/Banner-renta-basica-1024x320.jpg\" alt=\"\" class=\"img-fluid\" width=\"835\" height=\"261\"\/><\/figure>\n\n\n\n<div style=\"height:23px\" aria-hidden=\"true\" class=\"wp-block-spacer\"><\/div>\n\n\n\n<div style=\"height:40px\" aria-hidden=\"true\" class=\"wp-block-spacer\"><\/div>\n\n\n\n<div class=\"row justify-content-center text-center\">\n<div class=\"col-md-12 text-center\">\n\t\t<i class=\"far fa-star fa-lg fa-3x\" style=\"color: #f7a744;\"><\/i>\n<p><\/p>\n<h2 class=\"text-center\">INFORMACI\u00d3N<\/h2>\n<h2 style=\"color: #3e8e96;\">PROGRAMA DE RENTA SOCIAL B\u00c1SICA<\/h2>\n<div style=\" border-bottom:2px solid #f7a744;; text-align:left\">    <\/div>\n  \n        <\/div>\n      <\/div>\n\n\n\n<section id=\"featured\" class=\"featured\">\n<div class=\"py-5 text-center\">\n    <div class=\"container\">\n      <div class=\"row\">\n        <div class=\"mx-auto col-md-12\">\n            <div class=\"icon-box\">\n                  <p>El Programa de Renta Social B\u00e1sica supone una medida urgente del Ayuntamiento de Mijas para dar respuestas \u00e1giles y eficaces a los problemas existentes en lo que a exclusi\u00f3n social y empleo se refiere, intentando prevenir procesos de exclusi\u00f3n m\u00e1s graves que los actuales.<\/p>\n        <\/div>\n      <\/div>\n    <\/div>\n  <\/div>  \n<\/div>\n\n\n\n<p><\/p>\n\n\n\n<style>\n\t.featured {\n  position: relative;\n  z-index: 2;\n}\n\n.featured .icon-box {\n  padding: 40px 30px;\n  box-shadow: 0px 2px 15px rgba(0, 0, 0, 0.15);\n  border-radius: 10px;\n  background: #fff;\n  transition: all ease-in-out 0.3s;\n}\n\n.featured .icon-box i {\n  color: #e96b56;\n  font-size: 42px;\n  margin-bottom: 15px;\n  display: block;\n}\n\n.featured .icon-box p {\n  color: #5f6669;\n  font-size: 16px;\n  margin-bottom: 0;\n}\n\n.featured .icon-box:hover {\n  background: #3e8e96;\n}\n\n.featured .icon-box:hover i, .featured .icon-box:hover h3 a, .featured .icon-box:hover p {\n  color: #fff;\n}\n\n<\/style>\n\n\n\n<div style=\"height:18px\" aria-hidden=\"true\" class=\"wp-block-spacer\"><\/div>\n\n\n\n<div class=\"row justify-content-center text-center\">\n<div class=\"col-md-12 text-center\">\n\t\t<i class=\"far fa-star fa-lg fa-3x\" style=\"color: #f7a744;\"><\/i>\n<p><\/p>\n<h2 class=\"text-center\" style=\"color:#3e8e96;\">SERVICIOS<\/h2>\n<h2 style=\"color:##3e8e96;\">INFORMACI\u00d3N<\/h2>\n<div style=\" border-bottom:2px solid #f7a744;; text-align:left\">    <\/div>\n\n  \n        <\/div>\n      <\/div>\n\n\n\n<div style=\"height:51px\" aria-hidden=\"true\" class=\"wp-block-spacer\"><\/div>\n\n\n\n<div class=\"row d-flex justify-content-center\">\n      <div class=\"col-md-6\">\n         <div class=\"card mb-6\">\n            <img decoding=\"async\" class=\"card-img-top\" src=\"https:\/\/www.mijas.es\/wp-content\/uploads\/2021\/04\/r2-1.png\" alt=\"Card image cap\">\n            <div class=\"card-body\">\n               <h5 class=\"card-title\"><strong>MIJAS SERVICIOS COMPLEMENTARIOS, S.L.<\/strong><\/h5>    \n<p class=\"card-text\">Te informamos <br>\n<i class=\"fas fa-phone-volume\"><\/i><strong> Tel\u00e9fono: <\/strong> 951 26 02 83<br>\n<i class=\"far fa-clock\"><\/i><strong> Horario:<\/strong> de 10 h a 13h<br>\nLunes a Viernes<\/p>\n\n               <a href=\"https:\/\/www.mijas.es\/portal\/fomento\/renta-basica\/\" class=\"btn btn-outline-dark btn-sm\">IR A LA P\u00c1GINA<\/a>\n            <\/div>\n         <\/div>\n      <\/div>\n      <div class=\"col-md-6\">\n         <div class=\"card mb-6 border-dark\">\n            <img decoding=\"async\" class=\"card-img-top\" src=\"https:\/\/www.mijas.es\/wp-content\/uploads\/2021\/04\/r1-1.png\" alt=\"Card image cap\">\n            <div class=\"card-body\">\n               <h5 class=\"card-title\" style=\"color: #F7A744;\"><strong>PROGRAMA MUNICIPAL DE RENTA SOCIAL B\u00c1SICA<\/strong><\/h5>\n               <p class=\"card-text\">\n&#8211; Convocatorias<br>\n&#8211; Informaci\u00f3n<br>\n&#8211; Solicitud<br>\n&#8211; Noticias<br>\n<\/p>\n\n<a href=\"https:\/\/www.mijas.es\/portal\/fomento\/renta-basica\/\" class=\"btn btn-outline-secondary btn-sm\" style=\"color: #F7A744;\">IR A LA P\u00c1GINA<\/a>\n            <\/div>\n         <\/div>\n      <\/div>\n   <\/div>\n\n<div style=\" border-bottom:2px solid #f7a744;; text-align:left\">    <\/div>\n\n\n\n<div style=\"height:63px\" aria-hidden=\"true\" class=\"wp-block-spacer\"><\/div>\n\n\n\n<div class=\"wp-block-group\"><div class=\"wp-block-group__inner-container is-layout-flow\">\n<p><strong>M\u00c1S INFORMACI\u00d3N RENTA SOCIAL B\u00c1SICA<\/strong><\/p>\n\n\n\n<p><strong>Mijas Servicios Complementarios, S.L.:<\/strong>\n<p class=\"has-text-aling-left\">Avda. Andaluc\u00eda, n\u00ba 3, 29651 Las Lagunas &#8211; Mijas (M\u00e1laga)&nbsp;\n<br><i class=\"fas fa-phone-volume\"><\/i> <strong>Tel\u00e9fono: <\/strong> 951 26 02 83&nbsp;\n<br>\n<i class=\"fas fa-envelope\"><\/i><strong> E-mail:<\/strong><a href=\"mailto:rentabasica@servicioscomplementarios.es\"> rentabasica@servicioscomplementarios.es<\/a><\/p>\n<\/div><\/div>\n\n\n\n<div style=\"height:20px\" aria-hidden=\"true\" class=\"wp-block-spacer\"><\/div>\n","protected":false},"excerpt":{"rendered":"<p>INFORMACI\u00d3N PROGRAMA DE RENTA SOCIAL B\u00c1SICA El Programa de Renta Social B\u00e1sica supone una medida urgente del Ayuntamiento de Mijas para dar respuestas \u00e1giles y eficaces a los problemas existentes en lo que a exclusi\u00f3n social y empleo se refiere, intentando prevenir procesos de exclusi\u00f3n m\u00e1s graves que los actuales. SERVICIOS INFORMACI\u00d3N MIJAS SERVICIOS COMPLEMENTARIOS, [&hellip;]<\/p>\n","protected":false},"author":1,"featured_media":0,"parent":40132,"menu_order":0,"comment_status":"closed","ping_status":"closed","template":"page-departamental.php","meta":[],"_links":{"self":[{"href":"https:\/\/www.mijas.es\/portal\/wp-json\/wp\/v2\/pages\/15346"}],"collection":[{"href":"https:\/\/www.mijas.es\/portal\/wp-json\/wp\/v2\/pages"}],"about":[{"href":"https:\/\/www.mijas.es\/portal\/wp-json\/wp\/v2\/types\/page"}],"author":[{"embeddable":true,"href":"https:\/\/www.mijas.es\/portal\/wp-json\/wp\/v2\/users\/1"}],"replies":[{"embeddable":true,"href":"https:\/\/www.mijas.es\/portal\/wp-json\/wp\/v2\/comments?post=15346"}],"version-history":[{"count":20,"href":"https:\/\/www.mijas.es\/portal\/wp-json\/wp\/v2\/pages\/15346\/revisions"}],"predecessor-version":[{"id":43599,"href":"https:\/\/www.mijas.es\/portal\/wp-json\/wp\/v2\/pages\/15346\/revisions\/43599"}],"up":[{"embeddable":true,"href":"https:\/\/www.mijas.es\/portal\/wp-json\/wp\/v2\/pages\/40132"}],"wp:attachment":[{"href":"https:\/\/www.mijas.es\/portal\/wp-json\/wp\/v2\/media?parent=15346"}],"curies":[{"name":"wp","href":"https:\/\/api.w.org\/{rel}","templated":true}]}}