{"id":14795,"date":"2019-04-12T11:40:05","date_gmt":"2019-04-12T11:40:05","guid":{"rendered":"http:\/\/192.168.0.42\/?page_id=14795"},"modified":"2019-04-12T11:45:31","modified_gmt":"2019-04-12T11:45:31","slug":"via-publica-tramites","status":"publish","type":"page","link":"https:\/\/www.mijas.es\/portal\/via-publica\/via-publica-tramites\/","title":{"rendered":"V\u00eda P\u00fablica &#8211; Tr\u00e1mites"},"content":{"rendered":"\n<p><a href=\"https:\/\/www.mijas.es\/portal\/files\/adjuntos\/servicios_municipales\/FormulariosViaPublica\/SOLICITUD_DE_CORTE_DE_CALLE_POR_OBRAS_Y_RESERVA_DE_APARCAMIENTOS.doc\"><strong>&#8211; Solicitud de corte de calle por obras y reserva de aparcamientos<\/strong><\/a><\/p>\n\n\n\n<p><a href=\"https:\/\/www.mijas.es\/portal\/files\/adjuntos\/servicios_municipales\/FormulariosViaPublica\/SOLICITUDDECORTEDECALLEPOROBRAS.pdf\" target=\"_blank\" rel=\"noreferrer noopener\"><strong>&#8211; Solicitud de corte de calle<\/strong><\/a><br>A trav\u00e9s de este oficio se solicitan la posibilidad de realizar un corte de calle ya sea total o parcial, as\u00ed como, la reserva de aparcamientos. Se deber\u00e1 indicar en el apartado de observaciones, el motivo por lo que se cortar\u00e1 la calle o por el que se obstaculizar\u00e1 los aparcamientos.<br><br><a href=\"https:\/\/www.mijas.es\/portal\/files\/adjuntos\/servicios_municipales\/FormulariosViaPublica\/SOLICITUDDEKIOSCOENLAVIAPUBLICA.pdf\" target=\"_blank\" rel=\"noreferrer noopener\"><strong>&#8211; Solicitud de kiosco en la v\u00eda p\u00fablica<\/strong><\/a><br>Oficio para solicitar la instalaci\u00f3n de un kiosco ya sea de golosinas, helados, flores etc., en dominio p\u00fablico municipal. Se deber\u00e1 aportar un croquis de la ubicaci\u00f3n que se pretende realizar.<br><br><a href=\"https:\/\/www.mijas.es\/portal\/files\/adjuntos\/servicios_municipales\/FormulariosViaPublica\/2018\/SOLICITUD_PARA_INSTALACION_DE_CUBA_EN_LA_VIA_PUBLICA.pdf\" target=\"_blank\" rel=\"noreferrer noopener\"><strong>&#8211; Solicitud de cuba en la v\u00eda p\u00fablica<\/strong><\/a><br>Oficio para solicitar la instalaci\u00f3n de una cuba en la v\u00eda p\u00fablica. Se deber\u00e1 acompa\u00f1ar de la solicitud, declaraci\u00f3n responsable o comunicaci\u00f3n previa de la Licencia de Obras. Por \u00faltimo se indicar\u00e1 los d\u00edas de instalaci\u00f3n.<br><a href=\"https:\/\/www.mijas.es\/portal\/files\/adjuntos\/servicios_municipales\/FormulariosViaPublica\/SOLICITUDOVPVARIOS.pdf\" target=\"_blank\" rel=\"noreferrer noopener\"><br><strong>&#8211; Solicitud de ocupaci\u00f3n de v\u00eda p\u00fablica con andamios, gr\u00faas, etc.<\/strong><\/a><br>Oficio para solicitar la instalaci\u00f3n en la v\u00eda p\u00fablica, de hormigoneras, gr\u00faas, andamios, vallas o elementos similares. Se deber\u00e1 acompa\u00f1ar de la solicitud, declaraci\u00f3n responsable o comunicaci\u00f3n previa de la Licencia de Obras e indicar los d\u00edas de instalaci\u00f3n.<br><a href=\"https:\/\/www.mijas.es\/portal\/files\/adjuntos\/servicios_municipales\/FormulariosViaPublica\/SolicitudGENERICAdeOcupaciondeViaPublica.pdf\" target=\"_blank\" rel=\"noreferrer noopener\"><br><strong>&#8211; Solicitud gen\u00e9rica de ocupaci\u00f3n de v\u00eda p\u00fablica<\/strong><\/a><br>Solicitud para peticiones gen\u00e9ricas de ocupaci\u00f3n de v\u00eda p\u00fablica tales como: mesas informativas, carteles, instalaci\u00f3n de terrazas, ovp con mesas y sillas, reparto de publicidad, instalaci\u00f3n de toldos, autorizaciones para puestos de temporadas o actividades circunstanciales, autorizaciones de burros-Carros, coches de caballos o burros taxis, petici\u00f3n de nombramiento de calles o de filmaci\u00f3n en nuestro municipio, etc.<br><a href=\"https:\/\/www.mijas.es\/portal\/files\/adjuntos\/servicios_municipales\/FormulariosViaPublica\/SolicitudViaPublica.pdf\" target=\"_blank\" rel=\"noreferrer noopener\"><br><strong>&#8211; Solicitud gen\u00e9rica al \u00e1rea de v\u00eda p\u00fablica<\/strong><\/a><\/p>\n\n\n\n<p><a href=\"https:\/\/www.mijas.es\/portal\/files\/adjuntos\/servicios_municipales\/FormulariosViaPublica\/Vado.pdf\" target=\"_blank\" rel=\"noreferrer noopener\"><strong>&#8211; Solicitud de vados<\/strong><\/a><\/p>\n","protected":false},"excerpt":{"rendered":"<p>&#8211; Solicitud de corte de calle por obras y reserva de aparcamientos &#8211; Solicitud de corte de calleA trav\u00e9s de este oficio se solicitan la posibilidad de realizar un corte de calle ya sea total o parcial, as\u00ed como, la reserva de aparcamientos. Se deber\u00e1 indicar en el apartado de observaciones, el motivo por lo [&hellip;]<\/p>\n","protected":false},"author":1,"featured_media":0,"parent":14793,"menu_order":0,"comment_status":"closed","ping_status":"closed","template":"page-departamental.php","meta":[],"_links":{"self":[{"href":"https:\/\/www.mijas.es\/portal\/wp-json\/wp\/v2\/pages\/14795"}],"collection":[{"href":"https:\/\/www.mijas.es\/portal\/wp-json\/wp\/v2\/pages"}],"about":[{"href":"https:\/\/www.mijas.es\/portal\/wp-json\/wp\/v2\/types\/page"}],"author":[{"embeddable":true,"href":"https:\/\/www.mijas.es\/portal\/wp-json\/wp\/v2\/users\/1"}],"replies":[{"embeddable":true,"href":"https:\/\/www.mijas.es\/portal\/wp-json\/wp\/v2\/comments?post=14795"}],"version-history":[{"count":1,"href":"https:\/\/www.mijas.es\/portal\/wp-json\/wp\/v2\/pages\/14795\/revisions"}],"predecessor-version":[{"id":14796,"href":"https:\/\/www.mijas.es\/portal\/wp-json\/wp\/v2\/pages\/14795\/revisions\/14796"}],"up":[{"embeddable":true,"href":"https:\/\/www.mijas.es\/portal\/wp-json\/wp\/v2\/pages\/14793"}],"wp:attachment":[{"href":"https:\/\/www.mijas.es\/portal\/wp-json\/wp\/v2\/media?parent=14795"}],"curies":[{"name":"wp","href":"https:\/\/api.w.org\/{rel}","templated":true}]}}