{"id":14688,"date":"2019-04-09T12:06:50","date_gmt":"2019-04-09T12:06:50","guid":{"rendered":"http:\/\/192.168.0.42\/?page_id=14688"},"modified":"2024-05-23T09:44:46","modified_gmt":"2024-05-23T08:44:46","slug":"grupos-municipales","status":"publish","type":"page","link":"https:\/\/www.mijas.es\/portal\/tu-ayuntamiento\/grupos-municipales\/","title":{"rendered":"Grupos Municipales"},"content":{"rendered":"\n<p>\n\tLa Corporaci\u00f3n Municipal est\u00e1 compuesta por los siguientes grupos pol\u00edticos municipales:<\/p>\n<div style=\"overflow-x:auto;\">\n<table style=\"width: 100%\" cellspacing=\"5\" cellpadding=\"1\" border=\"0\">\n\t<tbody>\n\t\t<tr>\n\t\t\t<td style=\"width: 248px;\">\n\t\t\t\t<img decoding=\"async\" alt=\"\" src=\"https:\/\/www.mijas.es\/wp-content\/uploads\/2019\/04\/alogo_psoe.gif\" style=\"width: 123px; height: 61px;\"><\/td>\n                        <td style=\"width: 201px;\">\n\t\t\t\t<img decoding=\"async\" alt=\"\" src=\"https:\/\/www.mijas.es\/wp-content\/uploads\/2024\/05\/Logo_del_PP_2022.jpg\" style=\"width: 130px; height: 100px;\"><\/td>\t\n\t\t<\/tr>\n\t\t<tr>\n\t\t\t<td style=\"width: 228px;\">\n\t\t\t\tG.M. Partido Socialista Obrero Espa\u00f1ol<\/td>\n                        <td style=\"width: 201px;\">\n\t\t\t\tG.M. Partido Popular<\/td>\n\t\t<\/tr>\n\t\t<tr>\n\t\t\t<td style=\"width: 448px;\">\n\t\t\t\t<a href=\"http:\/\/www.psoemijas.org\/\" target=\"_blank\" rel=\"noopener noreferrer\">www.psoemijas.org<\/a><\/td>\n                        <td style=\"width: 222px;\">\n\t\t\t\t<a href=\"http:\/\/www.ppmijas.es\/\" target=\"_blank\" rel=\"noopener noreferrer\">www.ppmijas.es<\/a><\/td>\n\n\t\t<\/tr>\n\t<\/tbody>\n<tbody>\n\t\t<tr>\n                        <td style=\"width: 248px;\">\n\t\t\t\t<img decoding=\"async\" alt=\"\" src=\"https:\/\/www.mijas.es\/wp-content\/uploads\/2023\/06\/logo-vox.jpg\" style=\"width: 123px; height: 91px;\"><\/td>\n\t\t\t<td style=\"width: 201px;\">\n\t\t\t\t<img decoding=\"async\" alt=\"\" src=\"https:\/\/www.mijas.es\/wp-content\/uploads\/2023\/06\/logo-ciudadanos3.jpg\" style=\"width: 160px; height: 61px;\"><\/td>\n\t\t<\/tr>\n\t\t<tr>\n\t\t\t<td style=\"width: 228px;\">\n\t\t\t\tVox<\/td>\n                        <td style=\"width: 201px;\">\n\t\t\t\tCiudadanos<\/td>\n\t\t<\/tr>\n\t\t<tr>\n\t\t\t<td style=\"width: 222px;\">\n\t\t\t\t<a href=\"https:\/\/www.voxespana.es\/\" target=\"_blank\" rel=\"noopener noreferrer\">www.voxespana.es<\/a><\/td>\n                        <td style=\"width: 448px;\">\n\t\t\t\t<a href=\"https:\/\/www.ciudadanos-cs.org\/\" target=\"_blank\" rel=\"noopener noreferrer\">www.ciudadanos-cs.org<\/a><\/td>\n\t\t<\/tr>\n\t<\/tbody>\n\n<tbody>\n\t\t<tr>\n                        <td style=\"width: 248px;\">\n\t\t\t\t<img decoding=\"async\" alt=\"\" src=\"https:\/\/www.mijas.es\/wp-content\/uploads\/2023\/06\/logo-PMP.jpg\" style=\"width: 150px; height: 85px; margin-top: 15px;\"><\/td>\n\t\t<\/tr>\n\t\t<tr>\n\t\t\t<td style=\"width: 228px;\">\n\t\t\t\tPor mi Pueblo<\/td>\n\t\t<\/tr>\n\t\t<tr>\n\t\t\t<td style=\"width: 222px;\">\n\t\t\t\t<a href=\"https:\/\/partidopormipueblo.com\/\" target=\"_blank\" rel=\"noopener noreferrer\">www.partidopormipueblo.com<\/a><\/td>\n               \t\t<\/tr>\n\t<\/tbody>\n\n<\/table>\n<\/table>\n\n<\/div>\n<p>\n\t&nbsp;<\/p>\n","protected":false},"excerpt":{"rendered":"<p>La Corporaci\u00f3n Municipal est\u00e1 compuesta por los siguientes grupos pol\u00edticos municipales: G.M. Partido Socialista Obrero Espa\u00f1ol G.M. Partido Popular www.psoemijas.org www.ppmijas.es Vox Ciudadanos www.voxespana.es www.ciudadanos-cs.org Por mi Pueblo www.partidopormipueblo.com &nbsp;<\/p>\n","protected":false},"author":4,"featured_media":0,"parent":7,"menu_order":0,"comment_status":"closed","ping_status":"closed","template":"page-departamental.php","meta":[],"_links":{"self":[{"href":"https:\/\/www.mijas.es\/portal\/wp-json\/wp\/v2\/pages\/14688"}],"collection":[{"href":"https:\/\/www.mijas.es\/portal\/wp-json\/wp\/v2\/pages"}],"about":[{"href":"https:\/\/www.mijas.es\/portal\/wp-json\/wp\/v2\/types\/page"}],"author":[{"embeddable":true,"href":"https:\/\/www.mijas.es\/portal\/wp-json\/wp\/v2\/users\/4"}],"replies":[{"embeddable":true,"href":"https:\/\/www.mijas.es\/portal\/wp-json\/wp\/v2\/comments?post=14688"}],"version-history":[{"count":56,"href":"https:\/\/www.mijas.es\/portal\/wp-json\/wp\/v2\/pages\/14688\/revisions"}],"predecessor-version":[{"id":56551,"href":"https:\/\/www.mijas.es\/portal\/wp-json\/wp\/v2\/pages\/14688\/revisions\/56551"}],"up":[{"embeddable":true,"href":"https:\/\/www.mijas.es\/portal\/wp-json\/wp\/v2\/pages\/7"}],"wp:attachment":[{"href":"https:\/\/www.mijas.es\/portal\/wp-json\/wp\/v2\/media?parent=14688"}],"curies":[{"name":"wp","href":"https:\/\/api.w.org\/{rel}","templated":true}]}}