{"id":14167,"date":"2019-03-29T13:05:49","date_gmt":"2019-03-29T13:05:49","guid":{"rendered":"http:\/\/192.168.0.42\/?page_id=14167"},"modified":"2021-10-20T11:55:33","modified_gmt":"2021-10-20T10:55:33","slug":"anuncio","status":"publish","type":"page","link":"https:\/\/www.mijas.es\/portal\/recursos-humanos\/anuncio\/","title":{"rendered":"Anuncio"},"content":{"rendered":"\n<p>Pinchar <a href=\"https:\/\/www.mijas.es\/wp-content\/uploads\/2021\/10\/ANUNCIO%20BOLSA%20DE%20TRABAJO%20MUNICIPAL.pdf\" target=\"_blank\" rel=\"noreferrer noopener\">aqu\u00ed<\/a> para ver Anuncio sobre la Bolsa de Trabajo Municipal<\/p>\n\n\n\n<p>Pinchar <a href=\"https:\/\/www.mijas.es\/wp-content\/uploads\/2021\/10\/Anuncio%20Bolsa%20de%20Auxiliares%20RS39215.pdf\" target=\"_blank\" rel=\"noreferrer noopener\">aqu\u00ed<\/a> para ver Anuncio Bolsa de Trabajo para Auiliares Administrativos<\/p>\n\n\n\n<p> Extinci\u00f3n de Bolsa de Trabajo de Educador\/a Social &#8211; <a rel=\"noreferrer noopener\" href=\"https:\/\/www.mijas.es\/files\/adjuntos\/RRHH\/bolsa_de_trabajo_educador_social.pdf\" target=\"_blank\">Descargar <\/a>(PDF)<\/p>\n\n\n\n<p>\n\tPinchar <a href=\"https:\/\/www.mijas.es\/files\/adjuntos\/RRHH\/201406271157.pdf\" target=\"_blank\" rel=\"noreferrer noopener\">aqu\u00ed<\/a>&nbsp;para ver&nbsp;Acta de selecci\u00f3n de un puesto de orientador del Programa Andaluc\u00eda Orienta del Departamento de Fomento del Empleo<\/p>\n\n\n\n<p>\n\tPinchar <a href=\"https:\/\/www.mijas.es\/files\/adjuntos\/servicios_municipales\/aANUNCIO.pdf\" target=\"_blank\" rel=\"noreferrer noopener\">aqu\u00ed<\/a> para ver documento (formato PDF)<\/p>\n\n\n\n<p>\n\tPinchar <a href=\"https:\/\/www.mijas.es\/files\/adjuntos\/servicios_municipales\/aResolucion_ListadosProvisionales_AdmitidosExcluidos_Profesor_Monito_UP.pdf\" target=\"_blank\" rel=\"noreferrer noopener\">aqu\u00ed<\/a> para ver Resoluci\u00f3n Listados Provisionales Profesor y Monitor UP (formato PDF)<\/p>\n\n\n\n<p>\n\tPinchar&nbsp;<a href=\"https:\/\/www.mijas.es\/files\/adjuntos\/servicios_municipales\/aAnuncio_listados_provisionales_bolsa_baremadas_2009.pdf\" target=\"_blank\" rel=\"noreferrer noopener\">aqu\u00ed<\/a>&nbsp;para ver&nbsp;Anuncio Plazo de Alegaciones&nbsp;(formato PDF)<\/p>\n","protected":false},"excerpt":{"rendered":"<p>Pinchar aqu\u00ed para ver Anuncio sobre la Bolsa de Trabajo Municipal Pinchar aqu\u00ed para ver Anuncio Bolsa de Trabajo para Auiliares Administrativos Extinci\u00f3n de Bolsa de Trabajo de Educador\/a Social &#8211; Descargar (PDF) Pinchar aqu\u00ed&nbsp;para ver&nbsp;Acta de selecci\u00f3n de un puesto de orientador del Programa Andaluc\u00eda Orienta del Departamento de Fomento del Empleo Pinchar aqu\u00ed [&hellip;]<\/p>\n","protected":false},"author":4,"featured_media":13852,"parent":17837,"menu_order":0,"comment_status":"closed","ping_status":"closed","template":"page-departamental.php","meta":[],"_links":{"self":[{"href":"https:\/\/www.mijas.es\/portal\/wp-json\/wp\/v2\/pages\/14167"}],"collection":[{"href":"https:\/\/www.mijas.es\/portal\/wp-json\/wp\/v2\/pages"}],"about":[{"href":"https:\/\/www.mijas.es\/portal\/wp-json\/wp\/v2\/types\/page"}],"author":[{"embeddable":true,"href":"https:\/\/www.mijas.es\/portal\/wp-json\/wp\/v2\/users\/4"}],"replies":[{"embeddable":true,"href":"https:\/\/www.mijas.es\/portal\/wp-json\/wp\/v2\/comments?post=14167"}],"version-history":[{"count":4,"href":"https:\/\/www.mijas.es\/portal\/wp-json\/wp\/v2\/pages\/14167\/revisions"}],"predecessor-version":[{"id":44096,"href":"https:\/\/www.mijas.es\/portal\/wp-json\/wp\/v2\/pages\/14167\/revisions\/44096"}],"up":[{"embeddable":true,"href":"https:\/\/www.mijas.es\/portal\/wp-json\/wp\/v2\/pages\/17837"}],"wp:featuredmedia":[{"embeddable":true,"href":"https:\/\/www.mijas.es\/portal\/wp-json\/wp\/v2\/media\/13852"}],"wp:attachment":[{"href":"https:\/\/www.mijas.es\/portal\/wp-json\/wp\/v2\/media?parent=14167"}],"curies":[{"name":"wp","href":"https:\/\/api.w.org\/{rel}","templated":true}]}}