{"id":14149,"date":"2019-03-29T12:45:32","date_gmt":"2019-03-29T12:45:32","guid":{"rendered":"http:\/\/192.168.0.42\/?page_id=14149"},"modified":"2026-02-26T08:42:07","modified_gmt":"2026-02-26T07:42:07","slug":"rpt","status":"publish","type":"page","link":"https:\/\/www.mijas.es\/portal\/recursos-humanos\/rpt\/","title":{"rendered":"RPT &#8211; Relaci\u00f3n de Puestos de Trabajo"},"content":{"rendered":"\n<table style=\"width: 100%;\" cellspacing=\"1\" cellpadding=\"1\" border=\"1\" align=\"center\">\n\t<tbody>\n\t\t<tr>\n\t\t\t<td style=\"width: 370px;\">\n\t\t\t\t&#8211; <a href=\"#rptayto\">Relaci\u00f3n de puestos de trabajo del Ayuntamiento de Mijas<\/a><\/td>\n\t\t<\/tr>\n\t\t<tr>\n\t\t\t<td style=\"width: 370px;\">\n\t\t\t\t&#8211; <a href=\"#rpteven\">Relaci\u00f3n de puestos eventuales<\/a><\/td>\n\t\t<\/tr>\n\t\t<tr>\n\t\t\t<td style=\"width: 370px;\">\n\t\t\t\t&#8211; <a href=\"#rptorg\">Relaci\u00f3n de puestos de trabajo de \u00f3rganos desentralizados<\/a><\/td>\n\t\t<\/tr>\n\t\t<tr>\n\t\t\t<td style=\"width: 370px;\">\n\t\t\t\t&#8211; <a href=\"#compatibilidad\">Resoluciones de compatibilidad<\/a><\/td>\n\t\t<\/tr>\n\t\t<tr>\n\t\t\t<td style=\"width: 370px;\">\n\t\t\t\t<a href=\"#indemnizaciones\">&#8211; Indemnizaciones por abandono<\/a><\/td>\n\t\t<\/tr>\n\t<\/tbody>\n<\/table>\n<p>\n\t&nbsp;<\/p>\n<p>\n\t<strong><a name=\"rptayto\"><\/a><span style=\"font-size:14px;\">Relaci\u00f3n de puestos de trabajo del Ayuntamiento de Mijas<\/span><\/strong><\/p>\n<ul>\n        <li>\n\t\t<a href=\"https:\/\/www.mijas.es\/wp-content\/uploads\/2026\/02\/Resoluci%C3%B3n%20Bolsa%20de%20%20Trabajo%20TSEF.pdf\" target=\"_blank\" rel=\"noopener noreferrer\">Acuerdo Junta Gobierno Local Moificacion RPT<\/a>&nbsp;(PDF)<\/li>\n\t\n\n        <li>\n\t\t<a href=\"https:\/\/www.mijas.es\/wp-content\/uploads\/2024\/02\/PUBLICACION_BOPMA19_02_2023_N__35__PAG_87-91__SUPLENTO_1_-_644-2024.pdf\" target=\"_blank\" rel=\"noopener noreferrer\">Plantilla Municipal 2024<\/a>&nbsp;(PDF)<\/li>\n\t<li>\n\t\t<a href=\"https:\/\/www.mijas.es\/files\/adjuntos\/RRHH\/Convocatorias\/2019\/RPT\/RELACION_DE_PUESTOS_DE_TRABAJO_2019.pdf\" target=\"_blank\" rel=\"noopener noreferrer\">Relaci\u00f3n De Puestos De Trabajo<\/a>&nbsp;(PDF)<\/li>\n\t<li>\n<p>\n\n\n\t<span style=\"font-size:14px;\"><strong>Retribuciones percibidas por los Altos cargos del Ayuntamiento de Mijas<\/strong><\/span><\/p>\n<ul>\n\t<li>\n\t\tCargos electos y eventuales &#8211;<a href=\"https:\/\/www.mijas.es\/wp-content\/uploads\/2024\/02\/RETRIBUCIONES-MIEMBROS-DE-LA-CORPORACION-Y-PERSONAL-EVENTUAL.pdf\" target=\"_blank\" rel=\"noopener noreferrer\"> PDF<\/a>\n        <\/li>\n\n<p>\n\t<span style=\"font-size:14px;\"><strong><a name=\"compatibilidad\"><\/a>Autorizaciones de compatibilidad<\/strong><\/span><\/p>\n<ul>\n\t<li>\n\t\tNo existen resoluciones de autorizaci\u00f3n de compatibilidad de altos cargos<\/li>\n<\/ul>\n<p>\n\t<strong><span style=\"font-size:14px;\"><a name=\"indemnizaciones\"><\/a>Indemnizaciones por el abandono de cargos<\/span><\/strong><\/p>\n<ul>\n\t<li>\n\t\tNo ha habido ning\u00fan abandono<\/li>\n<\/ul>\n<p>\n\t<strong><a name=\"rptorg\"><\/a><span style=\"font-size:14px;\">Relaci\u00f3n de puestos de trabajo de \u00d3rganos desentralizado<\/span>s<\/strong><\/p>\n<ul>\n\t<li>\n\t\t<a href=\"https:\/\/www.mijas.es\/files\/adjuntos\/mijasavanza\/Datos_Mijas_Avanza.pdf\" target=\"_blank\" rel=\"noopener noreferrer\">Mijas Avanza &nbsp;SAU.<\/a>&nbsp;(PDF)\n\t\t<ul>\n\t\t\t<li>\n\t\t\t\t<a href=\"https:\/\/www.mijas.es\/files\/adjuntos\/mijasavanza\/Datos_Mijas_Avanza.pdf\" target=\"_blank\" rel=\"noopener noreferrer\">Datos&nbsp;<\/a>&nbsp;(PDF)<\/li>\n\t\t\t<li>\n\t\t\t\t<a href=\"files\/adjuntos\/mijasavanza\/201702170832.pdf\" target=\"_blank\" rel=\"noopener noreferrer\">Objeto social<\/a>&nbsp;(PDF)<\/li>\n\t\t\t<li>\n\t\t\t\tNo existen altos cargos<\/li>\n\t\t<\/ul>\n\t<\/li>\n\t<li>\n\t\t<a href=\"https:\/\/www.mijas.es\/files\/adjuntos\/RPT\/rptmsc(1).pdf\" target=\"_blank\" rel=\"noopener noreferrer\">Mijas Servicios Complementarios, S.L.<\/a>&nbsp;(PDF)\n\t\t<ul>\n\t\t\t<li>\n\t\t\t\tCIF:&nbsp;B93183358<\/li>\n\t\t\t<li>\n\t\t\t\tObjeto social:&nbsp;Empresa de inserci\u00f3n laboral de atenci\u00f3n a colectivos en riesgo de exclusi\u00f3n social.<\/li>\n\t\t\t<li>\n\t\t\t\tNo existen altos cargos<\/li>\n\t\t<\/ul>\n\t<\/li>\n\t<li>\n\t\t<a href=\"https:\/\/www.mijas.es\/files\/adjuntos\/mijascomunicacion\/RPT_2017_.pdf\" target=\"_blank\" rel=\"noopener noreferrer\">Mijas Comunicaci\u00f3n, S.A.<\/a>&nbsp;(PDF)\n\t\t<ul>\n\t\t\t<li>\n\t\t\t\tCIF: A-29610045<\/li>\n\t\t\t<li>\n\t\t\t\tDirecci\u00f3n: Urbanizaci\u00f3n Polarsol s\/n<\/li>\n\t\t\t<li>\n\t\t\t\tObjeto social: Servicios de radiodifusi\u00f3n<\/li>\n\t\t\t<li>\n\t\t\t\tNo existen altos cargos<\/li>\n\t\t\t<li>\n\t\t\t\tweb: <a href=\"http:\/\/www.mijascomunicacion.org\" target=\"_blank\" rel=\"noopener noreferrer\">www.mijascomunicacion.org<\/a><\/li>\n\t\t<\/ul>\n\t<\/li>\n<\/ul>\n\n\n\n<p><\/p>\n","protected":false},"excerpt":{"rendered":"<p>&#8211; Relaci\u00f3n de puestos de trabajo del Ayuntamiento de Mijas &#8211; Relaci\u00f3n de puestos eventuales &#8211; Relaci\u00f3n de puestos de trabajo de \u00f3rganos desentralizados &#8211; Resoluciones de compatibilidad &#8211; Indemnizaciones por abandono &nbsp; Relaci\u00f3n de puestos de trabajo del Ayuntamiento de Mijas Acuerdo Junta Gobierno Local Moificacion RPT&nbsp;(PDF) Plantilla Municipal 2024&nbsp;(PDF) Relaci\u00f3n De Puestos De [&hellip;]<\/p>\n","protected":false},"author":4,"featured_media":13852,"parent":17837,"menu_order":0,"comment_status":"closed","ping_status":"closed","template":"page-departamental.php","meta":[],"_links":{"self":[{"href":"https:\/\/www.mijas.es\/portal\/wp-json\/wp\/v2\/pages\/14149"}],"collection":[{"href":"https:\/\/www.mijas.es\/portal\/wp-json\/wp\/v2\/pages"}],"about":[{"href":"https:\/\/www.mijas.es\/portal\/wp-json\/wp\/v2\/types\/page"}],"author":[{"embeddable":true,"href":"https:\/\/www.mijas.es\/portal\/wp-json\/wp\/v2\/users\/4"}],"replies":[{"embeddable":true,"href":"https:\/\/www.mijas.es\/portal\/wp-json\/wp\/v2\/comments?post=14149"}],"version-history":[{"count":21,"href":"https:\/\/www.mijas.es\/portal\/wp-json\/wp\/v2\/pages\/14149\/revisions"}],"predecessor-version":[{"id":63666,"href":"https:\/\/www.mijas.es\/portal\/wp-json\/wp\/v2\/pages\/14149\/revisions\/63666"}],"up":[{"embeddable":true,"href":"https:\/\/www.mijas.es\/portal\/wp-json\/wp\/v2\/pages\/17837"}],"wp:featuredmedia":[{"embeddable":true,"href":"https:\/\/www.mijas.es\/portal\/wp-json\/wp\/v2\/media\/13852"}],"wp:attachment":[{"href":"https:\/\/www.mijas.es\/portal\/wp-json\/wp\/v2\/media?parent=14149"}],"curies":[{"name":"wp","href":"https:\/\/api.w.org\/{rel}","templated":true}]}}