{"id":14058,"date":"2019-03-29T09:34:35","date_gmt":"2019-03-29T09:34:35","guid":{"rendered":"http:\/\/192.168.0.42\/?page_id=14058"},"modified":"2025-06-11T07:46:26","modified_gmt":"2025-06-11T06:46:26","slug":"estadisticas","status":"publish","type":"page","link":"https:\/\/www.mijas.es\/portal\/estadisticas\/","title":{"rendered":"Informaci\u00f3n &#8211; Estad\u00edstica"},"content":{"rendered":"\n<p><strong>* \u201cSeg\u00fan la Legislaci\u00f3n vigente referente a Protecci\u00f3n de Datos de Car\u00e1cter  Personal y conforme a las instrucciones t\u00e9cnicas sobre gesti\u00f3n del padr\u00f3n  municipal de habitantes para solicitar un Certificado o Volante de  empadronamiento se necesitar\u00e1 autorizaci\u00f3n firmada de todas las personas mayores  de edad (en caso de menores tienen que firmar los tutores legales) empadronados  en el mismo domicilio. <\/strong><\/p>\n\n\n\n<p><strong>Dicha autorizaci\u00f3n debe de ir acompa\u00f1ada de la copia del  DNI, pasaporte o NIE, en caso de menores libro de familia o documento que  acredite que son tutores legales. Para obtener dichos Certificados podr\u00e1n dirigirse presencialmente al  Ayuntamiento o a cualquiera de las Tenencias, o por Registro Electr\u00f3nico\u201d &nbsp;<\/strong><\/p>\n\n\n\n<p><strong>AUTORIZACI\u00d3N SOLICITUD VOLANTE\/CERTIFICADO COLECTIVO<\/strong> &#8211; <a href=\"https:\/\/www.mijas.es\/wp-content\/uploads\/2025\/04\/AUTORIZACION-COLECTIVO.pdf\" target=\"_blank\" rel=\"noreferrer noopener\">Descargar<\/a><\/p>\n\n\n\n<p> MEDIOS PARA EMPADRONARSE<\/p>\n\n\n\n<p>\n\t<strong>PADRON Y CENSO DE HABITANTES<\/strong><br>\n\tEl padr\u00f3n de habitantes es un registro de car\u00e1cter \nadministrativo en el que est\u00e1n incluidos los vecinos de un municipio. En\n este caso de la ciudad de Mijas.<\/p>\n\n\n\n<p> <br> Requisitos para empadronarse:<\/p>\n\n\n\n<ul>\n<li> Hoja padronal firmada por todas las personas mayores de edad, en el caso de menores lo har\u00e1 el tutor legal. <a href=\"http:\/\/www.mijas.es\/wp-content\/uploads\/2020\/10\/Hoja%20padronal%20manual.pdf\">Descargar<\/a>  <\/li>\n\n\n\n<li>En caso de m\u00e1s de una persona, Modelo de Autorizaci\u00f3n de volante\/certificado colectivo relleno y firmado por todos los componentes de la vivienda (En caso de menores los tutores legales) <a rel=\"noreferrer noopener\" href=\"https:\/\/www.mijas.es\/wp-content\/uploads\/2021\/06\/Anexo%201.pdf\" target=\"_blank\">Descargar<\/a><\/li>\n\n\n\n<li>En caso de personas que procedan de alg\u00fan pa\u00eds extranjero, Declaraci\u00f3n responsable de causar alta procedente del extranjero en el Padr\u00f3n de Habitante. <a href=\"https:\/\/www.mijas.es\/wp-content\/uploads\/2021\/06\/Anexo%202.pdf\" target=\"_blank\" rel=\"noreferrer noopener\">Descargar<\/a><\/li>\n\n\n\n<li>Documentaci\u00f3n identificativa de todas las personas que se vayan a empadronar:\n<ul>\n<li>En caso de personas con nacionalidad espa\u00f1ola: DNI (a partir de los 14 a\u00f1os obligatorio). Pueden presentar tambi\u00e9n pasaporte espa\u00f1ol pero disponen de un plazo de 6 meses para aportar el DNI.<\/li>\n\n\n\n<li>En caso de extranjeros: Pasaporte, NIE, Certificado de Registro de Ciudadano de la Uni\u00f3n (este \u00faltimo siempre debe de ir acompa\u00f1ado del pasaporte puesto que por s\u00ed solo no es v\u00e1lido, tal y como se indica en ese mismo documento).<\/li>\n\n\n\n<li>Para los menores, no hay distinci\u00f3n de nacionalidad: Libro de familia o Certificado de nacimiento. En caso de que dispongan de DNI, Pasaporte o NIE , adjuntar tambi\u00e9n.<\/li>\n\n\n\n<li>En caso de sustracci\u00f3n o extrav\u00edo puede aportar fotocopia junto con la denuncia formulada ante la Polic\u00eda y solicitud de renovaci\u00f3n del propio documento.<\/li>\n\n\n\n<li>En caso de menores con un solo progenitor, ser\u00eda necesario aportar uno de los siguiente documentos, seg\u00fan el caso ser\u00eda:\n<ul>\n<li> Autorizaci\u00f3n por escrito del progenitor que no se empadrona y copia de la documentaci\u00f3n de \u00e9ste. <\/li>\n\n\n\n<li> La sentencia en la que se indique quien tiene la guardia y custodia junto con la <em>Declaraci\u00f3n de menores con resoluci\u00f3n judicial<\/em> firmada por el progenitor que se va a empadronar con el menor. (<a href=\"https:\/\/www.mijas.es\/wp-content\/uploads\/2025\/06\/ANEXO%20II%20Declaraci%C3%B3n%20MENORES%20CON%20RESOLUCI%C3%93N%20JUDICIAL.pdf\" target=\"_blank\" rel=\"noreferrer noopener\">Incluir el formulario de Declaraci\u00f3n de menores con resoluci\u00f3n judicial<\/a>) <\/li>\n\n\n\n<li> En caso de estar en tr\u00e1mite la Resoluci\u00f3n, se tendr\u00eda que cumplimentar y firmar la <em>Declaraci\u00f3n de menores sin resoluci\u00f3n judicial<\/em>. (<a href=\"https:\/\/www.mijas.es\/wp-content\/uploads\/2025\/06\/ANEXO%20I%20Declaraci%C3%B3n%20MENORES%20SIN%20RESOLUCI%C3%93N%20JUDICIAL.pdf\" target=\"_blank\" rel=\"noreferrer noopener\">Incluir el formulario de Declaraci\u00f3n de menores sin resoluci\u00f3n judicial<\/a>) <\/li>\n<\/ul>\n<\/li>\n<\/ul>\n<\/li>\n<\/ul>\n\n\n\n<ul>\n<li><strong>La documentaci\u00f3n debe estar en vigor<\/strong>.<\/li>\n<\/ul>\n\n\n\n<ul>\n<li>Documentaci\u00f3n de      la vivienda:\n<ul>\n<li>Escritura o recibo de IBI o Nota del Registro de la Propiedad.<\/li>\n\n\n\n<li>Contrato de alquiler en vigor, en caso que est\u00e9 dentro del per\u00edodo de pr\u00f3rroga, deber\u00e1 aportar los dos \u00faltimos recibos del pago del alquiler.<\/li>\n\n\n\n<li>En caso de que ya consten empadronadas otras personas, ser\u00eda necesaria la firma en la hoja padronal o, autorizaci\u00f3n por escrito &nbsp;de la persona previamente inscrita en ese domicilio, debe acreditar que dispone de alg\u00fan&nbsp; titulo acreditativo de la posesi\u00f3n de la vivienda y copia de su documentaci\u00f3n.<\/li>\n\n\n\n<li>En caso de no disponer de documentaci\u00f3n alguna que justifique la titularidad de la vivienda, puede solicitar el empadronamiento rellenando y firmando por todas las personas que est\u00e9n viviendo en el domicilio, la \u00abSolicitud de empadronamiento de personas que no disponen\/presentan t\u00edtulo de ocupaci\u00f3n de la vivienda\u00bb as\u00ed como la documentaci\u00f3n personal indicada anteriormente.  <br>El Ayuntamiento proceder\u00e1 a comprobar por otros medios (informe de Polic\u00eda Local, inspecci\u00f3n del propio servicio, Servicios sociales, etc.) que realmente el\/los vecino\/s habita\/n en ese domicilio y en caso afirmativo se proceder\u00e1 a la inscripci\u00f3n en el Padr\u00f3n.\n<ul>\n<li><a href=\"https:\/\/www.mijas.es\/wp-content\/uploads\/2022\/10\/Hoja%20padronal%20personas%20que%20no%20disponen-presenta%20titulo%20de%20ocupacion%20vivienda%20autorellenable1.pdf\" target=\"_blank\" rel=\"noreferrer noopener\">Descargar Documento<\/a><\/li>\n<\/ul>\n<\/li>\n\n\n\n<li>&nbsp;En caso de que haya m\u00e1s de un persona empadronada deber\u00e1n cumplimentar y firmar el modelo de autorizaci\u00f3n volante\/certificado colectivo todos los miembros de la hoja padronal. (<a href=\"http:\/\/www.mijas.es\/wp-content\/uploads\/2020\/10\/AUTORIZACION%20VOLANTE%20COLECTIVO%20completo.pdf\">Incluir modelo de autorizaci\u00f3n volante\/certificado colectivo<\/a>)<\/li>\n<\/ul>\n<\/li>\n<\/ul>\n\n\n\n<p> Dado que toda persona que viva en Espa\u00f1a est\u00e1 obligada a inscribirse en  el padr\u00f3n del municipio en el que resida habitualmente, aquellos que  tengan su residencia en Mijas deber\u00e1n solicitar la inscripci\u00f3n en su  padr\u00f3n de habitantes.<\/p>\n\n\n\n<p>\n\tEl Ayuntamiento est\u00e1 facultado para pedir documentos adicionales \nacreditativos del uso del domicilio para comprobar la veracidad de los \ndatos contenidos en el padr\u00f3n municipal. El plazo m\u00e1ximo para resolver \nel empadronamiento es de tres meses a partir de la solicitud, seg\u00fan lo \nestablecido en el art\u00edculo 42.3 de la Ley 30\/92, de 26 de noviembre, de \nR\u00e9gimen Jur\u00eddico de las Administraciones P\u00fablicas y del Procedimiento \nAdministrativo Com\u00fan.<br>\n\tNotas Aclaratorias (*)<\/p>\n\n\n\n<p>\n\t1. Original y copia de toda la documentaci\u00f3n.<br>\n\t2. No se considerar\u00e1n v\u00e1lidos los documentos que figuren con tachaduras, borrones, typex&#8230;<br>\n\t3. Para acreditar la representaci\u00f3n bastar\u00e1 un escrito firmado por el \ninteresado, identificado con su nombre, apellidos, y n\u00famero de DNI o \ndocumento que lo sustituya (se adjuntar\u00e1 copia), en el que se autorice \nal representante, identificado de la misma forma, para el tr\u00e1mite o \nactuaci\u00f3n en concreto que solicite.<\/p>\n\n\n\n<p> <br> <strong>Medios para realizar cualquier tramite de empadronamiento<\/strong><\/p>\n\n\n\n<p>\n\tEl Ayuntamiento de Mijas, a trav\u00e9s del Servicio de Estad\u00edstica, pone a \nsu disposici\u00f3n los siguientes medios para empadronarse o para solicitar \nalg\u00fan cambio en la informaci\u00f3n del Padr\u00f3n de Habitantes:<\/p>\n\n\n\n<p>\n\t<strong>1. Por Internet<\/strong><\/p>\n\n\n\n<p>El tr\u00e1mite podr\u00e1 realizarse por este medio cumplimentando los formularios indicando en los apartados anteriores y adjuntando la documentaci\u00f3n requerida a la Solicitud Gen\u00e9rica que se encuentra en el Registro Electr\u00f3nico del Portal del Contribuyente.<\/p>\n\n\n\n<p> <strong>2. Presencialmente<\/strong><\/p>\n\n\n\n<p> * Directamente acudiendo al Servicio de Atenci\u00f3n Ciudadana en cualquiera de las siguientes oficinas Municipales, a trav\u00e9s de Cita Previa.<\/p>\n\n\n\n<p>\n\t<strong>Casco Antiguo:<\/strong><\/p>\n\n\n\n<p>\n\t* C\/ Virgen De La Pe\u00f1a, s\/n<br>\n\t* Tfno: 952485900 &#8211; Fax: 952.58.90.11<\/p>\n\n\n\n<p>\n\t<strong>La Cala De Mijas:<\/strong><\/p>\n\n\n\n<p>\n\t* C\/ bulevar La Cala, 45 (29649)<br>\n\t* Tfno: 952.49.32.08, Extensiones 6000, 6001,6002 \u2013 Fax: 952.49.41.87<\/p>\n\n\n\n<p>\n\t<br>\n\t<strong>Las Lagunas De Mijas:<\/strong><\/p>\n\n\n\n<p>\n\t* C\/ Rio Adra, 25 (29649)<br>\n\t* Tfno: 952.49.32.08 \u2013 Fax: 952.46.88.71<\/p>\n\n\n\n<p>Para cualquier otra informaci\u00f3n ponerse en contacto con el departamento de estad\u00edstica del Ayuntamiento, al tel\u00e9fono 952485900 con extensiones 3199, 3115 y 3343<\/p>\n","protected":false},"excerpt":{"rendered":"<p>* \u201cSeg\u00fan la Legislaci\u00f3n vigente referente a Protecci\u00f3n de Datos de Car\u00e1cter Personal y conforme a las instrucciones t\u00e9cnicas sobre gesti\u00f3n del padr\u00f3n municipal de habitantes para solicitar un Certificado o Volante de empadronamiento se necesitar\u00e1 autorizaci\u00f3n firmada de todas las personas mayores de edad (en caso de menores tienen que firmar los tutores legales) [&hellip;]<\/p>\n","protected":false},"author":4,"featured_media":13852,"parent":0,"menu_order":0,"comment_status":"closed","ping_status":"closed","template":"page-departamental.php","meta":[],"_links":{"self":[{"href":"https:\/\/www.mijas.es\/portal\/wp-json\/wp\/v2\/pages\/14058"}],"collection":[{"href":"https:\/\/www.mijas.es\/portal\/wp-json\/wp\/v2\/pages"}],"about":[{"href":"https:\/\/www.mijas.es\/portal\/wp-json\/wp\/v2\/types\/page"}],"author":[{"embeddable":true,"href":"https:\/\/www.mijas.es\/portal\/wp-json\/wp\/v2\/users\/4"}],"replies":[{"embeddable":true,"href":"https:\/\/www.mijas.es\/portal\/wp-json\/wp\/v2\/comments?post=14058"}],"version-history":[{"count":51,"href":"https:\/\/www.mijas.es\/portal\/wp-json\/wp\/v2\/pages\/14058\/revisions"}],"predecessor-version":[{"id":61576,"href":"https:\/\/www.mijas.es\/portal\/wp-json\/wp\/v2\/pages\/14058\/revisions\/61576"}],"wp:featuredmedia":[{"embeddable":true,"href":"https:\/\/www.mijas.es\/portal\/wp-json\/wp\/v2\/media\/13852"}],"wp:attachment":[{"href":"https:\/\/www.mijas.es\/portal\/wp-json\/wp\/v2\/media?parent=14058"}],"curies":[{"name":"wp","href":"https:\/\/api.w.org\/{rel}","templated":true}]}}