{"id":14041,"date":"2019-03-29T08:45:46","date_gmt":"2019-03-29T08:45:46","guid":{"rendered":"http:\/\/192.168.0.42\/?page_id=14041"},"modified":"2019-07-19T11:09:48","modified_gmt":"2019-07-19T11:09:48","slug":"parques-y-jardines","status":"publish","type":"page","link":"https:\/\/www.mijas.es\/portal\/parques-y-jardines\/","title":{"rendered":"Parques y jardines de Mijas"},"content":{"rendered":"\n<p><\/p>\n\n\n\n<div class=\"wp-block-image\"><figure class=\"aligncenter is-resized\"><img decoding=\"async\" src=\"https:\/\/www.mijas.es\/wp-content\/uploads\/2019\/04\/esparragal.jpg\" alt=\"\" class=\"wp-image-18040\" width=\"356\" height=\"236\" srcset=\"https:\/\/www.mijas.es\/wp-content\/uploads\/2019\/04\/esparragal.jpg 900w, https:\/\/www.mijas.es\/wp-content\/uploads\/2019\/04\/esparragal-300x200.jpg 300w, https:\/\/www.mijas.es\/wp-content\/uploads\/2019\/04\/esparragal-768x512.jpg 768w\" sizes=\"(max-width: 356px) 100vw, 356px\" \/><\/figure><\/div>\n\n\n\n<p>Mijas cuenta con m\u00e1s de 140.000 m<sup>2<\/sup>\n de parques y jardines p\u00fabllicos, superando la media espa\u00f1ola por \nhabitante en n\u00facleos urbanos. Estos son algunos de los m\u00e1s importantes.<\/p>\n\n\n\n<p>\n\t<strong>Mijas-Pueblo<\/strong><br>\n\tLa Muralla 8.000 m<sup>2<\/sup><br>\n\tPlaza Virgen de la Pe\u00f1a 3.500 m<sup>2<\/sup><br>\n\tFuente de la Seda 10.000 m<sup>2<\/sup><br>\n\tOsunillas 6.000 m<sup>2<\/sup><br>\n\t<br>\n\t<strong>Las Lagunas<\/strong><br>\n\tParque de Recreo El Esparragal 30.000 m<sup>2<\/sup><br>\n\tDo\u00f1a Ermita 11.000 m<sup>2<\/sup><br>\n\tIglesia San Manuel 6.000 m<sup>2<\/sup><br>\n\tZona Colegio El Albero 2.500 m<sup>2<\/sup><br>\n\tZona Parque Acu\u00e1tico 5.000 m<sup>2<\/sup><br>\n\tEl Juncal 3.500 m<sup>2<\/sup><br>\n\tZona Centro Salud 4.500 m<sup>2<\/sup><br>\n\tLas Ca\u00f1adas 2.000 m<sup>2<\/sup><br>\n\tZona Albero 4.000 m<sup>2<\/sup><br>\n\tMolino de Viento 3.500 m<sup>2<\/sup><br>\n\tZona Instituto Sierra de Mijas 4.000 m<sup>2<\/sup><br>\n\t<br>\n\t<strong>La Cala<\/strong><br>\n\tEl Limonar 4.500 m<sup>2<\/sup><br>\n\tJard\u00edn Playa Mijas 2.000 m<sup>2<\/sup><br>\n\tParque Butibamba 5.500 m<sup>2<\/sup><br>\n\tPaseo Central 2.500 m<sup>2<\/sup><\/p>\n\n\n\n<hr class=\"wp-block-separator\"\/>\n\n\n\n<p>\n\t<strong>RUTA BOT\u00c1NICA \u00abLA MURALLA\u00bb<\/strong><\/p>\n\n\n\n<ul><li> Gu\u00eda en Espa\u00f1ol &#8211; <a rel=\"noreferrer noopener\" aria-label=\" (abre en una nueva pesta\u00f1a)\" href=\"https:\/\/www.mijas.es\/files\/adjuntos\/Parques_Jardines\/folleto_ruta_botanica_dic_2018_ESPAOL.pdf\" target=\"_blank\">Descargar<\/a> (PDF)<\/li><li> Guide in English &#8211; <a href=\"https:\/\/www.mijas.es\/files\/adjuntos\/Parques_Jardines\/folleto_ruta_botanica_dic_2018_INGLES.pdf\" target=\"_blank\" rel=\"noreferrer noopener\" aria-label=\" (abre en una nueva pesta\u00f1a)\">Download<\/a> (PDF)<\/li><\/ul>\n\n\n\n<figure class=\"wp-block-image is-resized\"><a href=\"https:\/\/www.mijas.es\/files\/imagen\/servicios\/parques\/portada_ruta_botanica_ESPAOL.jpg\" target=\"_blank\" rel=\"noreferrer noopener\"><img decoding=\"async\" src=\"https:\/\/www.mijas.es\/files\/imagen\/servicios\/parques\/portada_ruta_botanica_ESPAOL.jpg\" alt=\"\" width=\"347\" height=\"246\"\/><\/a><\/figure>\n","protected":false},"excerpt":{"rendered":"<p>Mijas cuenta con m\u00e1s de 140.000 m2 de parques y jardines p\u00fabllicos, superando la media espa\u00f1ola por habitante en n\u00facleos urbanos. Estos son algunos de los m\u00e1s importantes. Mijas-Pueblo La Muralla 8.000 m2 Plaza Virgen de la Pe\u00f1a 3.500 m2 Fuente de la Seda 10.000 m2 Osunillas 6.000 m2 Las Lagunas Parque de Recreo El [&hellip;]<\/p>\n","protected":false},"author":4,"featured_media":13852,"parent":0,"menu_order":0,"comment_status":"closed","ping_status":"closed","template":"page-departamental.php","meta":[],"_links":{"self":[{"href":"https:\/\/www.mijas.es\/portal\/wp-json\/wp\/v2\/pages\/14041"}],"collection":[{"href":"https:\/\/www.mijas.es\/portal\/wp-json\/wp\/v2\/pages"}],"about":[{"href":"https:\/\/www.mijas.es\/portal\/wp-json\/wp\/v2\/types\/page"}],"author":[{"embeddable":true,"href":"https:\/\/www.mijas.es\/portal\/wp-json\/wp\/v2\/users\/4"}],"replies":[{"embeddable":true,"href":"https:\/\/www.mijas.es\/portal\/wp-json\/wp\/v2\/comments?post=14041"}],"version-history":[{"count":12,"href":"https:\/\/www.mijas.es\/portal\/wp-json\/wp\/v2\/pages\/14041\/revisions"}],"predecessor-version":[{"id":24295,"href":"https:\/\/www.mijas.es\/portal\/wp-json\/wp\/v2\/pages\/14041\/revisions\/24295"}],"wp:featuredmedia":[{"embeddable":true,"href":"https:\/\/www.mijas.es\/portal\/wp-json\/wp\/v2\/media\/13852"}],"wp:attachment":[{"href":"https:\/\/www.mijas.es\/portal\/wp-json\/wp\/v2\/media?parent=14041"}],"curies":[{"name":"wp","href":"https:\/\/api.w.org\/{rel}","templated":true}]}}