{"id":13990,"date":"2019-03-28T12:55:38","date_gmt":"2019-03-28T12:55:38","guid":{"rendered":"http:\/\/192.168.0.42\/?page_id=13990"},"modified":"2024-02-23T17:08:13","modified_gmt":"2024-02-23T16:08:13","slug":"bomberos","status":"publish","type":"page","link":"https:\/\/www.mijas.es\/portal\/bomberos\/","title":{"rendered":"Departamento de Bomberos"},"content":{"rendered":"<div class=\"wp-block-image\">\n<figure class=\"aligncenter is-resized\"><img decoding=\"async\" src=\"https:\/\/www.mijas.es\/files\/imagen\/servicios\/bomberos\/escudo-mijas.jpg\" alt=\"Escudo\" width=\"278\" height=\"336\"\/><\/figure><\/div>\n\n\n<p>                                <\/p>\n\n\n\n<p> El Cuerpo de Bomberos de Mijas, compuesto por 33 funcionarios,  desarrolla las funciones de Prevenci\u00f3n, Extinci\u00f3n de Incendios y  Salvamentos en el t\u00e9rmino Municipal de Mijas.<\/p>\n\n\n\n<p>\n\tEste Servicio atiende una media de 550 actuaciones anuales, lo que \nsupone el deber de trabajar la Prevenci\u00f3n como herramienta para reducir \nla siniestralidad. Desde el a\u00f1o 2015, el Cuerpo cuenta con un Servicio \nde Prevenci\u00f3n, que atiende esta materia, realizando inspecciones, \nrequerimientos de complimiento normativo y redacci\u00f3n de planes de \nAutoprotecci\u00f3n y Emergencias.<\/p>\n\n\n\n<p>\n\tEl Cuerpo de Bomberos de Mijas en la actualidad, se encuentra de forma \nprovisional en unas instalaciones adaptadas a las necesidades de \nfuncionalidad y operatividad b\u00e1sicas, que han sido remodeladas a fin de \ndar mayor eficacia, confortabilidad y eficiencia. Su parque m\u00f3vil est\u00e1 \nconstituido por 2 Bombas Urbanas Ligeras, 1 Bomba Rural Pesada, 1 Bomba \nForestal Pesada, 2 veh\u00edculos de transporte de personal y mando y 1 \nveh\u00edculo de Jefatura y Coordinaci\u00f3n<\/p>\n\n\n\n<p>\n\tExisten varias \u00c1reas de atenci\u00f3n:<\/p>\n\n\n\n<ul>\n<li>\n\t\tSala de Comunicaciones y Emergencias, con atenci\u00f3n a las incidencias o\n emergencias y la gesti\u00f3n de las mismas mediante los sistemas 112 \nEmergencias Andaluc\u00eda y sistema integrado SOS (App ciudadana).<\/li>\n\n\n\n<li>\n\t\tAdministrativa, de atenci\u00f3n al ciudadano y gesti\u00f3n interna del \nServicio. Comunicaciones de quemas, emisi\u00f3n de informes y derivaci\u00f3n de \nconsultas t\u00e9cnicas. En el Parque de Bomberos y al tel\u00e9fono 952 58 63 12<\/li>\n\n\n\n<li>\n\t\tDepartamento de Prevenci\u00f3n, para atenci\u00f3n a la prevenci\u00f3n de incendios\n y riesgos derivados. Emisi\u00f3n de informes de peligrosidad y riesgo, \nplanificaci\u00f3n de la autoprotecci\u00f3n y emergencias. En el Parque de \nBomberos y al tel\u00e9fono 952 58 63 12<\/li>\n<\/ul>\n\n\n\n<h5 class=\"wp-block-heading\">\n\tContacto Central de Bomberos<\/h5>\n\n\n\n<ul>\n<li> <strong>Direcci\u00f3n: <\/strong>Camino Viejo de Co\u00edn 27, Las Lagunas<\/li>\n\n\n\n<li> <strong>Tel\u00e9fono: <\/strong>952 58 63 82<\/li>\n\n\n\n<li> <strong>E-mail:<\/strong> <a href=\"mailto:bomberos@mijas.es\">bomberos@mijas.es<\/a><\/li>\n<\/ul>\n\n\n<div class=\"wp-block-image\">\n<figure class=\"aligncenter is-resized\"><img decoding=\"async\" src=\"https:\/\/www.mijas.es\/files\/imagen\/servicios\/bomberos\/bomberos-1.PNG\" alt=\"\" width=\"818\" height=\"615\"\/><\/figure><\/div>\n\n<div class=\"wp-block-image\">\n<figure class=\"aligncenter is-resized\"><img decoding=\"async\" src=\"https:\/\/www.mijas.es\/files\/imagen\/servicios\/bomberos\/bomberos-2.PNG\" alt=\"\" width=\"887\" height=\"394\"\/><\/figure><\/div>","protected":false},"excerpt":{"rendered":"<p>El Cuerpo de Bomberos de Mijas, compuesto por 33 funcionarios, desarrolla las funciones de Prevenci\u00f3n, Extinci\u00f3n de Incendios y Salvamentos en el t\u00e9rmino Municipal de Mijas. Este Servicio atiende una media de 550 actuaciones anuales, lo que supone el deber de trabajar la Prevenci\u00f3n como herramienta para reducir la siniestralidad. Desde el a\u00f1o 2015, el [&hellip;]<\/p>\n","protected":false},"author":4,"featured_media":13852,"parent":0,"menu_order":0,"comment_status":"closed","ping_status":"closed","template":"page-departamental.php","meta":[],"_links":{"self":[{"href":"https:\/\/www.mijas.es\/portal\/wp-json\/wp\/v2\/pages\/13990"}],"collection":[{"href":"https:\/\/www.mijas.es\/portal\/wp-json\/wp\/v2\/pages"}],"about":[{"href":"https:\/\/www.mijas.es\/portal\/wp-json\/wp\/v2\/types\/page"}],"author":[{"embeddable":true,"href":"https:\/\/www.mijas.es\/portal\/wp-json\/wp\/v2\/users\/4"}],"replies":[{"embeddable":true,"href":"https:\/\/www.mijas.es\/portal\/wp-json\/wp\/v2\/comments?post=13990"}],"version-history":[{"count":10,"href":"https:\/\/www.mijas.es\/portal\/wp-json\/wp\/v2\/pages\/13990\/revisions"}],"predecessor-version":[{"id":54602,"href":"https:\/\/www.mijas.es\/portal\/wp-json\/wp\/v2\/pages\/13990\/revisions\/54602"}],"wp:featuredmedia":[{"embeddable":true,"href":"https:\/\/www.mijas.es\/portal\/wp-json\/wp\/v2\/media\/13852"}],"wp:attachment":[{"href":"https:\/\/www.mijas.es\/portal\/wp-json\/wp\/v2\/media?parent=13990"}],"curies":[{"name":"wp","href":"https:\/\/api.w.org\/{rel}","templated":true}]}}