{"id":13946,"date":"2019-03-28T11:07:24","date_gmt":"2019-03-28T11:07:24","guid":{"rendered":"http:\/\/192.168.0.42\/?page_id=13946"},"modified":"2025-08-21T06:50:52","modified_gmt":"2025-08-21T05:50:52","slug":"mayores","status":"publish","type":"page","link":"https:\/\/www.mijas.es\/portal\/mayores\/","title":{"rendered":"MAYORES"},"content":{"rendered":"\n<p><strong>VIAJE DE MAYORES 2025<\/strong><\/p>\n\n\n\n<p><strong>PRESENTACI\u00d3N<\/strong><\/p>\n\n\n\n<p>Desde un punto de vista antropol\u00f3gico y familiar, los mayores son parte de nuestra identidad y de nuestra historia personal, nos han dado la vida, somos parte de sus genes. Hay una relaci\u00f3n de permanente deuda con ellos, pues nos han dado algo que no podemos devolver en t\u00e9rminos estrictos de justicia. Si hubiera que sintetizar en una palabra su contribuci\u00f3n a la vida personal y familiar dir\u00edamos que los mayores son una referencia segura de nuestra propia identidad.<\/p>\n\n\n\n<p>Para una sociedad, para un pueblo, para un pa\u00eds, los mayores son su memoria, los portadores de una experiencia de vida.<\/p>\n\n\n\n<p>Es por ello que desde este departamento queremos contribuir a un mejor envejecimiento activo y saludable, la finalidad es promover que el envejecimiento de nuestra poblaci\u00f3n de Mijas, se produzca con la m\u00e1xima capacidad funcional y con la mayor calidad de vida, de manera que las personas mayores permanezcan activas, aut\u00f3nomas e independientes durante el mayor tiempo posible, mantener los contactos, no aislarse, ser \u00fatil a los dem\u00e1s.<\/p>\n\n\n\n<p>Con nuestros talleres,&nbsp; salidas de viajes y excursiones, contribuimos a una mejor calidad de vida y junto&nbsp; al ejercicio se&nbsp; contribuye a mejorar el estado f\u00edsico y mental de las personas como factor de protecci\u00f3n, mantenimiento y promoci\u00f3n de la salud, el bienestar y la calidad de vida de las personas mayores al reducir los niveles de estr\u00e9s y mejorar la cognici\u00f3n, la capacidad de pensar y de no perder lo que se conoce como habilidades funcionales que nos permiten sentirnos joviales y aminorar el nivel de dependencia con respecto a otras personas.<\/p>\n\n\n\n<p>En definitiva, aprender que la jubilaci\u00f3n se puede plantear como el comienzo de otra etapa, en la que hay que disfrutar de la vida y del tiempo libre y desarrollar aficiones.<\/p>\n\n\n\n<figure class=\"wp-block-image size-large\"><img decoding=\"async\" width=\"660\" height=\"268\" src=\"https:\/\/www.mijas.es\/wp-content\/uploads\/2020\/11\/Presentacion.jpg\" alt=\"\" class=\"wp-image-33591\" srcset=\"https:\/\/www.mijas.es\/wp-content\/uploads\/2020\/11\/Presentacion.jpg 660w, https:\/\/www.mijas.es\/wp-content\/uploads\/2020\/11\/Presentacion-300x122.jpg 300w\" sizes=\"(max-width: 660px) 100vw, 660px\" \/><\/figure>\n","protected":false},"excerpt":{"rendered":"<p>VIAJE DE MAYORES 2025 PRESENTACI\u00d3N Desde un punto de vista antropol\u00f3gico y familiar, los mayores son parte de nuestra identidad y de nuestra historia personal, nos han dado la vida, somos parte de sus genes. Hay una relaci\u00f3n de permanente deuda con ellos, pues nos han dado algo que no podemos devolver en t\u00e9rminos estrictos [&hellip;]<\/p>\n","protected":false},"author":4,"featured_media":13852,"parent":0,"menu_order":0,"comment_status":"closed","ping_status":"closed","template":"page-departamental.php","meta":[],"_links":{"self":[{"href":"https:\/\/www.mijas.es\/portal\/wp-json\/wp\/v2\/pages\/13946"}],"collection":[{"href":"https:\/\/www.mijas.es\/portal\/wp-json\/wp\/v2\/pages"}],"about":[{"href":"https:\/\/www.mijas.es\/portal\/wp-json\/wp\/v2\/types\/page"}],"author":[{"embeddable":true,"href":"https:\/\/www.mijas.es\/portal\/wp-json\/wp\/v2\/users\/4"}],"replies":[{"embeddable":true,"href":"https:\/\/www.mijas.es\/portal\/wp-json\/wp\/v2\/comments?post=13946"}],"version-history":[{"count":25,"href":"https:\/\/www.mijas.es\/portal\/wp-json\/wp\/v2\/pages\/13946\/revisions"}],"predecessor-version":[{"id":62018,"href":"https:\/\/www.mijas.es\/portal\/wp-json\/wp\/v2\/pages\/13946\/revisions\/62018"}],"wp:featuredmedia":[{"embeddable":true,"href":"https:\/\/www.mijas.es\/portal\/wp-json\/wp\/v2\/media\/13852"}],"wp:attachment":[{"href":"https:\/\/www.mijas.es\/portal\/wp-json\/wp\/v2\/media?parent=13946"}],"curies":[{"name":"wp","href":"https:\/\/api.w.org\/{rel}","templated":true}]}}