{"id":13936,"date":"2019-03-28T10:30:35","date_gmt":"2019-03-28T10:30:35","guid":{"rendered":"http:\/\/192.168.0.42\/?page_id=13936"},"modified":"2024-02-23T16:26:13","modified_gmt":"2024-02-23T15:26:13","slug":"departamento-de-drogodependencia","status":"publish","type":"page","link":"https:\/\/www.mijas.es\/portal\/departamento-de-drogodependencia\/","title":{"rendered":"Departamento de Drogodependencia"},"content":{"rendered":"\n<p>\n\tLa Concejal\u00eda de drogodependencias desde el \u00e1mbito de sus competencias,\n interviene en el municipio desde la prevenci\u00f3n, atenci\u00f3n e \nincorporaci\u00f3n social con la colaboraci\u00f3n de la Junta de Andaluc\u00eda y la \nDiputaci\u00f3n Provincial de M\u00e1laga.<\/p>\n\n\n\n<p>\n\t<strong>PREVENCI\u00d3N<\/strong><\/p>\n\n\n\n<p>\n\tEl fen\u00f3meno del consumo de drogas y otras adicciones es cambiante y ha \nvariado en los \u00faltimos a\u00f1os: aparecen nuevas sustancias, se desarrollan \ncomportamientos adictivos, disminuye la edad de inicio del consumo y se \nproducen problemas a edades cada vez m\u00e1s tempranas. Todo ello hace que \nla prevenci\u00f3n, dirigida a toda la poblaci\u00f3n, se convierta en una \nherramienta b\u00e1sica y necesaria.<br>\n\t&nbsp;<br>\n\tPara realizar actividades preventivas, la implicaci\u00f3n de toda la \npoblaci\u00f3n en la consecuci\u00f3n de nuestro objetivo es fundamental: evitar \ny\/o reducir los da\u00f1os asociados al uso indebido o abuso de drogas y los \ncomportamientos adictivos.<br>\n\t&nbsp;<br>\n\tTodos podemos contribuir a generar estrategias de prevenci\u00f3n: la \nfamilia, asociaciones vecinales y otros colectivos sociales, agentes \neducativos del joven, empresarios y hosteleros, etc.<br>\n\t&nbsp;<br>\n\tA trav\u00e9s del Servicio Municipal de Prevenci\u00f3n comunitaria de las \nadicciones, se ponen en marcha todas aquellas actividades dirigidas a la\n comunidad encaminadas a limitar, y en su caso eliminar, la oferta y la \ndemanda de drogas, as\u00ed como las consecuencias da\u00f1inas asociadas a su \nconsumo, tanto de drogas legales como ilegales.<\/p>\n\n\n\n<p>\n\tOBJETIVOS<\/p>\n\n\n\n<ul>\n<li>\n\t\tOfrecer una respuesta concreta y eficaz ante los riesgos asociados al fen\u00f3meno de las drogodependencias y otras adicciones.<\/li>\n\n\n\n<li>\n\t\tProporcionar a la comunidad recursos para su capacitaci\u00f3n y \nfortalecimiento como espacio preventivo para construir un municipio m\u00e1s \nsaludable<\/li>\n\n\n\n<li>\n\t\tEvitar o atrasar el consumo de drogas entre la poblaci\u00f3n de j\u00f3venes \nescolarizados del municipio, as\u00ed como reducir los da\u00f1os asociados al \nabuso y\/o uso indebido de drogas.<\/li>\n\n\n\n<li>\n\t\tDiagnosticar y abordar la aparici\u00f3n de problemas asociados a \ncomportamientos adictivos: ludopat\u00eda (adicci\u00f3n al juego), adicci\u00f3n a \nvideojuegos, etc.<\/li>\n\n\n\n<li>\n\t\tObtener datos actualizados de los patrones de consumo de drogas y conductas adictivas entre la poblaci\u00f3n en general.<\/li>\n<\/ul>\n\n\n\n<p>\n\tDesde el medio educativo:<br>\n\t&nbsp;<br>\n\tImplantaci\u00f3n, seguimiento y evaluaci\u00f3n de programas de prevenci\u00f3n en \nlos Centros Educativos de Educaci\u00f3n Primaria y Secundaria del municipio.<\/p>\n\n\n\n<p>\n\tColaborar y apoyar a los centros educativos con actividades que \ncomplementen los programas de prevenci\u00f3n de las drogodependencias y \notras adicciones.<\/p>\n\n\n\n<p>\n\tCreaci\u00f3n de un Equipo de Prevenci\u00f3n en cada Centro Educativo formado por padres, profesores y t\u00e9cnicos especializados.<\/p>\n\n\n\n<p>\n\tRealizaci\u00f3n de sesiones formativas peri\u00f3dicas b\u00e1sicas y espec\u00edficas \nsobre drogodependencias y otras adicciones con el profesorado.<\/p>\n\n\n\n<p>\n\tElaborar un plan de intervenci\u00f3n dirigido a los j\u00f3venes que participan en contextos de educaci\u00f3n no formal.<br>\n\t&nbsp;<br>\n\tDesde la familia:<br>\n\t&nbsp;<br>\n\tRealizaci\u00f3n de Talleres formativos continuos dirigidos a los padres y \nmadres sobre la educaci\u00f3n para la salud, con especial dedicaci\u00f3n a \nproporcionar recursos y habilidades para detectar factores de riesgo \nante el inicio del consumo de drogas y otros comportamientos adictivos y\n su abordaje desde la familia.<\/p>\n\n\n\n<p>\n\tProporcionar recursos y asistencia t\u00e9cnica,&nbsp; en colaboraci\u00f3n con \ndiferentes administraciones a familias que demanden una intervenci\u00f3n \nespecializada.<br>\n\t&nbsp;<br>\n\tDesde la comunidad:<br>\n\t&nbsp;<br>\n\t&nbsp;El dise\u00f1o, la planificaci\u00f3n y la ejecuci\u00f3n coordinada de actuaciones \nformativas b\u00e1sicas y espec\u00edficas en materia de prevenci\u00f3n de las \nadicciones<\/p>\n\n\n\n<p>\n\tCreaci\u00f3n de redes formadas por colectivos sociales que promuevan un estilo de vida saludable.<\/p>\n\n\n\n<p>\n\tCampa\u00f1as de sensibilizaci\u00f3n social hacia el fen\u00f3meno de las adicciones \nen general y a la creaci\u00f3n de pautas preventivas en particular.<\/p>\n\n\n\n<p>\n\tDesarrollar acciones de dinamizaci\u00f3n con colectivos juveniles para \ncrear actividades de ocio y tiempo libre desde la educaci\u00f3n para la \nsalud.<\/p>\n\n\n\n<p>\n\tLimitar el acceso de los menores al alcohol y el tabaco<\/p>\n\n\n\n<p>\n\t<strong>ATENCI\u00d3N E INCORPORACI\u00d3N SOCIAL<\/strong><\/p>\n\n\n\n<figure class=\"wp-block-image\"><img decoding=\"async\" src=\"https:\/\/www.mijas.es\/files\/imagen\/servicios\/drogodependencia\/a9631_ambdrogo.png\" alt=\"\"\/><\/figure>\n\n\n\n<p>\n\tEl\n Centro de Tratamiento Ambulatorio de Adicciones de Mijas es un recurso \nespecializado en la atenci\u00f3n a las personas con problemas derivados del \nconsumo de drogas y de otras adicciones no qu\u00edmicas de la Diputaci\u00f3n \nProvincial de M\u00e1laga.<\/p>\n\n\n\n<figure><iframe src=\"https:\/\/maps.google.es\/maps?hl=es&amp;ie=UTF8&amp;ll=36.541428,-4.634441&amp;spn=0.000933,0.002064&amp;t=m&amp;z=20&amp;output=embed\" width=\"310\" height=\"255\"><\/iframe><\/figure>\n\n\n\n<p>\n\t<br>\n\t<a href=\"http:\/\/maps.google.es\/maps?hl=es&amp;ie=UTF8&amp;ll=36.541428,-4.634441&amp;spn=0.000933,0.002064&amp;t=m&amp;z=20&amp;source=embed\">Ver mapa m\u00e1s grande<\/a><\/p>\n\n\n\n<p>\n\tDirecci\u00f3n : C\/ San Alfonso s\/n Las Lagunas<br>\n\tTelf.: 952 581 479<\/p>\n\n\n\n<p>\n\tObjetivos generales<\/p>\n\n\n\n<ul>\n<li>\n\t\tEvitar y retrasar la edad de inicio del consumo de sustancia psicoactivas<\/li>\n\n\n\n<li>\n\t\tDisminuir los da\u00f1os y riesgos asociados al uso de sustancias<\/li>\n\n\n\n<li>\n\t\tAtender a las personas con problemas sociales y\/o sanitarios derivados\n de su adicci\u00f3n o de los patrones de consumo de las mismas<\/li>\n\n\n\n<li>\n\t\tFavorecer la normalizaci\u00f3n social y la incorporaci\u00f3n a la vida \nciudadana en pleno derecho de las personas con problemas de \ndrogodependencias u otras adicciones en situaci\u00f3n de exclusi\u00f3n social<\/li>\n\n\n\n<li>\n\t\tMejorar la informaci\u00f3n y la formaci\u00f3n de profesionales y de la poblaci\u00f3n den general<\/li>\n<\/ul>\n\n\n\n<p>\n\t\u00c1reas de Actuaci\u00f3n<\/p>\n\n\n\n<ul>\n<li>\n\t\t\u00c1rea de Prevenci\u00f3n<\/li>\n\n\n\n<li>\n\t\t\u00c1rea de Atenci\u00f3n socio sanitaria<\/li>\n\n\n\n<li>\n\t\t\u00c1rea de Incorporaci\u00f3n Social<\/li>\n\n\n\n<li>\n\t\t\u00c1rea de reducci\u00f3n de riesgos y da\u00f1os<\/li>\n\n\n\n<li>\n\t\t\u00c1rea de sistemas de informaci\u00f3n. Formaci\u00f3n e investigaci\u00f3n<\/li>\n<\/ul>\n\n\n\n<figure class=\"wp-block-image\"><img alt=\"\"\/><\/figure>\n\n\n\n<p>\n\tEl\n Centro de Tratamiento Mijas con car\u00e1cter residencial, perteneciente a \nla Agencia de Servicios Sociales y Dependencia de Andaluc\u00eda de la \nConsejer\u00eda de Igualdad y Bienestar Social de la Junta de Andaluc\u00eda.<br>\n\tCertificado de calidad seg\u00fan la &nbsp;Norma UNE-EN ISO 9001:2008 Sistema de Gesti\u00f3n de Calidad.&nbsp;<br>\n\tEn este Centro, se atiende a personas con problemas de \ndrogodependencias y adicciones, llevando a cabo un tratamiento integral \n(m\u00e9dico, psicol\u00f3gico, socioeducativo, etc.).<br>\n\tEl ingreso ,se realiza por derivaci\u00f3n de los Centros de Tratamiento \nAmbulatorios p\u00fablicos y concertados de la red andaluza para la atenci\u00f3n a\n las drogodependencias y adicciones<\/p>\n","protected":false},"excerpt":{"rendered":"<p>La Concejal\u00eda de drogodependencias desde el \u00e1mbito de sus competencias, interviene en el municipio desde la prevenci\u00f3n, atenci\u00f3n e incorporaci\u00f3n social con la colaboraci\u00f3n de la Junta de Andaluc\u00eda y la Diputaci\u00f3n Provincial de M\u00e1laga. PREVENCI\u00d3N El fen\u00f3meno del consumo de drogas y otras adicciones es cambiante y ha variado en los \u00faltimos a\u00f1os: aparecen [&hellip;]<\/p>\n","protected":false},"author":4,"featured_media":13852,"parent":0,"menu_order":0,"comment_status":"closed","ping_status":"closed","template":"page-departamental.php","meta":[],"_links":{"self":[{"href":"https:\/\/www.mijas.es\/portal\/wp-json\/wp\/v2\/pages\/13936"}],"collection":[{"href":"https:\/\/www.mijas.es\/portal\/wp-json\/wp\/v2\/pages"}],"about":[{"href":"https:\/\/www.mijas.es\/portal\/wp-json\/wp\/v2\/types\/page"}],"author":[{"embeddable":true,"href":"https:\/\/www.mijas.es\/portal\/wp-json\/wp\/v2\/users\/4"}],"replies":[{"embeddable":true,"href":"https:\/\/www.mijas.es\/portal\/wp-json\/wp\/v2\/comments?post=13936"}],"version-history":[{"count":5,"href":"https:\/\/www.mijas.es\/portal\/wp-json\/wp\/v2\/pages\/13936\/revisions"}],"predecessor-version":[{"id":54778,"href":"https:\/\/www.mijas.es\/portal\/wp-json\/wp\/v2\/pages\/13936\/revisions\/54778"}],"wp:featuredmedia":[{"embeddable":true,"href":"https:\/\/www.mijas.es\/portal\/wp-json\/wp\/v2\/media\/13852"}],"wp:attachment":[{"href":"https:\/\/www.mijas.es\/portal\/wp-json\/wp\/v2\/media?parent=13936"}],"curies":[{"name":"wp","href":"https:\/\/api.w.org\/{rel}","templated":true}]}}