{"id":13836,"date":"2019-03-27T11:36:49","date_gmt":"2019-03-27T11:36:49","guid":{"rendered":"http:\/\/192.168.0.42\/?page_id=13836"},"modified":"2019-05-29T10:35:50","modified_gmt":"2019-05-29T10:35:50","slug":"presupuestos-participativos","status":"publish","type":"page","link":"https:\/\/www.mijas.es\/portal\/participacion-ciudadana\/presupuestos-participativos\/","title":{"rendered":"Presupuestos participativos"},"content":{"rendered":"\n<p> El Ayuntamiento de Mijas est\u00e1 desarrollando una experiencia piloto de<br> Presupuestos Participativos. Para llevarla a cabo se han reservado un<br> mill\u00f3n y medio de euros del presupuesto municipal del&nbsp; a\u00f1o 2019. Se<br> gastar\u00e1n en los proyectos&nbsp; que&nbsp; ha decidido la ciudadan\u00eda durante la primera fase de ejecuci\u00f3n del proyecto a trav\u00e9s de<br> una votaci\u00f3n&nbsp;<strong>directa y vinculante<\/strong>.<\/p>\n\n\n\n<p>\n\t<strong>Las propuestas se realizar\u00e1n para cada n\u00facleo de poblaci\u00f3n y sus diseminados y urbanizaciones:<\/strong><\/p>\n\n\n\n<figure class=\"wp-block-image is-resized\"><a href=\"https:\/\/www.mijas.es\/files\/imagen\/servicios\/ciudadana\/mapa.jpg\" target=\"_blank\" rel=\"noreferrer noopener\"><img decoding=\"async\" src=\"https:\/\/www.mijas.es\/files\/imagen\/servicios\/ciudadana\/mapa.jpg\" alt=\"\" width=\"279\" height=\"218\"\/><\/a><\/figure>\n\n\n\n<ul><li>\n\t\tFolleto &#8211; <a href=\"https:\/\/www.mijas.es\/files\/adjuntos\/Asociaciones\/folleto_presupuestos_participativos.pdf\" target=\"_blank\" rel=\"noreferrer noopener\">Descargar<\/a> (PDF) In English &#8211; <a href=\"https:\/\/www.mijas.es\/files\/adjuntos\/Asociaciones\/Folleto_Mijas_English.pdf\" target=\"_blank\" rel=\"noreferrer noopener\">Download<\/a> (PDF)<\/li><li>\n\t\tSolicitud &#8211; <a href=\"https:\/\/www.mijas.es\/files\/adjuntos\/Asociaciones\/HOJA_DE_RECOGIDA_DEFINITIVA.pdf\" target=\"_blank\" rel=\"noreferrer noopener\">Descargar<\/a> (PDF)<\/li><li>\n\t\tHola de recogida de firmas &#8211; <a href=\"https:\/\/www.mijas.es\/files\/adjuntos\/Asociaciones\/English__Espanol_hoja_Apoyos_Mijas.pdf\" target=\"_blank\" rel=\"noreferrer noopener\">Descargar<\/a> (PDF)<\/li><li>\n\t\tAsambleas abiertas &#8211; <a href=\"https:\/\/www.mijas.es\/images\/imagenes_contenidos\/participacion\/IMG_3765.JPG\" target=\"_blank\" rel=\"noreferrer noopener\">Ver<\/a> (Imagen)<\/li><li>\n\t\t\u00bfQu\u00e9 se puede proponer? &#8211; <a href=\"https:\/\/www.mijas.es\/files\/adjuntos\/ParticipacionCiudadana\/Que_se_puede_proponer_.pdf\" target=\"_blank\" rel=\"noreferrer noopener\">Descargar <\/a>(PDF)<\/li><li>\n\t\tActas de las Asambleas Informativas de propuestas realizadas\n\t\t<ul><li>\n\t\t\t\tLas Lagunas &#8211; <a href=\"https:\/\/www.mijas.es\/files\/adjuntos\/ACTA_ASAMBLEA_INFORMATIVA_LAS_LAGUNAS.pdf\" target=\"_blank\" rel=\"noreferrer noopener\">Descargar <\/a>(PDF)<\/li><li>\n\t\t\t\tMijas Pueblo &#8211; <a href=\"https:\/\/www.mijas.es\/files\/adjuntos\/ACTA_ASAMBLEA_INFORMATIVA_MIJAS_PUEBLO.pdf\" target=\"_blank\" rel=\"noreferrer noopener\">Descargar <\/a>(PDF)<\/li><li>\n\t\t\t\tLa Cala &#8211; <a href=\"https:\/\/www.mijas.es\/files\/adjuntos\/ACTA_ASAMBLEA_INFORMATIVA_LA_CALA.pdf\" target=\"_blank\" rel=\"noreferrer noopener\">Descargar <\/a>(PDF)<\/li><\/ul>\n\t<\/li><li>\n\t\tListado de las Propuestas ciudadanas presentadas &#8211; <a href=\"https:\/\/www.mijas.es\/files\/adjuntos\/LISTADO_DE_PROPUESTAS_POR_ZONAS.pdf\">Descargar <\/a>(PDF)<\/li><li>\n\t\tResultado del proceso de Presupuestos Participativos &#8211; <a href=\"https:\/\/www.mijas.es\/files\/adjuntos\/ParticipacionCiudadana\/RESULTADO_DE_PRESUPUESTOS_PARTICIPATIVOS_2019.pdf\">Descargar<\/a> (PDF)<\/li><\/ul>\n","protected":false},"excerpt":{"rendered":"<p>El Ayuntamiento de Mijas est\u00e1 desarrollando una experiencia piloto de Presupuestos Participativos. Para llevarla a cabo se han reservado un mill\u00f3n y medio de euros del presupuesto municipal del&nbsp; a\u00f1o 2019. Se gastar\u00e1n en los proyectos&nbsp; que&nbsp; ha decidido la ciudadan\u00eda durante la primera fase de ejecuci\u00f3n del proyecto a trav\u00e9s de una votaci\u00f3n&nbsp;directa y [&hellip;]<\/p>\n","protected":false},"author":4,"featured_media":13811,"parent":13805,"menu_order":0,"comment_status":"closed","ping_status":"closed","template":"page-departamental.php","meta":[],"_links":{"self":[{"href":"https:\/\/www.mijas.es\/portal\/wp-json\/wp\/v2\/pages\/13836"}],"collection":[{"href":"https:\/\/www.mijas.es\/portal\/wp-json\/wp\/v2\/pages"}],"about":[{"href":"https:\/\/www.mijas.es\/portal\/wp-json\/wp\/v2\/types\/page"}],"author":[{"embeddable":true,"href":"https:\/\/www.mijas.es\/portal\/wp-json\/wp\/v2\/users\/4"}],"replies":[{"embeddable":true,"href":"https:\/\/www.mijas.es\/portal\/wp-json\/wp\/v2\/comments?post=13836"}],"version-history":[{"count":4,"href":"https:\/\/www.mijas.es\/portal\/wp-json\/wp\/v2\/pages\/13836\/revisions"}],"predecessor-version":[{"id":24180,"href":"https:\/\/www.mijas.es\/portal\/wp-json\/wp\/v2\/pages\/13836\/revisions\/24180"}],"up":[{"embeddable":true,"href":"https:\/\/www.mijas.es\/portal\/wp-json\/wp\/v2\/pages\/13805"}],"wp:featuredmedia":[{"embeddable":true,"href":"https:\/\/www.mijas.es\/portal\/wp-json\/wp\/v2\/media\/13811"}],"wp:attachment":[{"href":"https:\/\/www.mijas.es\/portal\/wp-json\/wp\/v2\/media?parent=13836"}],"curies":[{"name":"wp","href":"https:\/\/api.w.org\/{rel}","templated":true}]}}

<p> El Ayuntamiento de Mijas está desarrollando una experiencia piloto de<br> Presupuestos Participativos. Para llevarla a cabo se han reservado un<br> millón y medio de euros del presupuesto municipal del&nbsp; año 2019. Se<br> gastarán en los proyectos&nbsp; que&nbsp; ha decidido la ciudadanía durante la primera fase de ejecución del proyecto a través de<br> una votación&nbsp;<strong>directa y vinculante</strong>.</p>



<p>
	<strong>Las propuestas se realizarán para cada núcleo de población y sus diseminados y urbanizaciones:</strong></p>



<figure class="wp-block-image is-resized"><a href="https://www.mijas.es/files/imagen/servicios/ciudadana/mapa.jpg" target="_blank" rel="noreferrer noopener"><img decoding="async" src="https://www.mijas.es/files/imagen/servicios/ciudadana/mapa.jpg" alt="" width="279" height="218"/></a></figure>



<ul><li>
		Folleto &#8211; <a href="https://www.mijas.es/files/adjuntos/Asociaciones/folleto_presupuestos_participativos.pdf" target="_blank" rel="noreferrer noopener">Descargar</a> (PDF) In English &#8211; <a href="https://www.mijas.es/files/adjuntos/Asociaciones/Folleto_Mijas_English.pdf" target="_blank" rel="noreferrer noopener">Download</a> (PDF)</li><li>
		Solicitud &#8211; <a href="https://www.mijas.es/files/adjuntos/Asociaciones/HOJA_DE_RECOGIDA_DEFINITIVA.pdf" target="_blank" rel="noreferrer noopener">Descargar</a> (PDF)</li><li>
		Hola de recogida de firmas &#8211; <a href="https://www.mijas.es/files/adjuntos/Asociaciones/English__Espanol_hoja_Apoyos_Mijas.pdf" target="_blank" rel="noreferrer noopener">Descargar</a> (PDF)</li><li>
		Asambleas abiertas &#8211; <a href="https://www.mijas.es/images/imagenes_contenidos/participacion/IMG_3765.JPG" target="_blank" rel="noreferrer noopener">Ver</a> (Imagen)</li><li>
		¿Qué se puede proponer? &#8211; <a href="https://www.mijas.es/files/adjuntos/ParticipacionCiudadana/Que_se_puede_proponer_.pdf" target="_blank" rel="noreferrer noopener">Descargar </a>(PDF)</li><li>
		Actas de las Asambleas Informativas de propuestas realizadas
		<ul><li>
				Las Lagunas &#8211; <a href="https://www.mijas.es/files/adjuntos/ACTA_ASAMBLEA_INFORMATIVA_LAS_LAGUNAS.pdf" target="_blank" rel="noreferrer noopener">Descargar </a>(PDF)</li><li>
				Mijas Pueblo &#8211; <a href="https://www.mijas.es/files/adjuntos/ACTA_ASAMBLEA_INFORMATIVA_MIJAS_PUEBLO.pdf" target="_blank" rel="noreferrer noopener">Descargar </a>(PDF)</li><li>
				La Cala &#8211; <a href="https://www.mijas.es/files/adjuntos/ACTA_ASAMBLEA_INFORMATIVA_LA_CALA.pdf" target="_blank" rel="noreferrer noopener">Descargar </a>(PDF)</li></ul>
	</li><li>
		Listado de las Propuestas ciudadanas presentadas &#8211; <a href="https://www.mijas.es/files/adjuntos/LISTADO_DE_PROPUESTAS_POR_ZONAS.pdf">Descargar </a>(PDF)</li><li>
		Resultado del proceso de Presupuestos Participativos &#8211; <a href="https://www.mijas.es/files/adjuntos/ParticipacionCiudadana/RESULTADO_DE_PRESUPUESTOS_PARTICIPATIVOS_2019.pdf">Descargar</a> (PDF)</li></ul>

<p>El Ayuntamiento de Mijas está desarrollando una experiencia piloto de Presupuestos Participativos. Para llevarla a cabo se han reservado un millón y medio de euros del presupuesto municipal del&nbsp; año 2019. Se gastarán en los proyectos&nbsp; que&nbsp; ha decidido la ciudadanía durante la primera fase de ejecución del proyecto a través de una votación&nbsp;directa y [&hellip;]</p>
