{"id":13812,"date":"2019-03-27T11:02:51","date_gmt":"2019-03-27T11:02:51","guid":{"rendered":"http:\/\/192.168.0.42\/?page_id=13812"},"modified":"2025-10-24T12:46:43","modified_gmt":"2025-10-24T11:46:43","slug":"reglamento-organico-de-participacion-ciudadana","status":"publish","type":"page","link":"https:\/\/www.mijas.es\/portal\/participacion-ciudadana\/reglamento-organico-de-participacion-ciudadana\/","title":{"rendered":"Reglamento Org\u00e1nico de Participaci\u00f3n Ciudadana"},"content":{"rendered":"\n<p>La participaci\u00f3n en los asuntos p\u00fablicos se configura como un derecho ciudadano y facilitarlo constituye una obligaci\u00f3n para los poderes p\u00fablicos.<\/p>\n\n\n\n<p>Para facilitar la participaci\u00f3n es imprescindible desarrollar una metodolog\u00eda adecuada, unas reglas del juego claras y un procedimiento adecuado.<\/p>\n\n\n\n<p>Si las reglas est\u00e1n claras, las decisiones ser\u00e1n de mayor calidad y mayor complicidad por parte de todas las partes implicadas en el proceso.<\/p>\n\n\n\n<p>El Ayuntamiento de Mijas aprob\u00f3 el Reglamento Org\u00e1nico de Participaci\u00f3n Ciudadana en sesi\u00f3n plenaria de fecha 30 de abril de 2018. El documento se encuentra publicado en el BOPMA n\u00ba 116 de 18\/06\/2018 con el n\u00famero de edicto 3968\/2018.<\/p>\n\n\n\n<p>Reglamento Org\u00e1nico de Participaci\u00f3n Ciudadana \u2013 <a href=\"https:\/\/www.mijas.es\/wp-content\/uploads\/2025\/10\/20251024_Otros_Reglamento%20Org%C3%A1nico%20de%20Participaci%C3%B3n%20Ciudadana.pdf\" target=\"_blank\" rel=\"noreferrer noopener\">Descargar<\/a> (PDF)<\/p>\n\n\n\n<p>El ayuntamiento de Mijas aprob\u00f3 en Reglamento Org\u00e1nico del Consejo Social de la Ciudad de Mijas en sesi\u00f3n plenaria de fecha 30 de abril de 2018. El documento se encuentra publicado en el BOPMA n\u00ba114 del d\u00eda 14\/06\/2018 con el n\u00famero de edicto 3967\/2018.<\/p>\n\n\n\n<p>Reglamento Org\u00e1nico del Consejo Social de la Ciudad &#8211; <a href=\"https:\/\/www.mijas.es\/wp-content\/uploads\/2025\/10\/20251024_Otros_Reglamento%20Org%C3%A1nico%20del%20Consejo%20Social%20de%20la%20Ciudad.pdf\" target=\"_blank\" rel=\"noreferrer noopener\">Descargar<\/a> (PDF)<\/p>\n","protected":false},"excerpt":{"rendered":"<p>La participaci\u00f3n en los asuntos p\u00fablicos se configura como un derecho ciudadano y facilitarlo constituye una obligaci\u00f3n para los poderes p\u00fablicos. Para facilitar la participaci\u00f3n es imprescindible desarrollar una metodolog\u00eda adecuada, unas reglas del juego claras y un procedimiento adecuado. Si las reglas est\u00e1n claras, las decisiones ser\u00e1n de mayor calidad y mayor complicidad por [&hellip;]<\/p>\n","protected":false},"author":4,"featured_media":13811,"parent":13805,"menu_order":0,"comment_status":"closed","ping_status":"closed","template":"page-departamental.php","meta":[],"_links":{"self":[{"href":"https:\/\/www.mijas.es\/portal\/wp-json\/wp\/v2\/pages\/13812"}],"collection":[{"href":"https:\/\/www.mijas.es\/portal\/wp-json\/wp\/v2\/pages"}],"about":[{"href":"https:\/\/www.mijas.es\/portal\/wp-json\/wp\/v2\/types\/page"}],"author":[{"embeddable":true,"href":"https:\/\/www.mijas.es\/portal\/wp-json\/wp\/v2\/users\/4"}],"replies":[{"embeddable":true,"href":"https:\/\/www.mijas.es\/portal\/wp-json\/wp\/v2\/comments?post=13812"}],"version-history":[{"count":6,"href":"https:\/\/www.mijas.es\/portal\/wp-json\/wp\/v2\/pages\/13812\/revisions"}],"predecessor-version":[{"id":62572,"href":"https:\/\/www.mijas.es\/portal\/wp-json\/wp\/v2\/pages\/13812\/revisions\/62572"}],"up":[{"embeddable":true,"href":"https:\/\/www.mijas.es\/portal\/wp-json\/wp\/v2\/pages\/13805"}],"wp:featuredmedia":[{"embeddable":true,"href":"https:\/\/www.mijas.es\/portal\/wp-json\/wp\/v2\/media\/13811"}],"wp:attachment":[{"href":"https:\/\/www.mijas.es\/portal\/wp-json\/wp\/v2\/media?parent=13812"}],"curies":[{"name":"wp","href":"https:\/\/api.w.org\/{rel}","templated":true}]}}