{"id":13805,"date":"2019-03-27T10:22:44","date_gmt":"2019-03-27T10:22:44","guid":{"rendered":"http:\/\/192.168.0.42\/?page_id=13805"},"modified":"2024-02-26T11:27:46","modified_gmt":"2024-02-26T10:27:46","slug":"participacion-ciudadana","status":"publish","type":"page","link":"https:\/\/www.mijas.es\/portal\/participacion-ciudadana\/","title":{"rendered":"Participaci\u00f3n Ciudadana"},"content":{"rendered":"\n<p>La <strong>Participaci\u00f3n Ciudadana<\/strong> tiene sentido para  implicarse en el desarrollo de proyectos que mejoren la convivencia en  nuestro entorno, la calidad de vida, la igualdad de derechos de toda la  ciudadan\u00eda y en su progreso. S\u00f3lo con una participaci\u00f3n real y efectiva  de nuestra ciudadan\u00eda se construir\u00e1 un territorio cohesionado,  integrador e innovador, capaz de transformar la diversidad, la  interculturalidad en riqueza y motor de progreso.<\/p>\n\n\n\n<figure class=\"wp-block-image is-resized\"><img decoding=\"async\" src=\"https:\/\/www.mijas.es\/files\/imagen\/servicios\/ciudadana\/Mijas_Andalousie_1.JPG\" alt=\"\" width=\"424\" height=\"318\"\/><\/figure>\n\n\n\n<p> <strong>Delegaci\u00f3n de Participaci\u00f3n Ciudadana<\/strong><\/p>\n\n\n\n<p>Web Participa Mijas <a href=\"https:\/\/participa.mijas.es\">https:\/\/participa.mijas.es<\/a><\/p>\n\n\n\n<p><\/p>\n\n\n\n<p>\n\tTenencia de Alcald\u00eda de Las Lagunas<\/p>\n\n\n\n<p>\n\tTel\u00e9fonos: 952 59 36 44 \/ 952 47 31 25 \/ 952 47 39 63<\/p>\n\n\n\n<p>\n\tC\/ R\u00edo Adra, 25 &#8211; Las Lagunas<\/p>\n\n\n\n<p> <a href=\"mailto:asociaciones@mijas.es\">participa@mijas.es<\/a><\/p>\n","protected":false},"excerpt":{"rendered":"<p>La Participaci\u00f3n Ciudadana tiene sentido para implicarse en el desarrollo de proyectos que mejoren la convivencia en nuestro entorno, la calidad de vida, la igualdad de derechos de toda la ciudadan\u00eda y en su progreso. S\u00f3lo con una participaci\u00f3n real y efectiva de nuestra ciudadan\u00eda se construir\u00e1 un territorio cohesionado, integrador e innovador, capaz de [&hellip;]<\/p>\n","protected":false},"author":4,"featured_media":13811,"parent":0,"menu_order":0,"comment_status":"closed","ping_status":"closed","template":"page-departamental.php","meta":[],"_links":{"self":[{"href":"https:\/\/www.mijas.es\/portal\/wp-json\/wp\/v2\/pages\/13805"}],"collection":[{"href":"https:\/\/www.mijas.es\/portal\/wp-json\/wp\/v2\/pages"}],"about":[{"href":"https:\/\/www.mijas.es\/portal\/wp-json\/wp\/v2\/types\/page"}],"author":[{"embeddable":true,"href":"https:\/\/www.mijas.es\/portal\/wp-json\/wp\/v2\/users\/4"}],"replies":[{"embeddable":true,"href":"https:\/\/www.mijas.es\/portal\/wp-json\/wp\/v2\/comments?post=13805"}],"version-history":[{"count":5,"href":"https:\/\/www.mijas.es\/portal\/wp-json\/wp\/v2\/pages\/13805\/revisions"}],"predecessor-version":[{"id":38150,"href":"https:\/\/www.mijas.es\/portal\/wp-json\/wp\/v2\/pages\/13805\/revisions\/38150"}],"wp:featuredmedia":[{"embeddable":true,"href":"https:\/\/www.mijas.es\/portal\/wp-json\/wp\/v2\/media\/13811"}],"wp:attachment":[{"href":"https:\/\/www.mijas.es\/portal\/wp-json\/wp\/v2\/media?parent=13805"}],"curies":[{"name":"wp","href":"https:\/\/api.w.org\/{rel}","templated":true}]}}