{"id":13779,"date":"2019-03-27T08:44:34","date_gmt":"2019-03-27T08:44:34","guid":{"rendered":"http:\/\/192.168.0.42\/?page_id=13779"},"modified":"2019-03-27T08:44:34","modified_gmt":"2019-03-27T08:44:34","slug":"condiciones-de-acceso","status":"publish","type":"page","link":"https:\/\/www.mijas.es\/portal\/cultura\/condiciones-de-acceso\/","title":{"rendered":"Condiciones de Acceso"},"content":{"rendered":"\n<p>\n\tEl acceso al Patrimonio Documental custodiado en el Archivo Municipal \nde Mijas es libre, con las restricciones derivadas del estado de \nconservaci\u00f3n de los documentos y las establecidas en relaci\u00f3n a la \ndocumentaci\u00f3n hist\u00f3rica por la legislaci\u00f3n nacional y auton\u00f3mica.<br>\n\t<br>\n\tRequisitos para la consulta de fondos:<br>\n\t<br>\n\t1. Presentaci\u00f3n del D.N.I. en el caso de personas f\u00edsicas, o la del representante en el caso de personas jur\u00eddicas.<br>\n\t2. Cumplimentaci\u00f3n de la ficha de usuario<br>\n\t3. Cumplimentaci\u00f3n de la solicitud de consulta.<br>\n\t<br>\n\tPara documentos de acceso restringido, se requerir\u00e1 justificaci\u00f3n \ndocumental del inter\u00e9s leg\u00edtimo y directo en la consulta, seg\u00fan lo \nestablecido en la Ley 30\/1992, de 26 de noviembre, de R\u00e9gimen Jur\u00eddico \nde las Administraciones P\u00fablicas y del Procedimiento Administrativo \nCom\u00fan, Ley Org\u00e1nica 1\/1982, de 5 de mayo, del Derecho al Honor, la \nIntimidad Personal y Familiar y a la Propia Imagen, Ley Org\u00e1nica \n15\/1999, de 13 de diciembre, de Protecci\u00f3n de datos de car\u00e1cter \npersonal, y dem\u00e1s leyes espec\u00edficas en la materia.<br>\n\t<br>\n\tLas peticiones de documentaci\u00f3n deber\u00e1n basarse en datos exactos y \nsuficientes para su localizaci\u00f3n, por ello las solicitudes gen\u00e9ricas o \nincompletas no ser\u00e1n atendidas.<\/p>\n\n\n\n<hr class=\"wp-block-separator\"\/>\n\n\n\n<p>\n\t<strong>POL\u00cdTICA DE CONSERVACI\u00d3N<\/strong><\/p>\n\n\n\n<p>\n\tLa gesti\u00f3n y conservaci\u00f3n de los documentos custodiados en el Archivo \nHist\u00f3rico Municipal, se lleva a cabo siguiendo, entre otras de menor \nrango, las directrices establecidas en las siguientes normas:<\/p>\n\n\n\n<ul><li>\n\t\tLey 7\/2011, de 3 de noviembre, de Documentos, Archivos y Patrimonio Documental de Andaluc\u00eda<\/li><li>\n\t\tDecreto 97\/2000, de 6 de marzo, por el que se aprueba el Reglamento del Sistema Andaluz de Archivos<\/li><li>\n\t\tOrden de 7 de julio de 2000, por la que se regula el funcionamiento de\n la Comisi\u00f3n Andaluza Calificadora de Documentos Administrativos y los \nprocesos deidentificaci\u00f3n, valoraci\u00f3n y selecci\u00f3n documentales.<\/li><\/ul>\n\n\n\n<p>\n\tIgualmente se sigue la Norma Internacional General de Descripci\u00f3n \nArchiv\u00edstica ISAD (G) y como Cuadro de Clasificaci\u00f3n de Fondos de \nAyuntamientos elaborado por la Mesa de Trabajo de Archivos de la \nAdministraci\u00f3n Local. Los documentos de este Archivo, al ser de \nconservaci\u00f3n permanente, no son objeto de procesos de eliminaci\u00f3n o \nexpurgo.<\/p>\n","protected":false},"excerpt":{"rendered":"<p>El acceso al Patrimonio Documental custodiado en el Archivo Municipal de Mijas es libre, con las restricciones derivadas del estado de conservaci\u00f3n de los documentos y las establecidas en relaci\u00f3n a la documentaci\u00f3n hist\u00f3rica por la legislaci\u00f3n nacional y auton\u00f3mica. Requisitos para la consulta de fondos: 1. Presentaci\u00f3n del D.N.I. en el caso de personas [&hellip;]<\/p>\n","protected":false},"author":4,"featured_media":13353,"parent":13352,"menu_order":0,"comment_status":"closed","ping_status":"closed","template":"page-departamental.php","meta":[],"_links":{"self":[{"href":"https:\/\/www.mijas.es\/portal\/wp-json\/wp\/v2\/pages\/13779"}],"collection":[{"href":"https:\/\/www.mijas.es\/portal\/wp-json\/wp\/v2\/pages"}],"about":[{"href":"https:\/\/www.mijas.es\/portal\/wp-json\/wp\/v2\/types\/page"}],"author":[{"embeddable":true,"href":"https:\/\/www.mijas.es\/portal\/wp-json\/wp\/v2\/users\/4"}],"replies":[{"embeddable":true,"href":"https:\/\/www.mijas.es\/portal\/wp-json\/wp\/v2\/comments?post=13779"}],"version-history":[{"count":1,"href":"https:\/\/www.mijas.es\/portal\/wp-json\/wp\/v2\/pages\/13779\/revisions"}],"predecessor-version":[{"id":13780,"href":"https:\/\/www.mijas.es\/portal\/wp-json\/wp\/v2\/pages\/13779\/revisions\/13780"}],"up":[{"embeddable":true,"href":"https:\/\/www.mijas.es\/portal\/wp-json\/wp\/v2\/pages\/13352"}],"wp:featuredmedia":[{"embeddable":true,"href":"https:\/\/www.mijas.es\/portal\/wp-json\/wp\/v2\/media\/13353"}],"wp:attachment":[{"href":"https:\/\/www.mijas.es\/portal\/wp-json\/wp\/v2\/media?parent=13779"}],"curies":[{"name":"wp","href":"https:\/\/api.w.org\/{rel}","templated":true}]}}