{"id":13708,"date":"2019-03-26T13:23:02","date_gmt":"2019-03-26T13:23:02","guid":{"rendered":"http:\/\/192.168.0.42\/?page_id=13708"},"modified":"2024-04-08T12:40:54","modified_gmt":"2024-04-08T11:40:54","slug":"catalogo","status":"publish","type":"page","link":"https:\/\/www.mijas.es\/portal\/cultura\/catalogo\/","title":{"rendered":"Cat\u00e1logo"},"content":{"rendered":"\n<p>\n\t<strong>a) Acceso al Cat\u00e1logo General de las Bibliotecas P\u00fablicas Municipales de Mijas<\/strong><\/p>\n\n\n\n<ul>\n<li>\n\t\t<a href=\"https:\/\/www.juntadeandalucia.es\/cultura\/rbpa\/abnetcl.cgi?.&amp;SUBC=MA\/MA17\" target=\"_blank\" rel=\"noreferrer noopener\">Acceder<\/a><\/li>\n<\/ul>\n\n\n\n<p>\n\t<strong>E<\/strong><strong>nlaces de&nbsp; cada una de las sucursales de las&nbsp; Bibliotecas P\u00fablicas Municipales de Mijas :<\/strong><\/p>\n\n\n\n<ul>\n<li>\n\t\t<a href=\"https:\/\/www.juntadeandalucia.es\/cultura\/rbpa\/abnetcl.cgi?.&amp;SUBC=MA\/MA17\/740\" target=\"_blank\" rel=\"noreferrer noopener\">Cat\u00e1logo de la Biblioteca de Mijas-Pueblo<\/a><\/li>\n\n\n\n<li> <a href=\"https:\/\/www.juntadeandalucia.es\/cultura\/rbpa\/abnetcl.cgi?.&amp;SUBC=MA\/MA17\/7032\" data-type=\"URL\" data-id=\"https:\/\/www.juntadeandalucia.es\/cultura\/rbpa\/abnetcl.cgi?.&amp;SUBC=MA\/MA17\/7032\" target=\"_blank\" rel=\"noreferrer noopener\">Cat\u00e1logo de la Biblioteca del Teatro Manuel Espa\u00f1a<\/a><\/li>\n\n\n\n<li>\n\t\t<a href=\"https:\/\/www.juntadeandalucia.es\/cultura\/rbpa\/abnetcl.cgi?.&amp;SUBC=MA\/MA17\/738\" target=\"_blank\" rel=\"noreferrer noopener\">Cat\u00e1logo de la Biblioteca de Entreculturas en Las Lagunas<\/a><\/li>\n\n\n\n<li>\n\t\t<a href=\"https:\/\/www.juntadeandalucia.es\/cultura\/rbpa\/abnetcl.cgi?.&amp;SUBC=MA\/MA17\/739\" target=\"_blank\" rel=\"noreferrer noopener\">Cat\u00e1logo de La Cala<\/a><\/li>\n<\/ul>\n\n\n\n<p>  <strong>b) Acceso al Cat\u00e1logo de la Red de Bibliotecas P\u00fablicas de Andaluc\u00eda<\/strong><\/p>\n\n\n\n<p>\n\t&nbsp;&nbsp;&nbsp;&nbsp; <a href=\"https:\/\/www.juntadeandalucia.es\/cultura\/rbpa\" target=\"_blank\" rel=\"noreferrer noopener\">Pinchar aqu\u00ed para acceder<\/a><\/p>\n\n\n\n<p>  Algo  m\u00e1s de 548 bibliotecas de nuestra Comunidad Aut\u00f3noma han unificado sus  cat\u00e1logos para dar un servicio \u00fanico a todos los usuarios de la Red de  Bibliotecas P\u00fablicas de Andaluc\u00eda. Desde aqu\u00ed podr\u00e1s, conocer los fondos  de todas las bibliotecas que integran la Red.<\/p>\n","protected":false},"excerpt":{"rendered":"<p>a) Acceso al Cat\u00e1logo General de las Bibliotecas P\u00fablicas Municipales de Mijas Enlaces de&nbsp; cada una de las sucursales de las&nbsp; Bibliotecas P\u00fablicas Municipales de Mijas : b) Acceso al Cat\u00e1logo de la Red de Bibliotecas P\u00fablicas de Andaluc\u00eda &nbsp;&nbsp;&nbsp;&nbsp; Pinchar aqu\u00ed para acceder Algo m\u00e1s de 548 bibliotecas de nuestra Comunidad Aut\u00f3noma han unificado [&hellip;]<\/p>\n","protected":false},"author":4,"featured_media":13353,"parent":13352,"menu_order":0,"comment_status":"closed","ping_status":"closed","template":"page-departamental.php","meta":[],"_links":{"self":[{"href":"https:\/\/www.mijas.es\/portal\/wp-json\/wp\/v2\/pages\/13708"}],"collection":[{"href":"https:\/\/www.mijas.es\/portal\/wp-json\/wp\/v2\/pages"}],"about":[{"href":"https:\/\/www.mijas.es\/portal\/wp-json\/wp\/v2\/types\/page"}],"author":[{"embeddable":true,"href":"https:\/\/www.mijas.es\/portal\/wp-json\/wp\/v2\/users\/4"}],"replies":[{"embeddable":true,"href":"https:\/\/www.mijas.es\/portal\/wp-json\/wp\/v2\/comments?post=13708"}],"version-history":[{"count":3,"href":"https:\/\/www.mijas.es\/portal\/wp-json\/wp\/v2\/pages\/13708\/revisions"}],"predecessor-version":[{"id":55624,"href":"https:\/\/www.mijas.es\/portal\/wp-json\/wp\/v2\/pages\/13708\/revisions\/55624"}],"up":[{"embeddable":true,"href":"https:\/\/www.mijas.es\/portal\/wp-json\/wp\/v2\/pages\/13352"}],"wp:featuredmedia":[{"embeddable":true,"href":"https:\/\/www.mijas.es\/portal\/wp-json\/wp\/v2\/media\/13353"}],"wp:attachment":[{"href":"https:\/\/www.mijas.es\/portal\/wp-json\/wp\/v2\/media?parent=13708"}],"curies":[{"name":"wp","href":"https:\/\/api.w.org\/{rel}","templated":true}]}}