{"id":13702,"date":"2019-03-26T13:19:41","date_gmt":"2019-03-26T13:19:41","guid":{"rendered":"http:\/\/192.168.0.42\/?page_id=13702"},"modified":"2019-06-11T14:58:25","modified_gmt":"2019-06-11T14:58:25","slug":"programas-de-dinamizacion-y-extension-cultural","status":"publish","type":"page","link":"https:\/\/www.mijas.es\/portal\/cultura\/programas-de-dinamizacion-y-extension-cultural\/","title":{"rendered":"Programas de dinamizaci\u00f3n y extensi\u00f3n cultural"},"content":{"rendered":"\n<p>\n\tProgramas de dinamizaci\u00f3n y extensi\u00f3n cultural<\/p>\n\n\n\n<div class=\"wp-block-image\"><figure class=\"alignright\"><img decoding=\"async\" src=\"https:\/\/www.mijas.es\/files\/imagen\/cultura\/programas\/abiblio_9_a.jpg\" alt=\"II Certamen Literario Bibliotecas P.M. de Mijas - FADA Andaluc\u00eda\"\/><\/figure><\/div>\n\n\n\n<p>\n\t\tA\n lo largo del a\u00f1o las Bibliotecas P. M. de Mijas llevan a cabo una serie\n de programas y actividades de diversa \u00edndole, las m\u00e1s representativas \nson las siguientes:<br>\n\t\t<br>\n\t\t<strong>Programas<\/strong><br>\n\t\t<br>\n\t\t1 .- Programa Biblioteca Solidaria<br>\n\t\t<br>\n\t\t2.- Programa Biblioteca Multicultural<br>\n\t\t<br>\n\t\t3 .- Programa dirigido a colectivos especiales<\/p>\n\n\n\n<div class=\"wp-block-image\"><figure class=\"alignright\"><img decoding=\"async\" src=\"https:\/\/www.mijas.es\/files\/imagen\/cultura\/programas\/abiblio_3_a.jpg\" alt=\"La Biblioteca una Aventura (La Cala)\"\/><\/figure><\/div>\n\n\n\n<p>\n\t\t4 .- Programa dirigido a la poblaci\u00f3n infantil<\/p>\n\n\n\n<p>\n\t\t5.- Programa dirigido a la poblaci\u00f3n juvenil<\/p>\n\n\n\n<p>\n\t\t6 .- Programa dirigido a la poblaci\u00f3n adulta<\/p>\n\n\n\n<p>\n\t\t7.- Programa dirigido a las zonas rurales<\/p>\n\n\n\n<p>\n\t\t8 .- Programa dirigido a los hogares de los jubilados<\/p>\n\n\n\n<p>\n\t\t9 .- Programa conjunto con otras instituciones<\/p>\n\n\n\n<p>\n\t\t10 .- Programa recuperaci\u00f3n de la tradici\u00f3n oral<\/p>\n\n\n\n<p>\n\t\t11.- Participaci\u00f3n en otros foros, aportando nuestras experiencias<\/p>\n\n\n\n<div class=\"wp-block-image\"><figure class=\"alignright\"><img decoding=\"async\" src=\"https:\/\/www.mijas.es\/files\/imagen\/cultura\/programas\/abiblio_5_a.jpg\" alt=\"Leamos en Paz (Las Lagunas)\"\/><\/figure><\/div>\n\n\n\n<figure class=\"wp-block-image\"><img decoding=\"async\" src=\"https:\/\/www.mijas.es\/files\/imagen\/cultura\/programas\/abiblio_2_a.jpg\" alt=\"Conocemos a Gloria Fuertes (La Cala)\"\/><\/figure>\n\n\n\n<p>\n\t\t<strong>Extensi\u00f3n cultural<\/strong><br>\n\t\tQu\u00e9 es y c\u00f3mo la desarrollamos&#8230;<\/p>\n\n\n\n<p>\n\t\t\u201cConjunto de actividades encaminadas a insertar el libro en el \u00e1mbito total de la cultura\u201d&nbsp;<\/p>\n\n\n\n<p>\n\t\t\u201cLa extensi\u00f3n cultural seguir\u00eda siendo necesaria en la biblioteca como\n tarea de profundizaci\u00f3n en las posibilidades culturales de los fondos \nque en ella se utilizan\u201d(CARRI\u00d3N GUTIEZ, M., 1988, p. 503-504)<\/p>\n\n\n\n<p>\n\t\t&#8211; Proyecciones<br>\n\t\t&#8211; Charlas coloquio relacionadas con temas locales<br>\n\t\t&#8211; Presentaciones de libros<br>\n\t\t&#8211; Convocatoria de premios literarios<br>\n\t\t&#8211; Recitales de poes\u00eda<br>\n\t\t&#8211; Encuentros con autores<br>\n\t\t&#8211; Exposiciones<br>\n\t\t&#8211; Talleres literarios<br>\n\t\t&#8211; Conferencias , mesas redondas, debates<\/p>\n\n\n\n<p>\n\t<strong>Animaci\u00f3n a la lectura <\/strong><\/p>\n\n\n\n<p>\n\tQu\u00e9 es y c\u00f3mo la desarrollamos&#8230;<br>\n\tLa animaci\u00f3n a la lectura ser\u00eda una actividad de la biblioteca para \nestimular el inter\u00e9s, afinar la sensibilidad, abrir la inteligencia \ndesde el libro, como medio para preparar el camino hacia la lectura.<br>\n\tG\u00f3mez Hern\u00e1ndez, Jos\u00e9 A. Gesti\u00f3n de Bibliotecas. Murcia: DM, 2002<br>\n\tCuentacuentos<br>\n\tFormaci\u00f3n de usurarios<br>\n\tTeatros<br>\n\tD\u00eda del libro<br>\n\tD\u00eda de la biblioteca<br>\n\tD\u00eda de la lectura en Andaluc\u00eda.<br>\n\tCampa\u00f1a de verano &#8230;&#8230;&#8230;..<\/p>\n","protected":false},"excerpt":{"rendered":"<p>Programas de dinamizaci\u00f3n y extensi\u00f3n cultural A lo largo del a\u00f1o las Bibliotecas P. M. de Mijas llevan a cabo una serie de programas y actividades de diversa \u00edndole, las m\u00e1s representativas son las siguientes: Programas 1 .- Programa Biblioteca Solidaria 2.- Programa Biblioteca Multicultural 3 .- Programa dirigido a colectivos especiales 4 .- Programa [&hellip;]<\/p>\n","protected":false},"author":4,"featured_media":13353,"parent":13352,"menu_order":0,"comment_status":"closed","ping_status":"closed","template":"page-departamental.php","meta":[],"_links":{"self":[{"href":"https:\/\/www.mijas.es\/portal\/wp-json\/wp\/v2\/pages\/13702"}],"collection":[{"href":"https:\/\/www.mijas.es\/portal\/wp-json\/wp\/v2\/pages"}],"about":[{"href":"https:\/\/www.mijas.es\/portal\/wp-json\/wp\/v2\/types\/page"}],"author":[{"embeddable":true,"href":"https:\/\/www.mijas.es\/portal\/wp-json\/wp\/v2\/users\/4"}],"replies":[{"embeddable":true,"href":"https:\/\/www.mijas.es\/portal\/wp-json\/wp\/v2\/comments?post=13702"}],"version-history":[{"count":7,"href":"https:\/\/www.mijas.es\/portal\/wp-json\/wp\/v2\/pages\/13702\/revisions"}],"predecessor-version":[{"id":24853,"href":"https:\/\/www.mijas.es\/portal\/wp-json\/wp\/v2\/pages\/13702\/revisions\/24853"}],"up":[{"embeddable":true,"href":"https:\/\/www.mijas.es\/portal\/wp-json\/wp\/v2\/pages\/13352"}],"wp:featuredmedia":[{"embeddable":true,"href":"https:\/\/www.mijas.es\/portal\/wp-json\/wp\/v2\/media\/13353"}],"wp:attachment":[{"href":"https:\/\/www.mijas.es\/portal\/wp-json\/wp\/v2\/media?parent=13702"}],"curies":[{"name":"wp","href":"https:\/\/api.w.org\/{rel}","templated":true}]}}