{"id":13694,"date":"2019-03-26T13:10:19","date_gmt":"2019-03-26T13:10:19","guid":{"rendered":"http:\/\/192.168.0.42\/?page_id=13694"},"modified":"2024-04-14T15:17:00","modified_gmt":"2024-04-14T14:17:00","slug":"tarjeta-de-lector","status":"publish","type":"page","link":"https:\/\/www.mijas.es\/portal\/cultura\/tarjeta-de-lector\/","title":{"rendered":"Tarjeta de lector"},"content":{"rendered":"\n<p>C\u00f3mo obtener el carn\u00e9 que te permitir\u00e1 utilizar el servicio de pr\u00e9stamo<\/p>\n\n\n\n<ul>\n<li><strong>Si eres mayor de 14 a\u00f1os:<\/strong><\/li>\n<\/ul>\n\n\n\n<p>Debes cumplimentar un formulario para obtener tu carn\u00e9 de lector que recoger\u00e1s en la biblioteca. Una vez cumplimentado, se te solicitar\u00e1 que ense\u00f1es el DNI o pasaporte para la comprobaci\u00f3n de los datos aportados.<\/p>\n\n\n\n<ul>\n<li><strong>Si eres menor de 14 a\u00f1os:<\/strong><\/li>\n<\/ul>\n\n\n\n<p>Debe cumplimentar un formulario tu padre, madre o tutor. Una\u00a0 vez cumplimentado, se le solicitar\u00e1 que ense\u00f1e el DNI o pasaporte para la comprobaci\u00f3n de los datos aportados.<\/p>\n\n\n\n<p>Recuerda que el carn\u00e9 que te entregamos es v\u00e1lido para toda la Red de Bibliotecas P\u00fablicas de Andaluc\u00eda.<\/p>\n\n\n\n<p>La tarjeta de usuario es personal e intransferible y su presentaci\u00f3n ser\u00e1 obligatoria para la retirada o renovaci\u00f3n de documentos en pr\u00e9stamo.<\/p>\n\n\n\n<p>Los usuarios tienen la obligaci\u00f3n de comunicar a la Biblioteca cualquier cambio producido en los datos recabados para la obtenci\u00f3n de la tarjeta de lector.<\/p>\n","protected":false},"excerpt":{"rendered":"<p>C\u00f3mo obtener el carn\u00e9 que te permitir\u00e1 utilizar el servicio de pr\u00e9stamo Debes cumplimentar un formulario para obtener tu carn\u00e9 de lector que recoger\u00e1s en la biblioteca. Una vez cumplimentado, se te solicitar\u00e1 que ense\u00f1es el DNI o pasaporte para la comprobaci\u00f3n de los datos aportados. Debe cumplimentar un formulario tu padre, madre o tutor. [&hellip;]<\/p>\n","protected":false},"author":4,"featured_media":13353,"parent":13352,"menu_order":0,"comment_status":"closed","ping_status":"closed","template":"page-departamental.php","meta":[],"_links":{"self":[{"href":"https:\/\/www.mijas.es\/portal\/wp-json\/wp\/v2\/pages\/13694"}],"collection":[{"href":"https:\/\/www.mijas.es\/portal\/wp-json\/wp\/v2\/pages"}],"about":[{"href":"https:\/\/www.mijas.es\/portal\/wp-json\/wp\/v2\/types\/page"}],"author":[{"embeddable":true,"href":"https:\/\/www.mijas.es\/portal\/wp-json\/wp\/v2\/users\/4"}],"replies":[{"embeddable":true,"href":"https:\/\/www.mijas.es\/portal\/wp-json\/wp\/v2\/comments?post=13694"}],"version-history":[{"count":2,"href":"https:\/\/www.mijas.es\/portal\/wp-json\/wp\/v2\/pages\/13694\/revisions"}],"predecessor-version":[{"id":55748,"href":"https:\/\/www.mijas.es\/portal\/wp-json\/wp\/v2\/pages\/13694\/revisions\/55748"}],"up":[{"embeddable":true,"href":"https:\/\/www.mijas.es\/portal\/wp-json\/wp\/v2\/pages\/13352"}],"wp:featuredmedia":[{"embeddable":true,"href":"https:\/\/www.mijas.es\/portal\/wp-json\/wp\/v2\/media\/13353"}],"wp:attachment":[{"href":"https:\/\/www.mijas.es\/portal\/wp-json\/wp\/v2\/media?parent=13694"}],"curies":[{"name":"wp","href":"https:\/\/api.w.org\/{rel}","templated":true}]}}