{"id":13655,"date":"2019-03-26T10:50:34","date_gmt":"2019-03-26T10:50:34","guid":{"rendered":"http:\/\/192.168.0.42\/?page_id=13655"},"modified":"2024-04-08T09:35:10","modified_gmt":"2024-04-08T08:35:10","slug":"centro-de-arte-contemporaneo-de-mijas-cac","status":"publish","type":"page","link":"https:\/\/www.mijas.es\/portal\/cultura\/centro-de-arte-contemporaneo-de-mijas-cac\/","title":{"rendered":"Centro de Arte Contempor\u00e1neo de Mijas (CAC)"},"content":{"rendered":"<div class=\"wp-block-image\">\n<figure class=\"aligncenter\"><img decoding=\"async\" src=\"https:\/\/www.mijas.es\/files\/imagen\/servicios\/museo\/cac\/44d4fff31fe71cd6ea88f063bab937ad_L.jpg\" alt=\"Centro de Arte Contempor\u00e1neo de Mijas (CAC)\"\/><\/figure><\/div>\n\n\n<figure class=\"wp-block-table\"><table><tbody><tr><td>\n\t\t\t\t<strong>Direcci\u00f3n:<\/strong><\/td><td>\n\t\t\t\tCalle M\u00e1laga, 28, 29650 Mijas, M\u00e1laga<\/td><\/tr><tr><td>\n\t\t\t\t<strong>Horario:<\/strong><\/td><td> De 10:30 a 14:00 h &#8211; De Lunes a S\u00e1bado<\/td><\/tr><tr><td>\n\t\t\t\t<strong>Entrada:<\/strong><\/td><td>\n\t\t\t\t3 \u20ac<\/td><\/tr><tr><td>\n\t\t\t\t<strong>Contacto:<\/strong><\/td><td>\n\t\t\t\t952590442<\/td><\/tr><tr><td>\n\t\t\t\t<strong>E-mail:<\/strong><\/td><td>\n\t\t\t\t<a href=\"mailto:reservas@cacmijas.info\">reservas@cacmijas.info<\/a><\/td><\/tr><tr><td>\n\t\t\t\t<strong>P\u00e1gina Web:<\/strong><\/td><td>\n\t\t\t\t<a href=\"http:\/\/www.cacmijas.info\/\" target=\"_blank\" rel=\"noreferrer noopener\">http:\/\/www.cacmijas.info<\/a><\/td><\/tr><\/tbody><\/table><\/figure>\n\n\n<div class=\"wp-block-image\">\n<figure class=\"aligncenter is-resized\"><a href=\"https:\/\/www.mijas.es\/files\/adjuntos\/Turismo\/lugares interes\/Dptico_espaol_CAC.pdf\" target=\"_blank\" rel=\"noreferrer noopener\"><img decoding=\"async\" src=\"https:\/\/www.mijas.es\/files\/imagen\/servicios\/museo\/cac\/Dptico_espaol_portada.PNG\" alt=\"\" width=\"188\" height=\"409\"\/><\/a><\/figure><\/div>\n\n\n<p>El  Centro de Arte Contempor\u00e1neo de Mijas cuenta con m\u00e1s de 400 obras de  artistas de primera fila, como: Pablo Ruiz Picasso, Salvador Dal\u00ed,  Georges Braque, Tsuguharu Foujita, etc., pertenecientes a la RMC  (Remedios Medina Collection), que Spanish Art Brokers, empresa que  gestiona dicha colecci\u00f3n, pone a disposici\u00f3n de este Centro de Arte.<\/p>\n\n\n\n<p><\/p>\n\n\n\n<p><\/p>\n\n\n<div class=\"wp-block-image\">\n<figure class=\"aligncenter is-resized\"><a href=\"Centro de Arte Contempor\u00e1neo de Mijas \/cac3.jpg\" target=\"_blank\" rel=\"noreferrer noopener\"><img decoding=\"async\" src=\"https:\/\/www.mijas.es\/files\/imagen\/servicios\/museo\/cac\/cac3.jpg\" alt=\"\" width=\"347\" height=\"377\"\/><\/a><\/figure><\/div>\n\n\n<p> La mayor parte de esta colecci\u00f3n son  obras realizadas por Pablo Ruiz Picasso en diferentes t\u00e9cnicas:  litograf\u00edas, linograbados, grabados, esculturas, cer\u00e1micas, etc., con un  total de 130 obras. Entre estas obras cabe destacar la magn\u00edfica  colecci\u00f3n de cer\u00e1mica, considerada como la segunda del mundo y que ya se  puede admirar en las salas de este Centro de Arte.<\/p>\n\n\n\n<p>\n\tOtra parte importante de los fondos \nde la colecci\u00f3n son obras de Salvador Dal\u00ed, tambi\u00e9n en diferentes \nt\u00e9cnicas,&nbsp; y realizadas en diferentes \u00e9pocas de su vida creativa.<\/p>\n\n\n<div class=\"wp-block-image\">\n<figure class=\"aligncenter is-resized\"><img decoding=\"async\" src=\"https:\/\/www.mijas.es\/files\/imagen\/servicios\/museo\/cac\/obras.jpg\" alt=\"\" width=\"412\" height=\"274\"\/><\/figure><\/div>\n\n<div class=\"wp-block-image\">\n<figure class=\"aligncenter is-resized\"><a href=\"https:\/\/www.mijas.es\/portal\/files\/adjuntos\/Turismo\/lugares interes\/obras1.jpg\" target=\"_blank\" rel=\"noreferrer noopener\"><img decoding=\"async\" src=\"https:\/\/www.mijas.es\/files\/imagen\/servicios\/museo\/cac\/obras1.jpg\" alt=\"\" width=\"413\" height=\"275\"\/><\/a><\/figure><\/div>\n\n<div class=\"wp-block-image\">\n<figure class=\"aligncenter is-resized\"><a href=\"https:\/\/www.mijas.es\/portal\/files\/adjuntos\/Turismo\/lugares interes\/obras4.jpg\" target=\"_blank\" rel=\"noreferrer noopener\"><img decoding=\"async\" src=\"https:\/\/www.mijas.es\/files\/imagen\/servicios\/museo\/cac\/obras4.jpg\" alt=\"\" width=\"412\" height=\"274\"\/><\/a><\/figure><\/div>\n\n<div class=\"wp-block-image\">\n<figure class=\"aligncenter is-resized\"><a href=\"https:\/\/www.mijas.es\/portal\/files\/adjuntos\/Turismo\/lugares interes\/planta b.jpg\" target=\"_blank\" rel=\"noreferrer noopener\"><img decoding=\"async\" src=\"https:\/\/www.mijas.es\/files\/imagen\/servicios\/museo\/cac\/planta b.jpg\" alt=\"\" width=\"422\" height=\"281\"\/><\/a><\/figure><\/div>\n\n\n<p>\n\tEl resto de la colecci\u00f3n, a parte de contar con obras de autores \ncontempor\u00e1neos a Pablo Picasso, muestra una importante serie de obras, \nen diferentes t\u00e9cnicas, de pintores del siglo XIX, profesores o pintores\n que influyeron en la vida del genial pintor malague\u00f1o. Se exhiben obras\n de los pintores&nbsp;&nbsp; Antonio Mu\u00f1oz Degrain, Jos\u00e9 Moreno Carbonero, Joaqu\u00edn\n Martinez de la Vega, Jos\u00e9 Denis Belgrano\u2026, entre otros.<\/p>\n\n\n\n<p>\n\tParte de esta colecci\u00f3n ha sido expuesta en varias ocasiones, tanto en \nEspa\u00f1a como en el extranjero.&nbsp; La \u00faltima exposici\u00f3n se realiz\u00f3, de marzo\n a mayo del a\u00f1o 2.012, en la Universidad de San Antonio, en Texas, \nEstados Unidos, bajo el t\u00edtulo de: \u201cPicasso, amigos y contempor\u00e1neos en \nSan Antonio\u201d.&nbsp; Esta exposici\u00f3n cont\u00f3 con 97 obras, 70 de ellas de Pablo \nRuiz Picasso, 5 de Salvador Dal\u00ed y, el resto, de profesores y \ncontempor\u00e1neos de Picasso. Esta muestra cont\u00f3 con un gran \u00e9xito, en \ncuanto al n\u00famero de visitantes,&nbsp; y un \u00e9xito a\u00fan mayor en cuanto a la \nrepercusi\u00f3n medi\u00e1tica de la misma.<\/p>\n\n\n\n<p>\n\tEst\u00e1 previsto que parte de esta colecci\u00f3n viaje a diferentes ciudades de Canad\u00e1 y que en 2014 vuelva de nuevo a Estados Unidos.<\/p>\n\n\n\n<p>\n\tEl Centro de Arte Contempor\u00e1neo de Mijas cuenta con dos tipos de \nexposiciones, la exposici\u00f3n permanente, donde se agrupar\u00e1n \nfundamentalmente unas 70 obras de Pablo Ruiz Picasso y Salvador Dal\u00ed y \nque es la base de las obras que pueden verse de una forma permanente a \nlo largo de todo el a\u00f1o, aunque por motivos de conservaci\u00f3n alguna de \nellas pueda ser sustituidas en momentos concretos.&nbsp; Y las exposiciones \ntemporales donde, por un periodo de tiempo concreto,&nbsp; se exhibir\u00e1n obras\n del resto de autores, ya sean contempor\u00e1neos a los anteriores o \nmaestros que hayan tenido influencia en el proceso creativo de Picasso o\n Dal\u00ed.<\/p>\n\n\n<div class=\"wp-block-image\">\n<figure class=\"aligncenter is-resized\"><a href=\"https:\/\/www.mijas.es\/portal\/images\/items\/Turismo\/lugares interes\/photo1.jpg\" target=\"_blank\" rel=\"noreferrer noopener\"><img decoding=\"async\" src=\"https:\/\/www.mijas.es\/files\/imagen\/servicios\/museo\/cac\/photo1.jpg\" alt=\"\" width=\"450\" height=\"299\"\/><\/a><\/figure><\/div>\n\n<div class=\"wp-block-image\">\n<figure class=\"aligncenter is-resized\"><a href=\"https:\/\/www.mijas.es\/portal\/images\/items\/Turismo\/lugares interes\/photo2.jpg\" target=\"_blank\" rel=\"noreferrer noopener\"><img decoding=\"async\" src=\"https:\/\/www.mijas.es\/files\/imagen\/servicios\/museo\/cac\/photo2.jpg\" alt=\"\" width=\"449\" height=\"298\"\/><\/a><\/figure><\/div>\n\n<div class=\"wp-block-image\">\n<figure class=\"aligncenter is-resized\"><a href=\"https:\/\/www.mijas.es\/portal\/images\/items\/Turismo\/lugares interes\/photo3.jpg\" target=\"_blank\" rel=\"noreferrer noopener\"><img decoding=\"async\" src=\"https:\/\/www.mijas.es\/files\/imagen\/servicios\/museo\/cac\/photo3.jpg\" alt=\"\" width=\"455\" height=\"302\"\/><\/a><\/figure><\/div>\n\n<div class=\"wp-block-image\">\n<figure class=\"aligncenter is-resized\"><a href=\"https:\/\/www.mijas.es\/portal\/images\/items\/Turismo\/lugares interes\/photo4.jpg\" target=\"_blank\" rel=\"noreferrer noopener\"><img decoding=\"async\" src=\"https:\/\/www.mijas.es\/files\/imagen\/servicios\/museo\/cac\/photo4.jpg\" alt=\"\" width=\"459\" height=\"305\"\/><\/a><\/figure><\/div>\n\n\n<p class=\"has-text-align-left\">\n\tEste Centro de Arte es un importante atractivo tur\u00edstico y referente \ncultural para nuestro municipio, actualmente considerado el cuarto \ndestino tur\u00edstico de Andaluc\u00eda. La cercan\u00eda con M\u00e1laga, segundo puerto \nde cruceros mas importante de Espa\u00f1a, aporta un constante flujo de \nturistas que llegan en barco a la capital de la Costa del Sol con ganas \nde divertirse y disfrutar de nuestro patrimonio cultural.<\/p>\n\n\n\n<p class=\"has-text-align-left\">\n\tEl sistema din\u00e1mico y operativo de gesti\u00f3n de grupos que de ha \nimplantado en el CAC Mijas permite una gran agilidad a la hora de \ngestionar las reservas para que nadie se quede sin visitar el Centro, de\n hecho, y para facilitar a todo el mundo la entrada al mismo, \npermanecer\u00e1 abierto todos los d\u00edas a la semana.<\/p>\n\n\n\n<p class=\"has-text-align-left\">\n\tPeri\u00f3dicamente el CAC Mijas realizar\u00e1 talleres para acercar a los \ngrandes maestros y sus creaciones a los ni\u00f1os de los colegio de una \nforma gratuita; as\u00ed como ciclos de conferencias o charlas relacionadas \ncon temas referentes al arte y la cultura para todas aquellas personas \nque est\u00e9n interesados en ellos.<\/p>\n\n\n\n<ul>\n<li>\n\t\t<a href=\"https:\/\/www.mijas.es\/files\/adjuntos\/Turismo\/lugares interes\/Obras a exponer _centrada_.pdf\" target=\"_blank\" rel=\"noreferrer noopener\">Obras a exponer<\/a><\/li>\n<\/ul>\n\n\n\n<p class=\"has-text-align-center\">\n\t<strong>ENLACES A REDES SOCIALES Y P\u00c1GINA WEB<\/strong><\/p>\n\n\n\n<p class=\"has-text-align-center\">\n\t<a href=\"http:\/\/www.cacmijas.info\" target=\"_blank\" rel=\"noreferrer noopener\">www.cacmijas.info<\/a><\/p>\n\n\n<div class=\"wp-block-image\">\n<figure class=\"aligncenter\"><img decoding=\"async\" src=\"https:\/\/www.mijas.es\/files\/imagen\/servicios\/museo\/cac\/facebook42x42.png\" alt=\"\"\/><\/figure><\/div>\n\n\n<p class=\"has-text-align-center\"> &nbsp; &nbsp; &nbsp;<a rel=\"noreferrer noopener\" href=\"https:\/\/www.facebook.com\/pages\/CAC-Mijas\/1392083207673404\" target=\"_blank\">www.facebook.com\/pages\/CAC-Mijas\/1392083207673404<\/a><\/p>\n\n\n\n<p><\/p>\n\n\n<div class=\"wp-block-image\">\n<figure class=\"aligncenter is-resized\"><img decoding=\"async\" src=\"https:\/\/www.mijas.es\/files\/imagen\/servicios\/museo\/cac\/twitter42x42.png\" alt=\"\" width=\"44\" height=\"44\"\/><\/figure><\/div>\n\n\n<p class=\"has-text-align-center\">\n\t&nbsp; &nbsp; &nbsp;<a href=\"https:\/\/twitter.com\/cacmijas\" target=\"_blank\" rel=\"noreferrer noopener\">www.twitter.com\/cacmijas<\/a><\/p>\n","protected":false},"excerpt":{"rendered":"<p>Direcci\u00f3n: Calle M\u00e1laga, 28, 29650 Mijas, M\u00e1laga Horario: De 10:30 a 14:00 h &#8211; De Lunes a S\u00e1bado Entrada: 3 \u20ac Contacto: 952590442 E-mail: reservas@cacmijas.info P\u00e1gina Web: http:\/\/www.cacmijas.info El Centro de Arte Contempor\u00e1neo de Mijas cuenta con m\u00e1s de 400 obras de artistas de primera fila, como: Pablo Ruiz Picasso, Salvador Dal\u00ed, Georges Braque, Tsuguharu [&hellip;]<\/p>\n","protected":false},"author":4,"featured_media":13353,"parent":13352,"menu_order":0,"comment_status":"closed","ping_status":"closed","template":"page-departamental.php","meta":[],"_links":{"self":[{"href":"https:\/\/www.mijas.es\/portal\/wp-json\/wp\/v2\/pages\/13655"}],"collection":[{"href":"https:\/\/www.mijas.es\/portal\/wp-json\/wp\/v2\/pages"}],"about":[{"href":"https:\/\/www.mijas.es\/portal\/wp-json\/wp\/v2\/types\/page"}],"author":[{"embeddable":true,"href":"https:\/\/www.mijas.es\/portal\/wp-json\/wp\/v2\/users\/4"}],"replies":[{"embeddable":true,"href":"https:\/\/www.mijas.es\/portal\/wp-json\/wp\/v2\/comments?post=13655"}],"version-history":[{"count":18,"href":"https:\/\/www.mijas.es\/portal\/wp-json\/wp\/v2\/pages\/13655\/revisions"}],"predecessor-version":[{"id":55596,"href":"https:\/\/www.mijas.es\/portal\/wp-json\/wp\/v2\/pages\/13655\/revisions\/55596"}],"up":[{"embeddable":true,"href":"https:\/\/www.mijas.es\/portal\/wp-json\/wp\/v2\/pages\/13352"}],"wp:featuredmedia":[{"embeddable":true,"href":"https:\/\/www.mijas.es\/portal\/wp-json\/wp\/v2\/media\/13353"}],"wp:attachment":[{"href":"https:\/\/www.mijas.es\/portal\/wp-json\/wp\/v2\/media?parent=13655"}],"curies":[{"name":"wp","href":"https:\/\/api.w.org\/{rel}","templated":true}]}}