{"id":13464,"date":"2019-03-26T09:16:35","date_gmt":"2019-03-26T09:16:35","guid":{"rendered":"http:\/\/192.168.0.42\/?page_id=13464"},"modified":"2024-03-21T10:30:41","modified_gmt":"2024-03-21T09:30:41","slug":"teatro-manuel-espana","status":"publish","type":"page","link":"https:\/\/www.mijas.es\/portal\/cultura\/teatro-manuel-espana\/","title":{"rendered":"Teatro Manuel Espa\u00f1a"},"content":{"rendered":"<div class=\"wp-block-image\">\n<figure class=\"alignleft is-resized\"><img decoding=\"async\" src=\"https:\/\/www.mijas.es\/files\/imagen\/servicios\/teatro\/aTEATRO_DELGADO.jpg\" alt=\"\" width=\"71\" height=\"356\"\/><\/figure><\/div>\n\n\n<p class=\"has-text-align-left\"><strong>Direcci\u00f3n:&nbsp;<\/strong>Camino del Albero 16, Las Lagunas, Mijas Costa<\/p>\n\n\n\n<p>\n\t\t\t\t\t<strong>Ubicaci\u00f3n:<\/strong>&nbsp;Junto a la Ciudad Deportiva de Las Lagunas. <a href=\"https:\/\/www.google.com\/maps\/@36.546,-4.638683,122m\/data=!3m1!1e3?hl=es\" target=\"_blank\" rel=\"noreferrer noopener\">Google Maps<\/a><\/p>\n\n\n\n<p> <strong>E-mail:<\/strong> <a href=\"mailto:teatrolaslagunas@gmail.com\">teatromanuelespana@mijas.es<\/a> <\/p>\n\n\n\n<ul>\n<li>2 horas antes de la hora del espect\u00e1culo  <\/li>\n\n\n\n<li>Informaci\u00f3n: <a href=\"mailto:taquillateatro@mijas.es\">taquillateatro@mijas.es<\/a> <\/li>\n<\/ul>\n\n\n\n<p>Si desea recibir informaci\u00f3n puntual de la programaci\u00f3n de este teatro env\u00edenos un correo electr\u00f3nico a <a href=\"mailto:teatrolaslagunas@gmail.com\">teatromanuelespana@mijas.es<\/a> con el texto \u00ab<strong>si quiero<\/strong>\u00ab<\/p>\n\n\n\n<p> Se ruega puntualidad. Una vez comenzado el espect\u00e1culo no se permite la entrada al teatro.<br><\/p>\n\n\n\n<p><\/p>\n\n\n<h4>\u00a0<\/h4>\n<h4>\u00a0<\/h4>\n<h4>\u00a0<\/h4>\n<h2 style=\"text-align: center;\"><strong>PLANOS<\/strong><br \/><!--StartFragment--><\/h2>\n\n<div class=\"wp-block-image\">\n<figure class=\"aligncenter is-resized\"><img decoding=\"async\" src=\"https:\/\/www.mijas.es\/files\/imagen\/servicios\/teatro\/a420_platea.jpg\" alt=\"\" width=\"216\" height=\"304\"\/><figcaption class=\"wp-element-caption\">Platea<\/figcaption><\/figure><\/div>\n\n\n<p> <\/p>\n\n\n<div class=\"wp-block-image\">\n<figure class=\"aligncenter is-resized\"><img decoding=\"async\" src=\"https:\/\/www.mijas.es\/files\/imagen\/servicios\/teatro\/a110_anfiteatro.jpg\" alt=\"\" width=\"219\" height=\"308\"\/><figcaption class=\"wp-element-caption\">Anfiteatro<\/figcaption><\/figure><\/div>","protected":false},"excerpt":{"rendered":"<p>Direcci\u00f3n:&nbsp;Camino del Albero 16, Las Lagunas, Mijas Costa Ubicaci\u00f3n:&nbsp;Junto a la Ciudad Deportiva de Las Lagunas. Google Maps E-mail: teatromanuelespana@mijas.es Si desea recibir informaci\u00f3n puntual de la programaci\u00f3n de este teatro env\u00edenos un correo electr\u00f3nico a teatromanuelespana@mijas.es con el texto \u00absi quiero\u00ab Se ruega puntualidad. Una vez comenzado el espect\u00e1culo no se permite la entrada [&hellip;]<\/p>\n","protected":false},"author":4,"featured_media":13353,"parent":13352,"menu_order":0,"comment_status":"closed","ping_status":"closed","template":"page-departamental.php","meta":[],"_links":{"self":[{"href":"https:\/\/www.mijas.es\/portal\/wp-json\/wp\/v2\/pages\/13464"}],"collection":[{"href":"https:\/\/www.mijas.es\/portal\/wp-json\/wp\/v2\/pages"}],"about":[{"href":"https:\/\/www.mijas.es\/portal\/wp-json\/wp\/v2\/types\/page"}],"author":[{"embeddable":true,"href":"https:\/\/www.mijas.es\/portal\/wp-json\/wp\/v2\/users\/4"}],"replies":[{"embeddable":true,"href":"https:\/\/www.mijas.es\/portal\/wp-json\/wp\/v2\/comments?post=13464"}],"version-history":[{"count":37,"href":"https:\/\/www.mijas.es\/portal\/wp-json\/wp\/v2\/pages\/13464\/revisions"}],"predecessor-version":[{"id":55306,"href":"https:\/\/www.mijas.es\/portal\/wp-json\/wp\/v2\/pages\/13464\/revisions\/55306"}],"up":[{"embeddable":true,"href":"https:\/\/www.mijas.es\/portal\/wp-json\/wp\/v2\/pages\/13352"}],"wp:featuredmedia":[{"embeddable":true,"href":"https:\/\/www.mijas.es\/portal\/wp-json\/wp\/v2\/media\/13353"}],"wp:attachment":[{"href":"https:\/\/www.mijas.es\/portal\/wp-json\/wp\/v2\/media?parent=13464"}],"curies":[{"name":"wp","href":"https:\/\/api.w.org\/{rel}","templated":true}]}}