{"id":13399,"date":"2019-03-26T07:43:07","date_gmt":"2019-03-26T07:43:07","guid":{"rendered":"http:\/\/192.168.0.42\/?page_id=13399"},"modified":"2019-03-26T08:21:10","modified_gmt":"2019-03-26T08:21:10","slug":"suscribete","status":"publish","type":"page","link":"https:\/\/www.mijas.es\/portal\/suscribete\/","title":{"rendered":"Suscr\u00edbete"},"content":{"rendered":"\n<p>Suscr\u00edbase si quiere recibir a su email la relaci\u00f3n de avisos, convocatorias, noticias de forma mensual.<\/p>\n\n\n\n<form method=\"post\" action=\"\" style=\"max-width:400px\" >\n\n<div class=\"form-group col-xs-4\">\n    <label for=\"inputemail\" class=\"sr-only\">Email<\/label>\n    <input type=\"email\" class=\"form-control\" id=\"inputemail\" placeholder=\"Email\" name=\"inputemail\" required >\n  <\/div>\n\n\n<div class=\"form-group form-check col-xs-12\">\n  <input class=\"form-check-input\" name=\"acepto-check\" type=\"checkbox\" value=\"\" id=\"acepto-check\" required >\n  <label class=\"form-check-label\" for=\"acepto-check\">\n    He le\u00eddo y acepto las condiciones del Servicio\n  <\/label>\n<\/div>\n<div class=\"form-group col-xs-3\">\n  <button type=\"submit\" class=\"btn btn-primary mb-2\">suscr\u00edbete<\/button>\n<\/div>\n\n<\/form>\n\n\n\n<h3 class=\"wp-block-heading\">Condiciones del Servicio<\/h3>\n\n\n\n<p> Este servicio Web pertenece al Excmo. Ayuntamiento de Mijas con CIF n\u00famero P-2907000J y con direcci\u00f3n en Avda. Virgen de la Pe\u00f1a 2, 29650 Mijas (M\u00e1laga).  <br>Puede contactar con nosotros a trav\u00e9s de los tel\u00e9fonos de atenci\u00f3n a la Ciudadan\u00eda en los n\u00fameros\u00a0<strong>952 48 59 00<\/strong>\u00a0\u00f3\u00a0<strong>952 58 90 10<\/strong>, en el FAX n\u00famero\u00a0<strong>952 58 90 11<\/strong>\u00a0o mediante un mensaje al correo electr\u00f3nico a\u00a0<a href=\"mailto:info@mijas.es\">info@mijas.es<\/a>  <\/p>\n\n\n\n<p>De conformidad con lo establecido en el art\u00edculo 5 de la Ley Org\u00e1nica 15\/1999, de 13 de diciembre, de Protecci\u00f3n de Datos de Car\u00e1cter Personal, el\u00a0Ayuntamiento de Mijas\u00a0le informa que los datos solicitados y\/o recogidos son de car\u00e1cter obligatorio y pasar\u00e1n a formar parte de un fichero titularidad del Ayuntamiento de Mijas, con la finalidad de dar respuesta a la relaci\u00f3n establecida entre ambas partes dentro del \u00e1mbito de nuestra competencia, siendo tratados de forma confidencial. <\/p>\n\n\n\n<h3 class=\"wp-block-heading\">Pol\u00edtica de Seguridad y Protecci\u00f3n de Datos Personales<\/h3>\n\n\n\n<p>La pol\u00edtica de seguridad del Ayuntamiento de Mijas est\u00e1 presidida por el cumplimiento de la legalidad vigente en materia de protecci\u00f3n de datos de car\u00e1cter personal.<\/p>\n\n\n\n<p>De acuerdo con lo establecido en la Ley Org\u00e1nica 15\/1999, informamos que los datos que se faciliten mediante los distintos formularios de esta p\u00e1gina web, administraci\u00f3n electr\u00f3nica, mediante correo electr\u00f3nico o cualquier medio, que sus datos personales se incluir\u00e1n en uno o varios ficheros inscritos en la Agencia Espa\u00f1ola de Protecci\u00f3n de Datos a nombre del Ayuntamiento de Mijas.<\/p>\n\n\n\n<p>Los datos facilitados al Ayuntamiento de Mijas por lo medios citados anteriormente, ser\u00e1n tratados s\u00f3lo y exclusivamente para las finalidades previstas de cada formulario o procedimiento administrativo y en ning\u00fan caso se utilizar\u00e1n para otro fin ni siguiera dentro del propio Ayuntamiento de Mijas. Igualmente le informamos que para cumplir correctamente con los tr\u00e1mites y la petici\u00f3n de informaci\u00f3n, los datos se podr\u00e1n ser cedidos a otros entes p\u00fablicos o privados dependientes del Ayuntamiento de Mijas o a otras Administraciones p\u00fablicas solamente cuando sea necesario para el ejercicio de sus propias competencias y est\u00e9 previsto en la legislaci\u00f3n vigente.<\/p>\n\n\n\n<p>Para agilizar las comunicaciones del Ayuntamiento de Mijas, los usuarios y ciudadanos dan su consentimiento a recibir informaci\u00f3n por correo electr\u00f3nico o v\u00eda telef\u00f3nica si previamente han facilitado su direcci\u00f3n electr\u00f3nica o su n\u00famero de tel\u00e9fono.<\/p>\n","protected":false},"excerpt":{"rendered":"<p>Suscr\u00edbase si quiere recibir a su email la relaci\u00f3n de avisos, convocatorias, noticias de forma mensual. Email He le\u00eddo y acepto las condiciones del Servicio suscr\u00edbete Condiciones del Servicio Este servicio Web pertenece al Excmo. Ayuntamiento de Mijas con CIF n\u00famero P-2907000J y con direcci\u00f3n en Avda. Virgen de la Pe\u00f1a 2, 29650 Mijas (M\u00e1laga). [&hellip;]<\/p>\n","protected":false},"author":1,"featured_media":0,"parent":0,"menu_order":0,"comment_status":"closed","ping_status":"closed","template":"","meta":[],"_links":{"self":[{"href":"https:\/\/www.mijas.es\/portal\/wp-json\/wp\/v2\/pages\/13399"}],"collection":[{"href":"https:\/\/www.mijas.es\/portal\/wp-json\/wp\/v2\/pages"}],"about":[{"href":"https:\/\/www.mijas.es\/portal\/wp-json\/wp\/v2\/types\/page"}],"author":[{"embeddable":true,"href":"https:\/\/www.mijas.es\/portal\/wp-json\/wp\/v2\/users\/1"}],"replies":[{"embeddable":true,"href":"https:\/\/www.mijas.es\/portal\/wp-json\/wp\/v2\/comments?post=13399"}],"version-history":[{"count":41,"href":"https:\/\/www.mijas.es\/portal\/wp-json\/wp\/v2\/pages\/13399\/revisions"}],"predecessor-version":[{"id":13441,"href":"https:\/\/www.mijas.es\/portal\/wp-json\/wp\/v2\/pages\/13399\/revisions\/13441"}],"wp:attachment":[{"href":"https:\/\/www.mijas.es\/portal\/wp-json\/wp\/v2\/media?parent=13399"}],"curies":[{"name":"wp","href":"https:\/\/api.w.org\/{rel}","templated":true}]}}