{"id":13343,"date":"2019-03-25T11:11:36","date_gmt":"2019-03-25T11:11:36","guid":{"rendered":"http:\/\/192.168.0.42\/?page_id=13343"},"modified":"2019-06-14T16:11:45","modified_gmt":"2019-06-14T16:11:45","slug":"estudios-e-informes","status":"publish","type":"page","link":"https:\/\/www.mijas.es\/portal\/extranjeros\/estudios-e-informes\/","title":{"rendered":"Estudios e Informes"},"content":{"rendered":"\n<p>\n\t<strong>COLABORACION EN ESTUDIOS DE LA MIGRACION <\/strong><\/p>\n\n\n\n<p>\n\t<strong>DE EUROPEOS A ESPA\u00d1A<\/strong> <\/p>\n\n\n\n<p>\n\tEl Departamento de Extranjeros ha colaborado en varias \ninvestigaciones realizadas por las Universidades de Sussex, Inglaterra, \nla Universidad de Madrid y de M\u00e1laga, Junta de Andaluc\u00eda y otros \ninstituciones.<\/p>\n\n\n\n<p>\n\tAdem\u00e1s, cada a\u00f1o, el Departamento redacta un informe anual sobre los&nbsp;trabajos realizados.<\/p>\n\n\n\n<figure class=\"wp-block-image is-resized\"><img decoding=\"async\" src=\"https:\/\/www.mijas.es\/files\/imagen\/extranjeros\/a4472_Informe_2010_primera_pagina.jpg\" alt=\"informes\" width=\"502\" height=\"723\"\/><\/figure>\n\n\n\n<p> <a href=\"https:\/\/www.mijas.es\/files\/adjuntos\/extranjeros\/a6414_INFORME_BALANCE_2010.pdf\" target=\"_blank\" rel=\"noreferrer noopener\" aria-label=\" (abre en una nueva pesta\u00f1a)\">Para ver el Informe completo pinchar aqui &#8211; (PDF) Informe General 2010<\/a><\/p>\n\n\n\n<p>\n\t(PDF) Informe General 2009<\/p>\n\n\n\n<p>\n\t(PDF) Informe General del A\u00f1o 2006<\/p>\n\n\n\n<p>\n\tEl municipio de Mijas es un ejemplo muy significativo por su elevado \nporcentaje de residentes extranjeros, por este motivo los investigadores\n est\u00e1n interesados en estudiarlo como modelo.<br>\n\tDurante el a\u00f1o varios estudiantes y grupos de Investigaci\u00f3n, nacionales\n e internacionales contactan con el Departamento para obtener datos de e\n informaci\u00f3n acerca del fen\u00f3meno de migraci\u00f3n de Europeos al municipio \nde Mijas.<br>\n\tEl Departamento de Extranjeros ha colaborado en programas europeos \naportando datos, compartiendo su experiencia de m\u00e1s de 20 a\u00f1os en la \natenci\u00f3n de residentes, de m\u00e1s de 100 nacionalidades distintas, y \nponiendo en contacto a los investigadores con los colectivos y sectores \nde poblaci\u00f3n del municipio que aportar\u00e1n datos interesantes para el \nestudio.<br>\n\tTambi\u00e9n viene colaborando de forma habitual con el Consejo Superior de \nde Investigaciones Cient\u00edficas CSIC, desde hace a\u00f1os y tambi\u00e9n ha \nestablecido f\u00f3rmulas de cooperaci\u00f3n con universidades espa\u00f1olas (como \nlas de M\u00e1laga y Madrid) as\u00ed como con otras universidades y organismos \neuropeos.<br>\n\tEl programa EURO CITI ha sido desarrollado hasta 2010 para obtener \ndatos sobre los flujos migratorios de la UE hacia lugares como \nMijas,especialmente los protagonizados por personas de la tercera edad.<\/p>\n","protected":false},"excerpt":{"rendered":"<p>COLABORACION EN ESTUDIOS DE LA MIGRACION DE EUROPEOS A ESPA\u00d1A El Departamento de Extranjeros ha colaborado en varias investigaciones realizadas por las Universidades de Sussex, Inglaterra, la Universidad de Madrid y de M\u00e1laga, Junta de Andaluc\u00eda y otros instituciones. Adem\u00e1s, cada a\u00f1o, el Departamento redacta un informe anual sobre los&nbsp;trabajos realizados. Para ver el Informe [&hellip;]<\/p>\n","protected":false},"author":4,"featured_media":13282,"parent":13273,"menu_order":0,"comment_status":"closed","ping_status":"closed","template":"page-departamental.php","meta":[],"_links":{"self":[{"href":"https:\/\/www.mijas.es\/portal\/wp-json\/wp\/v2\/pages\/13343"}],"collection":[{"href":"https:\/\/www.mijas.es\/portal\/wp-json\/wp\/v2\/pages"}],"about":[{"href":"https:\/\/www.mijas.es\/portal\/wp-json\/wp\/v2\/types\/page"}],"author":[{"embeddable":true,"href":"https:\/\/www.mijas.es\/portal\/wp-json\/wp\/v2\/users\/4"}],"replies":[{"embeddable":true,"href":"https:\/\/www.mijas.es\/portal\/wp-json\/wp\/v2\/comments?post=13343"}],"version-history":[{"count":3,"href":"https:\/\/www.mijas.es\/portal\/wp-json\/wp\/v2\/pages\/13343\/revisions"}],"predecessor-version":[{"id":25597,"href":"https:\/\/www.mijas.es\/portal\/wp-json\/wp\/v2\/pages\/13343\/revisions\/25597"}],"up":[{"embeddable":true,"href":"https:\/\/www.mijas.es\/portal\/wp-json\/wp\/v2\/pages\/13273"}],"wp:featuredmedia":[{"embeddable":true,"href":"https:\/\/www.mijas.es\/portal\/wp-json\/wp\/v2\/media\/13282"}],"wp:attachment":[{"href":"https:\/\/www.mijas.es\/portal\/wp-json\/wp\/v2\/media?parent=13343"}],"curies":[{"name":"wp","href":"https:\/\/api.w.org\/{rel}","templated":true}]}}