{"id":13285,"date":"2019-03-22T11:00:21","date_gmt":"2019-03-22T11:00:21","guid":{"rendered":"http:\/\/192.168.0.42\/?page_id=13285"},"modified":"2022-08-05T12:30:54","modified_gmt":"2022-08-05T11:30:54","slug":"servicios-extranjeros","status":"publish","type":"page","link":"https:\/\/www.mijas.es\/portal\/extranjeros\/servicios-extranjeros\/","title":{"rendered":"Servicios &#8211; Extranjeros"},"content":{"rendered":"<div class=\"div_qtranslate_flags\" style=\"float: left;\"><a href=\"?lang=es\"><img decoding=\"async\" class=\"wp-image-37482\" src=\"https:\/\/www.mijas.es\/wp-content\/uploads\/2021\/04\/es.png\" alt=\"\"><\/a><a href=\"?lang=en\"><img decoding=\"async\" class=\"wp-image-37482\" src=\"https:\/\/www.mijas.es\/wp-content\/uploads\/2021\/04\/gb.png\" alt=\"\"><\/a><a href=\"?lang=de\"><img decoding=\"async\" class=\"wp-image-37482\" src=\"https:\/\/www.mijas.es\/wp-content\/uploads\/2021\/04\/de.png\" alt=\"\"><\/a><a href=\"?lang=fr\"><img decoding=\"async\" class=\"wp-image-37482\" src=\"https:\/\/www.mijas.es\/wp-content\/plugins\/qtranslate-x\/flags\/fr.png\" alt=\"\"><\/a><\/div>\n\n\n<div class=\"wp-block-image\"><figure class=\"aligncenter size-large\"><img decoding=\"async\" width=\"567\" height=\"188\" src=\"https:\/\/www.mijas.es\/wp-content\/uploads\/2021\/04\/Dept-Extranjeros.jpg\" alt=\"\" class=\"wp-image-37482\" srcset=\"https:\/\/www.mijas.es\/wp-content\/uploads\/2021\/04\/Dept-Extranjeros.jpg 567w, https:\/\/www.mijas.es\/wp-content\/uploads\/2021\/04\/Dept-Extranjeros-300x99.jpg 300w\" sizes=\"(max-width: 567px) 100vw, 567px\" \/><\/figure><\/div>\n\n\n\n<p class=\"has-text-align-center\"><strong>SERVICIOS<\/strong><\/p>\n\n\n\n<p>El Departamento de Extranjeros de Mijas ofrece una gama de servicios a los extranjeros del municipio, ya sean residentes a tiempo completo, turistas residenciales o visitantes.<\/p>\n\n\n\n<p>El cometido principal de este departamento es ayudar e informar al p\u00fablico. Las personas nos consultan sobre los asuntos m\u00e1s variados, pero generalmente est\u00e1n relacionados con su traslado a Espa\u00f1a desde otro pa\u00eds, el hecho de que no hablan el idioma y no est\u00e1n familiarizados con el sistema administrativo espa\u00f1ol. El Departamento puede aclarar sus dudas, ayudar a resolver los problemas que surjan y, en todos los casos, informarles sobre los pasos a seguir cuando su situaci\u00f3n no est\u00e1 directamente relacionada con el Ayuntamiento.<\/p>\n\n\n\n<p>El departamento atiende por correo electr\u00f3nico &#8211; frd@mijas.es, por tel\u00e9fono &#8211; 952.58.90.10 &#8211; o presencial con CITA PREVIA:<\/p>\n\n\n\n<p class=\"has-text-align-center\"><strong>INFORMACI\u00d3N GENERAL Y HOJAS INFORMATIVAS<\/strong><\/p>\n\n\n\n<p>El Dep. de Extranjeros publica <strong>HOJAS INFORMATIVAS,<\/strong> disponibles en ingl\u00e9s y alem\u00e1n, de los temas m\u00e1s relevantes que necesitan los extranjeros en general, seg\u00fan an\u00e1lisis realizados de las consultas que recibimos en la oficina.<\/p>\n\n\n\n<ul><li>Informaci\u00f3n acerca del padr\u00f3n de habitantes y c\u00f3mo empadronarse<\/li><li>Pagos de impuestos y tasas locales &#8211; calendario fiscal &#8211; domiciliaci\u00f3n<\/li><li>Declaraci\u00f3n del impuesto nacional para no-residentes<\/li><li>C\u00f3mo solicitar el NIE y la residencia UE &#8211; canje en tarjeta T.I.E. para ciudadanos brit\u00e1nicos<\/li><li>Afiliaci\u00f3n a la Seguridad Social (para pensionistas UE)<\/li><li>Registrarse en el Centro de Salud<\/li><li>C\u00f3mo solicitar tarjetas de pensionistas (Mijas y de Andaluc\u00eda)<\/li><li>Certificado Digital<\/li><li>Tramites de bodas civiles, parejas de hecho<\/li><li>Solicitud de poda y tala de \u00e1rboles<\/li><li>Informaci\u00f3n sobre gesti\u00f3n de residuos y reciclaje<\/li><li>Informaci\u00f3n sobre Derechos del Consumidor<\/li><li>Tramites sobre licencia de perros peligrosos<\/li><li>Tramites en Tr\u00e1fico<\/li><li>Tramite de la nacionalidad espa\u00f1ola<\/li><li>y mucho m\u00e1s&#8230;.<\/li><\/ul>\n\n\n\n<p>SI NECESITA INFORMACI\u00d3N ACERCA DE UNO DE ESTOS U OTROS TEMAS ENV\u00cdENOS UN EMAIL A frd@mijas.es Y LE ENVIAREMOS LA INFORMACI\u00d3N ACTUALIZADA.<\/p>\n\n\n\n<div class=\"wp-block-image\"><figure class=\"aligncenter size-large is-resized\"><img decoding=\"async\" src=\"https:\/\/www.mijas.es\/wp-content\/uploads\/2021\/04\/Papeles.jpg\" alt=\"\" class=\"wp-image-37501\" width=\"570\" height=\"402\" srcset=\"https:\/\/www.mijas.es\/wp-content\/uploads\/2021\/04\/Papeles.jpg 754w, https:\/\/www.mijas.es\/wp-content\/uploads\/2021\/04\/Papeles-300x212.jpg 300w\" sizes=\"(max-width: 570px) 100vw, 570px\" \/><\/figure><\/div>\n\n\n\n<div class=\"wp-block-image\"><figure class=\"aligncenter size-large\"><img decoding=\"async\" width=\"753\" height=\"754\" src=\"https:\/\/www.mijas.es\/wp-content\/uploads\/2021\/04\/TelEmergencias.jpg\" alt=\"\" class=\"wp-image-37503\" srcset=\"https:\/\/www.mijas.es\/wp-content\/uploads\/2021\/04\/TelEmergencias.jpg 753w, https:\/\/www.mijas.es\/wp-content\/uploads\/2021\/04\/TelEmergencias-300x300.jpg 300w, https:\/\/www.mijas.es\/wp-content\/uploads\/2021\/04\/TelEmergencias-150x150.jpg 150w\" sizes=\"(max-width: 753px) 100vw, 753px\" \/><\/figure><\/div>","protected":false},"excerpt":{"rendered":"<p>SERVICIOS El Departamento de Extranjeros de Mijas ofrece una gama de servicios a los extranjeros del municipio, ya sean residentes a tiempo completo, turistas residenciales o visitantes. El cometido principal de este departamento es ayudar e informar al p\u00fablico. Las personas nos consultan sobre los asuntos m\u00e1s variados, pero generalmente est\u00e1n relacionados con su traslado [&hellip;]<\/p>\n","protected":false},"author":4,"featured_media":13282,"parent":13273,"menu_order":0,"comment_status":"closed","ping_status":"closed","template":"page-departamental.php","meta":[],"_links":{"self":[{"href":"https:\/\/www.mijas.es\/portal\/wp-json\/wp\/v2\/pages\/13285"}],"collection":[{"href":"https:\/\/www.mijas.es\/portal\/wp-json\/wp\/v2\/pages"}],"about":[{"href":"https:\/\/www.mijas.es\/portal\/wp-json\/wp\/v2\/types\/page"}],"author":[{"embeddable":true,"href":"https:\/\/www.mijas.es\/portal\/wp-json\/wp\/v2\/users\/4"}],"replies":[{"embeddable":true,"href":"https:\/\/www.mijas.es\/portal\/wp-json\/wp\/v2\/comments?post=13285"}],"version-history":[{"count":24,"href":"https:\/\/www.mijas.es\/portal\/wp-json\/wp\/v2\/pages\/13285\/revisions"}],"predecessor-version":[{"id":47159,"href":"https:\/\/www.mijas.es\/portal\/wp-json\/wp\/v2\/pages\/13285\/revisions\/47159"}],"up":[{"embeddable":true,"href":"https:\/\/www.mijas.es\/portal\/wp-json\/wp\/v2\/pages\/13273"}],"wp:featuredmedia":[{"embeddable":true,"href":"https:\/\/www.mijas.es\/portal\/wp-json\/wp\/v2\/media\/13282"}],"wp:attachment":[{"href":"https:\/\/www.mijas.es\/portal\/wp-json\/wp\/v2\/media?parent=13285"}],"curies":[{"name":"wp","href":"https:\/\/api.w.org\/{rel}","templated":true}]}}